000
CXUS52 KTAE 011350
CLMDHN
CLIMATE REPORT
NATIONAL WEATHER SERVICE TALLAHASSEE FL
950 AM EDT MON MAY 01 2023
...................................
...THE DOTHAN CLIMATE SUMMARY FOR THE MONTH OF APRIL 2023...
CLIMATE NORMAL PERIOD 1991 TO 2020
CLIMATE RECORD PERIOD 1965 TO 2023
WEATHER OBSERVED NORMAL DEPART LAST YEAR`S
VALUE DATE(S) VALUE FROM VALUE DATE(S)
NORMAL
................................................................
TEMPERATURE (F)
RECORD
HIGH MM MM
LOW 35 04/02/2021
04/02/2021
HIGHEST 87 04/05 9 78 87 04/26
04/06
LOWEST 45 04/18 MM MM 40 04/10
AVG. MAXIMUM 78.8 79.3 -0.5 78.9
AVG. MINIMUM 56.9 55.2 1.7 54.5
MEAN 67.9 67.2 0.7 66.7
DAYS MAX >= 90 0 0.8 -0.8 0
DAYS MAX <= 32 0 0.0 0.0 0
DAYS MIN <= 32 0 0.0 0.0 0
DAYS MIN <= 0 0 0.0 0.0 0
PRECIPITATION (INCHES)
TOTALS 6.00 4.79 1.21 3.39
SNOWFALL (INCHES)
TOTALS MM MM MM 0.0
SINCE 7/1 MM MM MM MM
DEGREE DAYS
HEATING TOTAL 25 50 -25 44
SINCE 7/1 1185 1628 -443 MM
COOLING TOTAL 119 118 1 103
SINCE 1/1 318 186 132 MM
................................................................
WIND (MPH)
AVERAGE WIND SPEED 7.5
RESULTANT WIND SPEED/DIRECTION 1/090
HIGHEST WIND SPEED/DIRECTION 26/270 DATE 04/30
HIGHEST GUST SPEED/DIRECTION 33/280 DATE 04/30
SKY COVER
POSSIBLE SUNSHINE (PERCENT) MM
AVERAGE SKY COVER 0.37
NUMBER OF DAYS FAIR 16
NUMBER OF DAYS PC 11
NUMBER OF DAYS CLOUDY 3
AVERAGE RH (PERCENT) 67
WEATHER CONDITIONS. NUMBER OF DAYS WITH
THUNDERSTORM 7 MIXED PRECIP 0
HEAVY RAIN 6 RAIN 9
LIGHT RAIN 11 FREEZING RAIN 0
LT FREEZING RAIN 0 HAIL 0
HEAVY SNOW 0 SNOW 0
LIGHT SNOW 0 SLEET 0
FOG 17 FOG W/VIS <= 1/4 MILE 2
HAZE 2
- INDICATES NEGATIVE NUMBERS.
R INDICATES RECORD WAS SET OR TIED.
MM INDICATES DATA IS MISSING.
T INDICATES TRACE AMOUNT.
$$