000
CXUS52 KTAE 011457
CLMDHN
CLIMATE REPORT
NATIONAL WEATHER SERVICE TALLAHASSEE FL
957 AM EST MON JAN 01 2024
...................................
...THE DOTHAN CLIMATE SUMMARY FOR THE MONTH OF DECEMBER 2023...
CLIMATE NORMAL PERIOD 1991 TO 2020
CLIMATE RECORD PERIOD 1965 TO 2023
WEATHER OBSERVED NORMAL DEPART LAST YEAR`S
VALUE DATE(S) VALUE FROM VALUE DATE(S)
NORMAL
................................................................
TEMPERATURE (F)
RECORD
HIGH MM MM
LOW 16 12/24/2022
HIGHEST 79 12/09 99 -20 82 12/07
LOWEST 30 12/20 MM MM 16 12/24
AVG. MAXIMUM 63.5 63.8 -0.3 63.8
AVG. MINIMUM 42.6 42.4 0.2 44.5
MEAN 53.0 53.1 -0.1 54.1
DAYS MAX >= 90 0 0.0 0.0 0
DAYS MAX <= 32 0 0.0 0.0 1
DAYS MIN <= 32 3 5.2 -2.2 7
DAYS MIN <= 0 0 0.0 0.0 0
PRECIPITATION (INCHES)
TOTALS 4.75 4.76 -0.01 3.45
SNOWFALL (INCHES)
TOTALS 0.0 MM MM MM
SINCE 7/1 0.0 MM MM MM
DEGREE DAYS
HEATING TOTAL 369 384 -15 347
SINCE 7/1 615 647 -32 MM
COOLING TOTAL 5 15 -10 17
SINCE 1/1 2873 2686 187 MM
................................................................
WIND (MPH)
AVERAGE WIND SPEED 7.6
RESULTANT WIND SPEED/DIRECTION 1/020
HIGHEST WIND SPEED/DIRECTION 35/310 DATE 12/10
HIGHEST GUST SPEED/DIRECTION 40/310 DATE 12/10
SKY COVER
POSSIBLE SUNSHINE (PERCENT) MM
AVERAGE SKY COVER 0.26
NUMBER OF DAYS FAIR 20
NUMBER OF DAYS PC 5
NUMBER OF DAYS CLOUDY 6
AVERAGE RH (PERCENT) 70
WEATHER CONDITIONS. NUMBER OF DAYS WITH
THUNDERSTORM 3 MIXED PRECIP 0
HEAVY RAIN 6 RAIN 8
LIGHT RAIN 9 FREEZING RAIN 0
LT FREEZING RAIN 0 HAIL 0
HEAVY SNOW 0 SNOW 0
LIGHT SNOW 0 SLEET 0
FOG 10 FOG W/VIS <= 1/4 MILE 2
HAZE 2
- INDICATES NEGATIVE NUMBERS.
R INDICATES RECORD WAS SET OR TIED.
MM INDICATES DATA IS MISSING.
T INDICATES TRACE AMOUNT.
$$