000
CXUS55 KVEF 080238
CF6DRA
PRELIMINARY LOCAL CLIMATOLOGICAL DATA (WS FORM: F-6)
STATION: DESERT ROCK-MERCURY NV
MONTH: OCTOBER
YEAR: 2023
LATITUDE: 36 37 N
LONGITUDE: 116 1 W
TEMPERATURE IN F: :PCPN: SNOW: WIND :SUNSHINE: SKY :PK WND
================================================================================
1 2 3 4 5 6A 6B 7 8 9 10 11 12 13 14 15 16 17 18
12Z AVG MX 2MIN
DY MAX MIN AVG DEP HDD CDD WTR SNW DPTH SPD SPD DIR MIN PSBL S-S WX SPD DR
================================================================================
1 70 51 61 -9 4 0 0.00 0.0 0 9.3 16 210 M M 4 24 210
2 72 45 59 -11 6 0 0.00 0.0 0 5.7 16 30 M M 2 23 220
3 78 50 64 -5 1 0 0.00 0.0 0 8.1 18 30 M M 0 23 20
4 83 60 72 3 0 7 0.00 0.0 0 12.3 18 30 M M 0 24 20
5 87 60 74 6 0 9 0.00 0.0 0 11.0 16 40 M M 0 25 120
6 90 61 76 8 0 11 0.00 0.0 0 8.5 14 90 M M 0 18 100
7 91 59 75 7 0 10 0.00 0.0 0 7.1 16 50 M M 0 M M
8 89 55 72 5 0 7 0.00 0.0 0 1.5 5 99 M M 0 M M
9 M M M M M M 0.00 0.0 0 M M M M M M M M
10 85 M M M M M 0.00 0.0 0 M 24 230 M M 0 39 230
11 78 55 67 1 0 2 0.00 0.0 0 10.0 20 340 M M 0 32 330
12 73 51 62 -4 3 0 0.00 0.0 0 9.9 20 30 M M 0 24 30
13 74 49 62 -3 3 0 0.00 0.0 0 8.3 17 130 M M M 23 130
14 78 44 61 -4 4 0 0.00 0.0 0 3.2 10 220 M M M 14 240
15 85 48 67 3 0 2 0.00 0.0 0 2.8 13 40 M M M 16 60
16 88 51 70 6 0 5 0.00 0.0 0 4.0 12 250 M M M 15 220
17 88 50 69 5 0 4 0.00 0.0 0 4.4 13 230 M M M 23 220
18 92 56 74 11 0 9 0.00 0.0 0 5.2 18 40 M M M 23 40
19 92 58 75 12 0 10 0.00 0.0 0 6.5 18 40 M M M 24 40
20 90 53 72 10 0 7 0.00 0.0 0 3.3 15 240 M M M 21 230
21 87 55 71 9 0 6 0.00 0.0 0 6.0 18 250 M M M 25 240
22 85 51 68 6 0 3 0.00 0.0 0 11.4 25 200 M M M 38 210
23 79 51 65 4 0 0 0.00 0.0 0 6.4 26 230 M M M 36 230
24 78 51 65 4 0 0 0.00 0.0 0 6.1 16 30 M M 0 20 30
25 78 52 65 5 0 0 0.00 0.0 0 10.4 29 220 M M 0 41 220
26 74 46 60 0 5 0 0.00 0.0 0 6.2 17 230 M M 0 26 240
27 70 42 56 -4 9 0 0.00 0.0 0 3.3 15 240 M M 0 19 250
28 69 39 54 -5 11 0 0.00 0.0 0 13.1 36 20 M M 0 48 20
29 60 38 49 -10 16 0 0.00 0.0 0 14.7 35 20 M M 0 42 20
30 64 40 52 -6 13 0 0.00 0.0 0 12.2 21 30 M M 0 26 130
31 69 41 55 -3 10 0 0.00 0.0 0 9.7 20 120 M M 0 25 120
================================================================================
SM 2396 1462 85 92 0.00 0.0 220.6 M 6
================================================================================
AV 79.9 50.4 7.6 FASTST M M 0 MAX(MPH)
MISC ----> 36 20 48 20
================================================================================
NOTES:
# LAST OF SEVERAL OCCURRENCES
COLUMN 17 PEAK WIND IN M.P.H.
PRELIMINARY LOCAL CLIMATOLOGICAL DATA (WS FORM: F-6) , PAGE 2
STATION: DESERT ROCK-MERCURY NV
MONTH: OCTOBER
YEAR: 2023
LATITUDE: 36 37 N
LONGITUDE: 116 1 W
[TEMPERATURE DATA] [PRECIPITATION DATA] SYMBOLS USED IN COLUMN 16
AVERAGE MONTHLY: 65.1 TOTAL FOR MONTH: 0.00 1 = FOG OR MIST
DPTR FM NORMAL: 1.1 DPTR FM NORMAL: -0.37 2 = FOG REDUCING VISIBILITY
HIGHEST: 92 ON 19,18 GRTST 24HR 0.00 ON 1- 1 TO 1/4 MILE OR LESS
LOWEST: 38 ON 29 3 = THUNDER
SNOW, ICE PELLETS, HAIL 4 = ICE PELLETS
TOTAL MONTH: 0.0 INCH 5 = HAIL
GRTST 24HR 0.0 6 = FREEZING RAIN OR DRIZZLE
GRTST DEPTH: 0 7 = DUSTSTORM OR SANDSTORM:
VSBY 1/2 MILE OR LESS
8 = SMOKE OR HAZE
[NO. OF DAYS WITH] [WEATHER - DAYS WITH] 9 = BLOWING SNOW
X = TORNADO
MAX 32 OR BELOW: 0 0.01 INCH OR MORE: 0
MAX 90 OR ABOVE: 5 0.10 INCH OR MORE: 0
MIN 32 OR BELOW: 0 0.50 INCH OR MORE: 0
MIN 0 OR BELOW: 0 1.00 INCH OR MORE: 0
[HDD (BASE 65) ]
TOTAL THIS MO. 85 CLEAR (SCALE 0-3) 18
DPTR FM NORMAL -19 PTCLDY (SCALE 4-7) 1
TOTAL FM JUL 1 88 CLOUDY (SCALE 8-10) 12
DPTR FM NORMAL -23
[CDD (BASE 65) ]
TOTAL THIS MO. 92
DPTR FM NORMAL 19 [PRESSURE DATA]
TOTAL FM JAN 1 2261 HIGHEST SLP M ON M
DPTR FM NORMAL -69 LOWEST SLP 29.70 ON 24
[REMARKS]
#FINAL-10-23#