498
CXUS53 KDMX 041529
CF6DSM
PRELIMINARY LOCAL CLIMATOLOGICAL DATA (WS FORM: F-6)
STATION: DES MOINES IA
MONTH: JULY
YEAR: 2020
LATITUDE: 41 31 N
LONGITUDE: 93 39 W
TEMPERATURE IN F: :PCPN: SNOW: WIND :SUNSHINE: SKY :PK WND
================================================================================
1 2 3 4 5 6A 6B 7 8 9 10 11 12 13 14 15 16 17 18
12Z AVG MX 2MIN
DY MAX MIN AVG DEP HDD CDD WTR SNW DPTH SPD SPD DIR MIN PSBL S-S WX SPD DR
================================================================================
1 83 70 77 1 0 12 0.01 0.0 0 6.7 24 90 M M 9 13 38 80
2 89 68 79 3 0 14 0.00 0.0 0 5.7 13 100 M M 6 1 21 90
3 88 72 80 4 0 15 0.00 0.0 0 6.3 16 140 M M 8 23 80
4 90 70 80 4 0 15 0.00 0.0 0 4.2 12 140 M M 2 18 17 140
5 90 70 80 4 0 15 0.00 0.0 0 4.2 12 140 M M 4 18 17 150
6 91 71 81 5 0 16 0.00 0.0 0 4.5 12 190 M M 2 8 18 180
7 92 74 83 7 0 18 0.00 0.0 0 6.7 13 220 M M 3 8 18 240
8 95 73 84 8 0 19 0.00 0.0 0 8.1 17 160 M M 2 23 180
9 85 68 77 1 0 12 0.09 0.0 0 8.2 20 300 M M 6 1 24 300
10 91 64 78 2 0 13 0.00 0.0 0 5.3 14 250 M M 3 19 260
11 91 66 79 3 0 14 0.36 0.0 0 8.5 37 70 M M 5 13 57 30
12 86 65 76 0 0 11 0.00 0.0 0 6.8 14 350 M M 2 20 350
13 88 66 77 1 0 12 0.00 0.0 0 10.9 20 170 M M 3 28 170
14 89 69 79 3 0 14 0.74 0.0 0 10.0 29 310 M M 8 13 52 320
15 79 64 72 -4 0 7 0.06 0.0 0 6.8 17 50 M M 7 3 22 40
16 84 60 72 -4 0 7 0.00 0.0 0 4.4 12 150 M M 5 1 16 140
17 91 70 81 5 0 16 0.00 0.0 0 10.3 20 150 M M 4 24 150
18 93 76 85 9 0 20 0.01 0.0 0 13.4 29 190 M M 5 3 43 190
19 87 74 81 5 0 16 0.00 0.0 0 8.1 23 20 M M 7 32 10
20 80 69 75 -1 0 10 0.03 0.0 0 6.3 13 100 M M 7 1 18 100
21 82 66 74 -2 0 9 0.20 0.0 0 6.5 14 200 M M 6 1 17 180
22 85 65 75 -1 0 10 0.00 0.0 0 5.3 10 360 M M 4 1 16 10
23 87 66 77 1 0 12 0.00 0.0 0 7.4 15 170 M M 3 20 140
24 93 70 82 6 0 17 0.00 0.0 0 9.5 18 180 M M 3 25 200
25 93 74 84 8 0 19 0.00 0.0 0 10.1 20 170 M M 7 28 200
26 90 74 82 6 0 17 0.52 0.0 0 8.7 26 320 M M 7 13 35 320
27 87 70 79 3 0 14 T 0.0 0 5.9 14 330 M M 5 19 330
28 88 65 77 1 0 12 0.00 0.0 0 8.8 21 230 M M 3 26 210
29 90 69 80 4 0 15 0.00 0.0 0 4.7 14 200 M M 7 18 150
30 86 71 79 3 0 14 0.00 0.0 0 12.0 21 40 M M 8 29 20
31 81 66 74 -2 0 9 0.00 0.0 0 5.9 12 40 M M 8 16 50
================================================================================
SM 2724 2135 0 424 2.02 0.0 230.2 M 159
================================================================================
AV 87.9 68.9 7.4 FASTST M M 5 MAX(MPH)
MISC ----> # 37 70 # 57 30
================================================================================
NOTES:
# LAST OF SEVERAL OCCURRENCES
COLUMN 17 PEAK WIND IN M.P.H.
PRELIMINARY LOCAL CLIMATOLOGICAL DATA (WS FORM: F-6) , PAGE 2
STATION: DES MOINES IA
MONTH: JULY
YEAR: 2020
LATITUDE: 41 31 N
LONGITUDE: 93 39 W
[TEMPERATURE DATA] [PRECIPITATION DATA] SYMBOLS USED IN COLUMN 16
AVERAGE MONTHLY: 78.4 TOTAL FOR MONTH: 2.02 1 = FOG OR MIST
DPTR FM NORMAL: 2.1 DPTR FM NORMAL: -2.45 2 = FOG REDUCING VISIBILITY
HIGHEST: 95 ON 8 GRTST 24HR 0.74 ON 14-14 TO 1/4 MILE OR LESS
LOWEST: 60 ON 16 3 = THUNDER
SNOW, ICE PELLETS, HAIL 4 = ICE PELLETS
TOTAL MONTH: 0.0 INCH 5 = HAIL
GRTST 24HR 0.0 6 = FREEZING RAIN OR DRIZZLE
GRTST DEPTH: 0 7 = DUSTSTORM OR SANDSTORM:
VSBY 1/2 MILE OR LESS
8 = SMOKE OR HAZE
[NO. OF DAYS WITH] [WEATHER - DAYS WITH] 9 = BLOWING SNOW
X = TORNADO
MAX 32 OR BELOW: 0 0.01 INCH OR MORE: 9
MAX 90 OR ABOVE: 13 0.10 INCH OR MORE: 4
MIN 32 OR BELOW: 0 0.50 INCH OR MORE: 2
MIN 0 OR BELOW: 0 1.00 INCH OR MORE: 0
[HDD (BASE 65) ]
TOTAL THIS MO. 0 CLEAR (SCALE 0-3) 8
DPTR FM NORMAL -1 PTCLDY (SCALE 4-7) 21
TOTAL FM JUL 1 0 CLOUDY (SCALE 8-10) 2
DPTR FM NORMAL -1
[CDD (BASE 65) ]
TOTAL THIS MO. 424
DPTR FM NORMAL 75 [PRESSURE DATA]
TOTAL FM JAN 1 782 HIGHEST SLP M ON M
DPTR FM NORMAL 136 LOWEST SLP 29.70 ON 9
[REMARKS]
#FINAL-07-20#