000
CXUS54 KMOB 010733
CF6DTS
PRELIMINARY LOCAL CLIMATOLOGICAL DATA (WS FORM: F-6)
STATION: DESTIN_(ASOS)
MONTH: JANUARY
YEAR: 2023
LATITUDE: 30 23 N
LONGITUDE: 86 28 W
TEMPERATURE IN F: :PCPN: SNOW: WIND :SUNSHINE: SKY :PK WND
================================================================================
1 2 3 4 5 6A 6B 7 8 9 10 11 12 13 14 15 16 17 18
12Z AVG MX 2MIN
DY MAX MIN AVG DEP HDD CDD WTR SNW DPTH SPD SPD DIR MIN PSBL S-S WX SPD DR
================================================================================
1 73 64 69 15 0 4 0.00 0.0 0 3.4 8 130 M M 9 128 11 110
2 74 67 71 17 0 6 0.00 0.0 0 11.0 15 130 M M 10 128 22 130
3 79 69 74 20 0 9 T 0.0 0 9.9 16 190 M M 10 1238 28 180
4 80 65 73 19 0 8 1.37 0.0 0 5.7 18 260 M M 4 3 38 290
5 75 55 65 11 0 0 0.00 0.0 0 4.6 14 320 M M 0 20 310
6 70 49 60 6 5 0 0.00 0.0 0 3.7 12 350 M M 0 16 350
7 70 47 59 5 6 0 0.00 0.0 0 2.9 9 150 M M 0 18 13 170
8 71 52 62 8 3 0 0.00 0.0 0 3.3 13 150 M M 2 18 19 150
9 71 54 63 9 2 0 0.00 0.0 0 5.8 16 340 M M 2 23 10
10 66 49 58 4 7 0 0.00 0.0 0 2.7 7 180 M M 0 13 200
11 79 53 66 12 0 1 T 0.0 0 2.6 10 230 M M 4 19 230
12 79 59 69 15 0 4 0.02 0.0 0 8.9 26 330 M M 3 38 37 200
13 59 43 51 -3 14 0 0.00 0.0 0 16.6 25 330 M M 6 37 350
14 58 39 49 -5 16 0 0.00 0.0 0 12.2 23 330 M M 2 29 330
15 60 39 50 -4 15 0 0.00 0.0 0 3.3 10 360 M M 0 15 360
16 70 41 56 2 9 0 0.00 0.0 0 8.7 20 130 M M 2 32 140
17 79 62 71 17 0 6 0.02 0.0 0 5.2 16 180 M M 6 128 27 180
18 79 61 70 16 0 5 0.00 0.0 0 6.9 18 150 M M 7 18 28 140
19 79 56 68 14 0 3 0.21 0.0 0 5.5 15 150 M M 4 8 26 170
20 69 51 60 6 5 0 0.00 0.0 0 8.0 16 360 M M 1 25 10
21 62 53 58 4 7 0 0.01 0.0 0 8.7 21 120 M M 8 28 110
22 72 51 62 8 3 0 2.65 0.0 0 6.5 24 140 M M 9 123 36 130
23 60 45 53 -1 12 0 0.00 0.0 0 7.4 20 350 M M 2 27 350
24 69 46 58 4 7 0 0.00 0.0 0 13.3 24 140 M M 3 36 120
25 73 47 60 6 5 0 0.60 0.0 0 9.4 24 150 M M 6 13 44 190
26 60 42 51 -3 14 0 0.00 0.0 0 7.0 18 340 M M 0 26 340
27 58 40 49 -5 16 0 0.00 0.0 0 5.9 17 360 M M 0 26 350
28 62 40 51 -3 14 0 0.00 0.0 0 6.3 16 130 M M 0 24 120
29 71 49 60 5 5 0 0.06 0.0 0 6.8 15 140 M M 8 1 22 130
30 74 66 70 15 0 5 0.21 0.0 0 3.1 10 180 M M 9 12 18 190
31 73 64 69 14 0 4 0.00 M M 2.2 8 150 M M 9 128 12 150
================================================================================
SM 2174 1618 165 55 5.15 0.0 207.5 M 126
================================================================================
AV 70.1 52.2 6.7 FASTST M M 4 MAX(MPH)
MISC ----> 26 330 44 190
================================================================================
NOTES:
# LAST OF SEVERAL OCCURRENCES
COLUMN 17 PEAK WIND IN M.P.H.
PRELIMINARY LOCAL CLIMATOLOGICAL DATA (WS FORM: F-6) , PAGE 2
STATION: DESTIN_(ASOS)
MONTH: JANUARY
YEAR: 2023
LATITUDE: 30 23 N
LONGITUDE: 86 28 W
[TEMPERATURE DATA] [PRECIPITATION DATA] SYMBOLS USED IN COLUMN 16
AVERAGE MONTHLY: 61.2 TOTAL FOR MONTH: 5.15 1 = FOG OR MIST
DPTR FM NORMAL: 7.0 DPTR FM NORMAL: 0.63 2 = FOG REDUCING VISIBILITY
HIGHEST: 80 ON 4 GRTST 24HR 2.65 ON 22-22 TO 1/4 MILE OR LESS
LOWEST: 39 ON 15,14 3 = THUNDER
SNOW, ICE PELLETS, HAIL 4 = ICE PELLETS
TOTAL MONTH: 0.0 INCH 5 = HAIL
GRTST 24HR 0.0 6 = FREEZING RAIN OR DRIZZLE
GRTST DEPTH: 0 7 = DUSTSTORM OR SANDSTORM:
VSBY 1/2 MILE OR LESS
8 = SMOKE OR HAZE
[NO. OF DAYS WITH] [WEATHER - DAYS WITH] 9 = BLOWING SNOW
X = TORNADO
MAX 32 OR BELOW: 0 0.01 INCH OR MORE: 9
MAX 90 OR ABOVE: 0 0.10 INCH OR MORE: 5
MIN 32 OR BELOW: 0 0.50 INCH OR MORE: 3
MIN 0 OR BELOW: 0 1.00 INCH OR MORE: 2
[HDD (BASE 65) ]
TOTAL THIS MO. 165 CLEAR (SCALE 0-3) 16
DPTR FM NORMAL -181 PTCLDY (SCALE 4-7) 8
TOTAL FM JUL 1 463 CLOUDY (SCALE 8-10) 7
DPTR FM NORMAL -306
[CDD (BASE 65) ]
TOTAL THIS MO. 55
DPTR FM NORMAL 44 [PRESSURE DATA]
TOTAL FM JAN 1 55 HIGHEST SLP M ON M
DPTR FM NORMAL 44 LOWEST SLP 29.75 ON 22
[REMARKS]
#FINAL-01-23#