000
CXUS51 KPBZ 010730
CF6DUJ
PRELIMINARY LOCAL CLIMATOLOGICAL DATA (WS FORM: F-6)
STATION: DUBOIS PA
MONTH: MARCH
YEAR: 2022
LATITUDE: 41 10 N
LONGITUDE: 78 54 W
TEMPERATURE IN F: :PCPN: SNOW: WIND :SUNSHINE: SKY :PK WND
================================================================================
1 2 3 4 5 6A 6B 7 8 9 10 11 12 13 14 15 16 17 18
12Z AVG MX 2MIN
DY MAX MIN AVG DEP HDD CDD WTR SNW DPTH SPD SPD DIR MIN PSBL S-S WX SPD DR
================================================================================
1 50 30 40 10 25 0 0.20 M M 11.1 31 240 M M 8 1 44 240
2 45 25 35 4 30 0 0.20 M M 8.2 20 230 M M 4 1 26 250
3 40 15 28 -3 37 0 0.07 M M 10.2 20 280 M M 5 1 26 280
4 36 11 24 -7 41 0 0.00 M M 3.2 14 270 M M 0 18 260
5 57 25 41 9 24 0 0.00 M M 9.4 17 130 M M 1 24 120
6 69 46 58 26 7 0 0.05 M M 16.0 35 240 M M 8 45 230
7 59 32 46 14 19 0 0.69 M M 13.3 44 240 M M 9 18 56 250
8 38 28 33 1 32 0 T M M 8.3 24 290 M M 6 8 35 300
9 36 28 32 -1 33 0 0.37 M M 5.8 12 110 M M 7 128 15 120
10 43 28 36 3 29 0 0.00 M M 3.9 8 30 M M 7 12 10 210
11 54 27 41 8 24 0 0.04 M M 7.6 18 310 M M 4 18 25 320
12 30 13 22 -12 43 0 0.16 M M 16.0 29 290 M M 10 128 42 290
13 34 10 22 -12 43 0 0.01 M M 11.7 21 240 M M 8 8 26 270
14 53 25 39 5 26 0 0.00 M M 8.2 20 240 M M 2 26 250
15 59 40 50 15 15 0 0.00 M M 7.0 21 260 M M 5 27 250
16 67 35 51 16 14 0 0.00 M M 4.9 15 230 M M 1 1 22 220
17 69 49 59 24 6 0 0.00 M M 5.3 13 240 M M 4 16 240
18 70 43 57 21 8 0 0.04 M M 4.9 15 130 M M 2 3 20 140
19 62 44 53 17 12 0 0.16 M M 12.8 37 250 M M 7 18 47 260
20 48 35 42 6 23 0 0.01 M M 12.9 26 280 M M 6 18 32 270
21 61 30 46 9 19 0 0.00 M M 8.1 21 260 M M 3 29 250
22 52 37 45 8 20 0 0.00 M M 6.2 16 60 M M 6 22 90
23 46 37 42 5 23 0 0.30 M M 14.7 24 130 M M 7 13 33 130
24 62 42 52 14 13 0 0.09 M M 8.7 20 300 M M 5 1 24 230
25 45 34 40 2 25 0 0.01 M M 12.1 22 240 M M 8 18 27 260
26 40 30 35 -4 30 0 0.15 M M 13.5 29 270 M M 10 128 38 270
27 30 18 24 -15 41 0 0.02 M M 15.1 26 280 M M 10 18 35 280
28 22 15 19 -20 46 0 T M M 13.6 28 300 M M 9 8 38 280
29 37 12 25 -15 40 0 0.00 M M 7.7 17 290 M M 2 23 300
30 53 26 40 0 25 0 0.03 M M 11.8 20 130 M M 4 6 26 130
31 71 43 57 16 8 0 0.25 M M 13.8 30 220 M M 7 138 45 210
================================================================================
SM 1538 913 781 0 2.85 M 306.0 M 175
================================================================================
AV 49.6 29.5 9.9 FASTST M M 6 MAX(MPH)
MISC ----> 44 240 56 250
================================================================================
NOTES:
# LAST OF SEVERAL OCCURRENCES
COLUMN 17 PEAK WIND IN M.P.H.
PRELIMINARY LOCAL CLIMATOLOGICAL DATA (WS FORM: F-6) , PAGE 2
STATION: DUBOIS PA
MONTH: MARCH
YEAR: 2022
LATITUDE: 41 10 N
LONGITUDE: 78 54 W
[TEMPERATURE DATA] [PRECIPITATION DATA] SYMBOLS USED IN COLUMN 16
AVERAGE MONTHLY: 39.5 TOTAL FOR MONTH: 2.85 1 = FOG OR MIST
DPTR FM NORMAL: 4.3 DPTR FM NORMAL: -0.41 2 = FOG REDUCING VISIBILITY
HIGHEST: 71 ON 31 GRTST 24HR 0.69 ON 7- 7 TO 1/4 MILE OR LESS
LOWEST: 10 ON 13 3 = THUNDER
SNOW, ICE PELLETS, HAIL 4 = ICE PELLETS
TOTAL MONTH: M 5 = HAIL
GRTST 24HR M ON M 6 = FREEZING RAIN OR DRIZZLE
GRTST DEPTH: M ON M 7 = DUSTSTORM OR SANDSTORM:
VSBY 1/2 MILE OR LESS
8 = SMOKE OR HAZE
[NO. OF DAYS WITH] [WEATHER - DAYS WITH] 9 = BLOWING SNOW
X = TORNADO
MAX 32 OR BELOW: 3 0.01 INCH OR MORE: 19
MAX 90 OR ABOVE: 0 0.10 INCH OR MORE: 9
MIN 32 OR BELOW: 19 0.50 INCH OR MORE: 1
MIN 0 OR BELOW: 0 1.00 INCH OR MORE: 0
[HDD (BASE 65) ]
TOTAL THIS MO. 781 CLEAR (SCALE 0-3) 7
DPTR FM NORMAL -145 PTCLDY (SCALE 4-7) 17
TOTAL FM JUL 1 5069 CLOUDY (SCALE 8-10) 7
DPTR FM NORMAL -729
[CDD (BASE 65) ]
TOTAL THIS MO. 0
DPTR FM NORMAL 0 [PRESSURE DATA]
TOTAL FM JAN 1 0 HIGHEST SLP 30.52 ON 4
DPTR FM NORMAL 0 LOWEST SLP 29.31 ON 31
[REMARKS]
#FINAL-03-22#