000
CXUS51 KAKQ 020538
CF6ECG
PRELIMINARY LOCAL CLIMATOLOGICAL DATA (WS FORM: F-6)
STATION: ELIZABETH CITY NC
MONTH: OCTOBER
YEAR: 2020
LATITUDE: 36 16 N
LONGITUDE: 76 11 W
TEMPERATURE IN F: :PCPN: SNOW: WIND :SUNSHINE: SKY :PK WND
================================================================================
1 2 3 4 5 6A 6B 7 8 9 10 11 12 13 14 15 16 17 18
12Z AVG MX 2MIN
DY MAX MIN AVG DEP HDD CDD WTR SNW DPTH SPD SPD DIR MIN PSBL S-S WX SPD DR
================================================================================
1 81 57 69 1 0 4 0.00 0.0 0 6.2 12 200 M M 0 1 14 200
2 74 61 68 1 0 3 0.00 0.0 0 9.7 16 40 M M 3 19 20
3 72 56 64 -3 1 0 0.00 0.0 0 11.7 20 50 M M 2 24 20
4 67 60 64 -2 1 0 0.01 0.0 0 10.0 20 40 M M 9 25 40
5 76 53 65 -1 0 0 0.00 0.0 0 6.2 15 40 M M 2 18 60
6 75 48 62 -4 3 0 0.00 0.0 0 4.4 14 210 M M 1 12 17 220
7 84 60 72 7 0 7 0.00 0.0 0 10.7 20 240 M M 0 35 230
8 82 61 72 7 0 7 0.00 0.0 0 6.9 14 60 M M 0 17 80
9 75 53 64 -1 1 0 0.00 0.0 0 4.5 13 130 M M 3 17 120
10 80 69 75 11 0 10 0.01 0.0 0 5.3 12 220 M M 8 20 210
11 76 69 73 9 0 8 0.37 0.0 0 6.8 15 140 M M 8 1 20 140
12 85 73 79 15 0 14 0.72 0.0 0 5.1 17 130 M M 8 18 22 130
13 79 61 70 7 0 5 T 0.0 0 8.1 18 350 M M 7 1 22 350
14 76 53 65 2 0 0 0.00 0.0 0 6.1 14 30 M M 0 17 290
15 78 54 66 3 0 1 0.00 0.0 0 4.2 8 170 M M 1 M M
16 83 57 70 8 0 5 0.60 0.0 0 11.2 23 20 M M 9 1 30 340
17 65 48 57 -5 8 0 0.00 0.0 0 11.9 22 40 M M 2 30 20
18 74 53 64 2 1 0 0.00 0.0 0 9.0 20 60 M M 2 24 70
19 79 61 70 9 0 5 T 0.0 0 8.1 15 70 M M 6 1 17 60
20 83 63 73 12 0 8 T 0.0 0 4.4 12 100 M M 6 12 15 110
21 83 62 73 12 0 8 0.00 0.0 0 3.8 13 110 M M 1 12 24 90
22 81 58 70 10 0 5 0.00 0.0 0 4.8 13 70 M M 2 12 15 40
23 78 57 68 8 0 3 0.00 0.0 0 5.0 12 60 M M 4 12 29 210
24 85 57 71 11 0 6 0.00 0.0 0 6.1 15 210 M M 4 12 22 220
25 70 66 68 9 0 3 0.54 0.0 0 11.4 21 30 M M 9 1 25 20
26 72 63 68 9 0 3 T 0.0 0 8.6 16 340 M M 10 1 18 340
27 70 60 65 6 0 0 T 0.0 0 2.9 9 360 M M 10 12 12 270
28 78 59 69 11 0 4 T 0.0 0 5.9 13 220 M M 3 12 16 220
29 85 69 77 19 0 12 0.01 0.0 0 14.8 35 210 M M 4 49 200
30 78 54 66 8 0 1 0.08 0.0 0 15.8 47 270 M M 4 18 55 270
31 65 52 59 1 6 0 0.00 0.0 0 10.5 16 50 M M 4 20 10
================================================================================
SM 2389 1827 21 122 2.34 0.0 240.1 M 132
================================================================================
AV 77.1 58.9 7.7 FASTST M M 4 MAX(MPH)
MISC ----> # 47 270 # 55 270
================================================================================
NOTES:
# LAST OF SEVERAL OCCURRENCES
COLUMN 17 PEAK WIND IN M.P.H.
PRELIMINARY LOCAL CLIMATOLOGICAL DATA (WS FORM: F-6) , PAGE 2
STATION: ELIZABETH CITY NC
MONTH: OCTOBER
YEAR: 2020
LATITUDE: 36 16 N
LONGITUDE: 76 11 W
[TEMPERATURE DATA] [PRECIPITATION DATA] SYMBOLS USED IN COLUMN 16
AVERAGE MONTHLY: 68.0 TOTAL FOR MONTH: 2.34 1 = FOG OR MIST
DPTR FM NORMAL: 5.6 DPTR FM NORMAL: -0.73 2 = FOG REDUCING VISIBILITY
HIGHEST: 85 ON 29,24 GRTST 24HR 0.72 ON 12-12 TO 1/4 MILE OR LESS
LOWEST: 48 ON 17, 6 3 = THUNDER
SNOW, ICE PELLETS, HAIL 4 = ICE PELLETS
TOTAL MONTH: 0.0 INCH 5 = HAIL
GRTST 24HR 0.0 6 = FREEZING RAIN OR DRIZZLE
GRTST DEPTH: 0 7 = DUSTSTORM OR SANDSTORM:
VSBY 1/2 MILE OR LESS
8 = SMOKE OR HAZE
[NO. OF DAYS WITH] [WEATHER - DAYS WITH] 9 = BLOWING SNOW
X = TORNADO
MAX 32 OR BELOW: 0 0.01 INCH OR MORE: 8
MAX 90 OR ABOVE: 0 0.10 INCH OR MORE: 4
MIN 32 OR BELOW: 0 0.50 INCH OR MORE: 3
MIN 0 OR BELOW: 0 1.00 INCH OR MORE: 0
[HDD (BASE 65) ]
TOTAL THIS MO. 21 CLEAR (SCALE 0-3) 13
DPTR FM NORMAL -118 PTCLDY (SCALE 4-7) 12
TOTAL FM JUL 1 23 CLOUDY (SCALE 8-10) 6
DPTR FM NORMAL -128
[CDD (BASE 65) ]
TOTAL THIS MO. 122
DPTR FM NORMAL 63 [PRESSURE DATA]
TOTAL FM JAN 1 2123 HIGHEST SLP 30.48 ON 31
DPTR FM NORMAL 542 LOWEST SLP 29.44 ON 30
[REMARKS]
#FINAL-10-20#