000
CXUS54 KEPZ 011335
CF6ELP
PRELIMINARY LOCAL CLIMATOLOGICAL DATA (WS FORM: F-6)
STATION: EL PASO
MONTH: FEBRUARY
YEAR: 2022
LATITUDE: 31 47 N
LONGITUDE: 106 24 W
TEMPERATURE IN F: :PCPN: SNOW: WIND :SUNSHINE: SKY :PK WND
================================================================================
1 2 3 4 5 6A 6B 7 8 9 10 11 12 13 14 15 16 17 18
12Z AVG MX 2MIN
DY MAX MIN AVG DEP HDD CDD WTR SNW DPTH SPD SPD DIR MIN PSBL S-S WX SPD DR
================================================================================
1 64 43 54 5 11 0 0.00 0.0 0 10.0 24 250 M M 6 37 260
2 58 29 44 -5 21 0 0.29 1.6 1 10.8 24 90 M M 9 134 33 270
3 33 20 27 -22 38 0 0.11 1.4 2 7.6 16 80 M M 8 12 21 70
4 39 18 29 -20 36 0 0.00 0.0 0 2.6 10 10 M M 1 15 20
5 47 22 35 -15 30 0 0.00 0.0 0 3.1 8 10 M M 0 12 310
6 57 24 41 -9 24 0 0.00 0.0 0 7.1 21 60 M M 2 30 60
7 53 28 41 -9 24 0 0.00 0.0 0 4.2 14 360 M M 1 20 350
8 61 25 43 -7 22 0 0.00 0.0 0 3.3 9 40 M M 1 13 240
9 65 34 50 0 15 0 0.00 0.0 0 5.9 13 20 M M 0 15 10
10 67 30 49 -1 16 0 0.00 0.0 0 5.8 15 330 M M 1 18 330
11 71 38 55 4 10 0 0.00 0.0 0 4.9 14 230 M M 1 19 300
12 52 37 45 -6 20 0 0.00 0.0 0 7.8 23 70 M M 1 30 60
13 62 28 45 -6 20 0 0.00 0.0 0 3.2 9 210 M M 0 13 200
14 69 27 48 -3 17 0 0.00 0.0 0 3.3 13 200 M M 0 18 180
15 75 37 56 4 9 0 0.00 0.0 0 11.3 28 260 M M 2 38 270
16 71 41 56 4 9 0 0.00 0.0 0 15.8 45 250 M M 4 78 58 300
17 55 35 45 -7 20 0 0.00 0.0 0 9.9 28 260 M M 3 37 250
18 59 25 42 -10 23 0 0.00 0.0 0 3.5 8 140 M M 0 13 270
19 66 29 48 -4 17 0 0.00 0.0 0 4.4 10 160 M M 1 14 170
20 73 33 53 0 12 0 0.00 0.0 0 7.6 23 260 M M 3 32 260
21 71 48 60 7 5 0 0.00 0.0 0 18.1 40 250 M M 5 7 52 260
22 71 41 56 3 9 0 0.00 0.0 0 11.9 28 250 M M 4 37 260
23 68 39 54 1 11 0 0.00 0.0 0 13.5 32 220 M M 6 49 210
24 58 33 46 -8 19 0 0.00 0.0 0 11.2 24 280 M M 2 33 280
25 60 30 45 -9 20 0 0.00 0.0 0 5.2 14 140 M M 6 19 120
26 69 32 51 -3 14 0 0.00 0.0 0 5.1 14 20 M M 2 21 320
27 65 35 50 -4 15 0 0.00 0.0 0 6.7 20 350 M M 2 25 350
28 68 38 53 -1 12 0 0.00 0.0 0 7.8 14 20 M M 8 17 20
================================================================================
SM 1727 899 499 0 0.40 3.0 211.6 M 79
================================================================================
AV 61.7 32.1 7.6 FASTST M M 3 MAX(MPH)
MISC ----> 45 250 58 300
================================================================================
NOTES:
# LAST OF SEVERAL OCCURRENCES
COLUMN 17 PEAK WIND IN M.P.H.
PRELIMINARY LOCAL CLIMATOLOGICAL DATA (WS FORM: F-6) , PAGE 2
STATION: EL PASO
MONTH: FEBRUARY
YEAR: 2022
LATITUDE: 31 47 N
LONGITUDE: 106 24 W
[TEMPERATURE DATA] [PRECIPITATION DATA] SYMBOLS USED IN COLUMN 16
AVERAGE MONTHLY: 46.9 TOTAL FOR MONTH: 0.40 1 = FOG OR MIST
DPTR FM NORMAL: -4.6 DPTR FM NORMAL: -0.00 2 = FOG REDUCING VISIBILITY
HIGHEST: 75 ON 15 GRTST 24HR 0.40 ON 2- 3 TO 1/4 MILE OR LESS
LOWEST: 18 ON 4 3 = THUNDER
SNOW, ICE PELLETS, HAIL 4 = ICE PELLETS
TOTAL MONTH: 3.0 INCHES 5 = HAIL
GRTST 24HR 3.0 ON 2- 2 6 = FREEZING RAIN OR DRIZZLE
GRTST DEPTH: 2 ON 3 7 = DUSTSTORM OR SANDSTORM:
VSBY 1/2 MILE OR LESS
8 = SMOKE OR HAZE
[NO. OF DAYS WITH] [WEATHER - DAYS WITH] 9 = BLOWING SNOW
X = TORNADO
MAX 32 OR BELOW: 0 0.01 INCH OR MORE: 2
MAX 90 OR ABOVE: 0 0.10 INCH OR MORE: 2
MIN 32 OR BELOW: 14 0.50 INCH OR MORE: 0
MIN 0 OR BELOW: 0 1.00 INCH OR MORE: 0
[HDD (BASE 65) ]
TOTAL THIS MO. 499 CLEAR (SCALE 0-3) 17
DPTR FM NORMAL 120 PTCLDY (SCALE 4-7) 10
TOTAL FM JUL 1 1706 CLOUDY (SCALE 8-10) 1
DPTR FM NORMAL -217
[CDD (BASE 65) ]
TOTAL THIS MO. 0
DPTR FM NORMAL -1 [PRESSURE DATA]
TOTAL FM JAN 1 0 HIGHEST SLP 30.64 ON 4
DPTR FM NORMAL 0 LOWEST SLP 29.49 ON 16
[REMARKS]
#FINAL-02-22#