000
CXUS54 KEPZ 011244
CF6ELP
PRELIMINARY LOCAL CLIMATOLOGICAL DATA (WS FORM: F-6)
STATION: EL PASO
MONTH: JANUARY
YEAR: 2021
LATITUDE: 31 47 N
LONGITUDE: 106 24 W
TEMPERATURE IN F: :PCPN: SNOW: WIND :SUNSHINE: SKY :PK WND
================================================================================
1 2 3 4 5 6A 6B 7 8 9 10 11 12 13 14 15 16 17 18
12Z AVG MX 2MIN
DY MAX MIN AVG DEP HDD CDD WTR SNW DPTH SPD SPD DIR MIN PSBL S-S WX SPD DR
================================================================================
1 51 23 37 -7 28 0 0.00 0.0 0 4.2 9 350 M M 4 9 30
2 56 18 37 -7 28 0 0.00 0.0 0 6.9 22 310 M M 1 29 300
3 60 26 43 -1 22 0 0.00 0.0 0 6.9 23 290 M M 2 31 290
4 64 31 48 4 17 0 0.00 0.0 0 3.6 21 260 M M 1 8 31 250
5 66 30 48 4 17 0 0.00 0.0 0 9.7 28 270 M M 5 35 280
6 59 32 46 2 19 0 0.00 0.0 0 6.1 18 340 M M 0 25 340
7 61 26 44 0 21 0 0.00 0.0 0 3.2 10 240 M M 2 14 240
8 63 27 45 1 20 0 0.00 0.0 0 4.3 10 110 M M 3 14 20
9 63 32 48 4 17 0 0.00 0.0 0 4.9 16 150 M M 2 22 150
10 43 29 36 -8 29 0 0.00 0.0 0 6.5 15 110 M M 6 18 100
11 45 18 32 -12 33 0 0.00 0.0 0 3.2 9 30 M M 5 14 30
12 53 19 36 -8 29 0 0.00 0.0 0 3.1 9 220 M M 1 13 210
13 59 20 40 -5 25 0 0.00 0.0 0 5.3 14 220 M M 2 20 210
14 69 28 49 4 16 0 0.00 0.0 0 4.6 15 320 M M 6 19 320
15 65 36 51 6 14 0 0.00 0.0 0 6.0 17 360 M M 1 22 350
16 66 30 48 3 17 0 0.00 0.0 0 6.7 24 350 M M 2 29 350
17 67 26 47 2 18 0 0.00 0.0 0 5.7 15 230 M M 3 20 220
18 71 33 52 7 13 0 T 0.0 0 5.9 16 220 M M 3 20 210
19 53 43 48 3 17 0 T 0.0 0 14.1 24 60 M M 9 32 60
20 50 37 44 -1 21 0 0.06 0.0 0 4.6 14 360 M M 9 18 360
21 54 41 48 2 17 0 0.04 0.0 0 4.9 18 250 M M 7 1 23 240
22 61 39 50 4 15 0 0.00 0.0 0 7.6 17 230 M M 2 23 230
23 65 40 53 7 12 0 0.00 0.0 0 7.8 20 250 M M 2 26 250
24 64 34 49 3 16 0 0.00 0.0 0 12.8 36 270 M M 3 7 57 290
25 54 39 47 1 18 0 0.00 0.0 0 17.4 31 240 M M 3 43 240
26 50 33 42 -4 23 0 0.05 T 0 13.5 35 270 M M 5 49 270
27 52 25 39 -7 26 0 0.00 0.0 0 5.4 12 360 M M 3 15 350
28 62 35 49 2 16 0 0.00 0.0 0 8.7 15 10 M M 7 20 350
29 60 43 52 5 13 0 0.03 0.0 0 6.3 40 250 M M 7 53 280
30 61 44 53 6 12 0 0.00 0.0 0 13.4 43 260 M M 1 58 260
31 62 37 50 3 15 0 0.00 0.0 0 10.7 18 100 M M 1 26 90
================================================================================
SM 1829 974 604 0 0.18 T 224.0 M 108
================================================================================
AV 59.0 31.4 7.2 FASTST M M 3 MAX(MPH)
MISC ----> 43 260 58 260
================================================================================
NOTES:
# LAST OF SEVERAL OCCURRENCES
COLUMN 17 PEAK WIND IN M.P.H.
PRELIMINARY LOCAL CLIMATOLOGICAL DATA (WS FORM: F-6) , PAGE 2
STATION: EL PASO
MONTH: JANUARY
YEAR: 2021
LATITUDE: 31 47 N
LONGITUDE: 106 24 W
[TEMPERATURE DATA] [PRECIPITATION DATA] SYMBOLS USED IN COLUMN 16
AVERAGE MONTHLY: 45.2 TOTAL FOR MONTH: 0.18 1 = FOG OR MIST
DPTR FM NORMAL: 0.1 DPTR FM NORMAL: -0.22 2 = FOG REDUCING VISIBILITY
HIGHEST: 71 ON 18 GRTST 24HR 0.06 ON 20-20 TO 1/4 MILE OR LESS
LOWEST: 18 ON 11, 2 3 = THUNDER
SNOW, ICE PELLETS, HAIL 4 = ICE PELLETS
TOTAL MONTH: T 5 = HAIL
GRTST 24HR T ON 26-26 6 = FREEZING RAIN OR DRIZZLE
GRTST DEPTH: 0 7 = DUSTSTORM OR SANDSTORM:
VSBY 1/2 MILE OR LESS
8 = SMOKE OR HAZE
[NO. OF DAYS WITH] [WEATHER - DAYS WITH] 9 = BLOWING SNOW
X = TORNADO
MAX 32 OR BELOW: 0 0.01 INCH OR MORE: 4
MAX 90 OR ABOVE: 0 0.10 INCH OR MORE: 0
MIN 32 OR BELOW: 17 0.50 INCH OR MORE: 0
MIN 0 OR BELOW: 0 1.00 INCH OR MORE: 0
[HDD (BASE 65) ]
TOTAL THIS MO. 604 CLEAR (SCALE 0-3) 19
DPTR FM NORMAL -13 PTCLDY (SCALE 4-7) 10
TOTAL FM JUL 1 1507 CLOUDY (SCALE 8-10) 2
DPTR FM NORMAL -178
[CDD (BASE 65) ]
TOTAL THIS MO. 0
DPTR FM NORMAL 0 [PRESSURE DATA]
TOTAL FM JAN 1 0 HIGHEST SLP 30.40 ON 11
DPTR FM NORMAL 0 LOWEST SLP 29.55 ON 24
[REMARKS]
#FINAL-01-21#