000
CXUS54 KEPZ 011048
CF6ELP
PRELIMINARY LOCAL CLIMATOLOGICAL DATA (WS FORM: F-6)
STATION: EL PASO
MONTH: MAY
YEAR: 2020
LATITUDE: 31 47 N
LONGITUDE: 106 24 W
TEMPERATURE IN F: :PCPN: SNOW: WIND :SUNSHINE: SKY :PK WND
================================================================================
1 2 3 4 5 6A 6B 7 8 9 10 11 12 13 14 15 16 17 18
12Z AVG MX 2MIN
DY MAX MIN AVG DEP HDD CDD WTR SNW DPTH SPD SPD DIR MIN PSBL S-S WX SPD DR
================================================================================
1 97 64 81 12 0 16 0.00 0.0 0 12.2 30 250 M M 5 40 250
2 96 71 84 14 0 19 0.00 0.0 0 11.4 23 260 M M 1 34 240
3 96 73 85 15 0 20 0.00 0.0 0 12.5 23 260 M M 0 31 280
4 95 67 81 11 0 16 0.00 0.0 0 10.8 23 250 M M 0 35 250
5 85 68 77 7 0 12 0.00 0.0 0 12.7 24 40 M M 0 31 60
6 94 61 78 7 0 13 0.00 0.0 0 3.7 13 170 M M 1 18 150
7 100 68 84 13 0 19 0.00 0.0 0 13.0 28 250 M M 2 37 280
8 86 63 75 3 0 10 0.00 0.0 0 13.1 23 70 M M 7 33 70
9 90 57 74 2 0 9 0.00 0.0 0 4.4 13 330 M M 4 17 320
10 87 65 76 4 0 11 0.02 0.0 0 5.7 33 250 M M 5 3 42 250
11 90 61 76 4 0 11 0.19 0.0 0 6.0 32 310 M M 6 3 42 310
12 91 62 77 4 0 12 0.00 0.0 0 11.6 22 280 M M 2 29 250
13 89 71 80 7 0 15 0.00 0.0 0 14.1 25 260 M M 2 36 230
14 88 67 78 5 0 13 0.00 0.0 0 10.4 26 280 M M 5 38 280
15 90 70 80 6 0 15 0.00 0.0 0 9.3 23 280 M M 4 31 280
16 94 68 81 7 0 16 0.00 0.0 0 8.1 21 300 M M 1 30 300
17 97 64 81 7 0 16 0.00 0.0 0 6.9 17 260 M M 1 26 250
18 100 64 82 8 0 17 0.00 0.0 0 6.1 26 270 M M 2 33 270
19 97 77 87 12 0 22 0.00 0.0 0 11.1 25 260 M M 3 34 260
20 90 69 80 5 0 15 0.00 0.0 0 11.0 24 260 M M 1 33 260
21 89 60 75 0 0 10 0.00 0.0 0 11.1 26 250 M M 0 41 290
22 91 56 74 -2 0 9 0.00 0.0 0 6.9 18 250 M M 1 27 240
23 92 74 83 7 0 18 0.00 0.0 0 14.0 28 240 M M 1 37 240
24 89 73 81 5 0 16 0.00 0.0 0 16.4 33 280 M M 2 50 280
25 89 62 76 -1 0 11 0.00 0.0 0 10.0 23 90 M M 2 35 310
26 89 60 75 -2 0 10 0.00 0.0 0 5.7 14 260 M M 1 19 280
27 99 68 84 7 0 19 0.00 0.0 0 5.4 23 290 M M 2 30 280
28 101 68 85 7 0 20 0.00 0.0 0 9.1 23 110 M M 3 33 110
29 94 69 82 4 0 17 0.00 0.0 0 9.8 18 120 M M 2 8 28 120
30 94 70 82 4 0 17 0.00 0.0 0 9.2 18 100 M M 2 30 170
31 93 68 81 3 0 16 0.00 0.0 0 8.3 21 100 M M 3 31 110
================================================================================
SM 2872 2058 0 460 0.21 0.0 300.0 M 71
================================================================================
AV 92.6 66.4 9.7 FASTST M M 2 MAX(MPH)
MISC ----> # 33 250 50 280
================================================================================
NOTES:
# LAST OF SEVERAL OCCURRENCES
COLUMN 17 PEAK WIND IN M.P.H.
PRELIMINARY LOCAL CLIMATOLOGICAL DATA (WS FORM: F-6) , PAGE 2
STATION: EL PASO
MONTH: MAY
YEAR: 2020
LATITUDE: 31 47 N
LONGITUDE: 106 24 W
[TEMPERATURE DATA] [PRECIPITATION DATA] SYMBOLS USED IN COLUMN 16
AVERAGE MONTHLY: 79.5 TOTAL FOR MONTH: 0.21 1 = FOG OR MIST
DPTR FM NORMAL: 5.6 DPTR FM NORMAL: -0.26 2 = FOG REDUCING VISIBILITY
HIGHEST: 101 ON 28 GRTST 24HR 0.19 ON 11-11 TO 1/4 MILE OR LESS
LOWEST: 56 ON 22 3 = THUNDER
SNOW, ICE PELLETS, HAIL 4 = ICE PELLETS
TOTAL MONTH: 0.0 INCH 5 = HAIL
GRTST 24HR 0.0 6 = FREEZING RAIN OR DRIZZLE
GRTST DEPTH: 0 7 = DUSTSTORM OR SANDSTORM:
VSBY 1/2 MILE OR LESS
8 = SMOKE OR HAZE
[NO. OF DAYS WITH] [WEATHER - DAYS WITH] 9 = BLOWING SNOW
X = TORNADO
MAX 32 OR BELOW: 0 0.01 INCH OR MORE: 2
MAX 90 OR ABOVE: 22 0.10 INCH OR MORE: 1
MIN 32 OR BELOW: 0 0.50 INCH OR MORE: 0
MIN 0 OR BELOW: 0 1.00 INCH OR MORE: 0
[HDD (BASE 65) ]
TOTAL THIS MO. 0 CLEAR (SCALE 0-3) 24
DPTR FM NORMAL -9 PTCLDY (SCALE 4-7) 7
TOTAL FM JUL 1 2013 CLOUDY (SCALE 8-10) 0
DPTR FM NORMAL -458
[CDD (BASE 65) ]
TOTAL THIS MO. 460
DPTR FM NORMAL 175 [PRESSURE DATA]
TOTAL FM JAN 1 636 HIGHEST SLP 30.05 ON 29
DPTR FM NORMAL 259 LOWEST SLP 29.53 ON 24
[REMARKS]
#FINAL-05-20#