000
CXUS53 KTOP 011431
CLMEMP
CLIMATE REPORT
NATIONAL WEATHER SERVICE TOPEKA KS
931 AM CDT WED NOV 01 2023
...................................
...THE EMPORIA KS CLIMATE SUMMARY FOR THE MONTH OF OCTOBER 2023...
CLIMATE NORMAL PERIOD 1991 TO 2020
CLIMATE RECORD PERIOD 9999 TO 9999
WEATHER OBSERVED NORMAL DEPART LAST YEAR`S
VALUE DATE(S) VALUE FROM VALUE
NORMAL
..............................................................
TEMPERATURE (F)
HIGHEST 92 10/01 90
LOWEST 24 10/30 21
AVG. MAXIMUM 71.0 69.2 1.8 74.0
AVG. MINIMUM 47.7 45.2 2.5 43.9
MEAN 59.3 57.2 2.1 59.0
DAYS MAX >= 90 2 0.5 1.5 1
DAYS MAX <= 32 0 0.0 0.0 0
DAYS MIN <= 32 4 2.6 1.4 3
DAYS MIN <= 0 0 0.0 0.0 0
PRECIPITATION (INCHES)
TOTALS 6.98 3.06 3.92 0.85
DAILY AVG. 0.23 0.03
DAYS >= .01 5 4
DAYS >= .10 4 2
DAYS >= .50 3 1
DAYS >= 1.00 2 0
GREATEST
24 HR. TOTAL 5.39 10/24 TO 10/25 0.66
DEGREE DAYS
HEATING TOTAL 239 274 -35 218
SINCE 7/1 239 323 -84 MM
COOLING TOTAL 73 33 40 39
SINCE 1/1 1850 1431 419 MM
..............................................................
WIND (MPH)
AVERAGE WIND SPEED 10.7
HIGHEST WIND SPEED/DIRECTION 31/160 DATE 10/12
31/190 10/23
HIGHEST GUST SPEED/DIRECTION 46/160 DATE 10/12
SKY COVER
POSSIBLE SUNSHINE (PERCENT) MM
AVERAGE SKY COVER 0.29
NUMBER OF DAYS FAIR 21
NUMBER OF DAYS PC 3
NUMBER OF DAYS CLOUDY 7
AVERAGE RH (PERCENT) 63
WEATHER CONDITIONS. NUMBER OF DAYS WITH
THUNDERSTORM 4 MIXED PRECIP 0
HEAVY RAIN 3 RAIN 4
LIGHT RAIN 8 FREEZING RAIN 0
LT FREEZING RAIN 0 HAIL 0
HEAVY SNOW 0 SNOW 0
LIGHT SNOW 0 SLEET 0
FOG 7 FOG W/VIS <= 1/4 MILE 1
HAZE 2
- INDICATES NEGATIVE NUMBERS.
R INDICATES RECORD WAS SET OR TIED.
MM INDICATES DATA IS MISSING.
T INDICATES TRACE AMOUNT.
$$