000
CXUS54 KEWX 231010
CF6ERV
PRELIMINARY LOCAL CLIMATOLOGICAL DATA (WS FORM: F-6)
STATION: KERRVILLE
MONTH: APRIL
YEAR: 2024
LATITUDE: 29 58 N
LONGITUDE: 99 5 W
TEMPERATURE IN F: :PCPN: SNOW: WIND :SUNSHINE: SKY :PK WND
================================================================================
1 2 3 4 5 6A 6B 7 8 9 10 11 12 13 14 15 16 17 18
12Z AVG MX 2MIN
DY MAX MIN AVG DEP HDD CDD WTR SNW DPTH SPD SPD DIR MIN PSBL S-S WX SPD DR
================================================================================
1 84 57 71 M 0 6 0.21 M M 10.5 22 330 M M 7 18 31 330
2 72 44 58 M 7 0 M M M 8.5 17 330 M M 0 25 330
3 79 37 58 M 7 0 M M M 5.3 13 350 M M 0 20 310
4 86 37 62 M 3 0 M M M 3.9 14 260 M M 0 16 110
5 84 44 64 M 1 0 M M M 10.4 23 160 M M 0 32 160
6 81 58 70 M 0 5 M M M 12.7 18 160 M M 7 1 24 160
7 81 53 67 M 0 2 0.01 M M 4.5 13 350 M M 3 12 18 160
8 79 50 65 M 0 0 M M M 6.5 15 150 M M 8 18 21 150
9 93 60 77 M 0 12 0.16 M M 9.2 20 340 M M 6 18 29 200
10 71 48 60 M 5 0 M M M 15.8 26 320 M M 4 35 330
11 82 46 64 M 1 0 M M M 4.9 12 10 M M 0 18 10
12 83 42 63 M 2 0 M M M 9.2 21 160 M M 0 28 170
13 83 58 71 M 0 6 M M M 14.5 22 170 M M 1 29 160
14 86 64 75 M 0 10 M M M 10.6 17 170 M M 7 23 140
15 86 67 77 M 0 12 M M M 13.9 23 140 M M 9 1 31 140
16 85 68 77 M 0 12 0.03 M M 7.0 16 160 M M 8 18 23 150
17 87 70 79 M 0 14 M M M 6.2 16 130 M M 9 1 21 130
18 84 70 77 M 0 12 M M M 6.3 10 170 M M 7 1 M M
19 77 67 72 M 0 7 M M M 6.5 15 80 M M 9 21 80
20 71 55 63 M 2 0 0.11 M M 7.8 17 360 M M 10 13 22 360
21 69 49 59 M 6 0 M M M 10.2 15 20 M M 6 22 360
22 74 46 60 M 5 0 M M M 6.2 15 150 M M 5 21 190
================================================================================
SM 1777 1190 39 98 0.52 M 190.6 M 106
================================================================================
AV 80.8 54.1 8.7 FASTST M M 5 MAX(MPH)
MISC ----> 26 320 35 330
================================================================================
NOTES:
# LAST OF SEVERAL OCCURRENCES
COLUMN 17 PEAK WIND IN M.P.H.
PRELIMINARY LOCAL CLIMATOLOGICAL DATA (WS FORM: F-6) , PAGE 2
STATION: KERRVILLE
MONTH: APRIL
YEAR: 2024
LATITUDE: 29 58 N
LONGITUDE: 99 5 W
[TEMPERATURE DATA] [PRECIPITATION DATA] SYMBOLS USED IN COLUMN 16
AVERAGE MONTHLY: 67.4 TOTAL FOR MONTH: 0.52 1 = FOG OR MIST
DPTR FM NORMAL: 0.0 DPTR FM NORMAL: 0.52 2 = FOG REDUCING VISIBILITY
HIGHEST: 93 ON 9 GRTST 24HR 0.21 ON 1- 1 TO 1/4 MILE OR LESS
LOWEST: 37 ON 4, 3 3 = THUNDER
SNOW, ICE PELLETS, HAIL 4 = ICE PELLETS
TOTAL MONTH: M 5 = HAIL
GRTST 24HR M ON M 6 = FREEZING RAIN OR DRIZZLE
GRTST DEPTH: M ON M 7 = DUSTSTORM OR SANDSTORM:
VSBY 1/2 MILE OR LESS
8 = SMOKE OR HAZE
[NO. OF DAYS WITH] [WEATHER - DAYS WITH] 9 = BLOWING SNOW
X = TORNADO
MAX 32 OR BELOW: 0 0.01 INCH OR MORE: 5
MAX 90 OR ABOVE: 1 0.10 INCH OR MORE: 3
MIN 32 OR BELOW: 0 0.50 INCH OR MORE: 0
MIN 0 OR BELOW: 0 1.00 INCH OR MORE: 0
[HDD (BASE 65) ]
TOTAL THIS MO. 39 CLEAR (SCALE 0-3) 8
DPTR FM NORMAL M PTCLDY (SCALE 4-7) 10
TOTAL FM JUL 1 1772 CLOUDY (SCALE 8-10) 4
DPTR FM NORMAL M
[CDD (BASE 65) ]
TOTAL THIS MO. 98
DPTR FM NORMAL M [PRESSURE DATA]
TOTAL FM JAN 1 161 HIGHEST SLP M ON M
DPTR FM NORMAL M LOWEST SLP M ON M
[REMARKS]