000
CXUS56 KPQR 280816
CF6EUG
PRELIMINARY LOCAL CLIMATOLOGICAL DATA (WS FORM: F-6)
STATION: EUGENE OR
MONTH: MARCH
YEAR: 2024
LATITUDE: 44 7 N
LONGITUDE: 123 13 W
TEMPERATURE IN F: :PCPN: SNOW: WIND :SUNSHINE: SKY :PK WND
================================================================================
1 2 3 4 5 6A 6B 7 8 9 10 11 12 13 14 15 16 17 18
12Z AVG MX 2MIN
DY MAX MIN AVG DEP HDD CDD WTR SNW DPTH SPD SPD DIR MIN PSBL S-S WX SPD DR
================================================================================
1 47 33 40 -5 25 0 0.53 0.2 0 11.9 24 110 M M 9 1 34 100
2 45 33 39 -6 26 0 0.37 0.3 0 9.3 22 130 M M 9 1 27 140
3 41 33 37 -8 28 0 0.56 0.2 0 8.8 22 130 M M 9 1 28 120
4 43 33 38 -7 27 0 0.23 0.0 0 8.4 17 120 M M 9 1 23 120
5 48 32 40 -6 25 0 0.00 0.0 0 6.9 14 300 M M 7 1 19 290
6 49 29 39 -7 26 0 0.00 0.0 0 5.1 15 310 M M 6 21 330
7 52 27 40 -6 25 0 0.00 0.0 0 3.2 7 200 M M 1 1 9 100
8 62 29 46 0 19 0 0.00 0.0 0 4.5 10 180 M M 3 13 180
9 53 39 46 0 19 0 0.07 0.0 0 12.3 28 160 M M 7 1 40 190
10 53 41 47 1 18 0 0.38 0.0 0 14.9 30 120 M M 9 1 39 130
11 50 44 47 1 18 0 0.37 0.0 0 10.6 22 120 M M 10 1 30 110
12 53 39 46 0 19 0 0.20 0.0 0 9.9 21 200 M M 7 1 29 210
13 57 38 48 1 17 0 0.01 0.0 0 4.6 12 310 M M 7 1 15 310
14 60 32 46 -1 19 0 0.00 0.0 0 6.5 21 310 M M 4 1 26 330
15 70 32 51 4 14 0 0.00 0.0 0 6.8 21 310 M M 1 25 310
16 74 37 56 9 9 0 0.00 0.0 0 4.0 9 200 M M 0 12 200
17 69 36 53 6 12 0 0.00 0.0 0 4.5 10 310 M M 2 13 330
18 73 38 56 9 9 0 0.00 0.0 0 2.3 8 130 M M 3 12 11 290
19 60 44 52 5 13 0 0.00 0.0 0 10.4 18 190 M M 4 25 180
20 60 48 54 6 11 0 0.00 0.0 0 5.7 14 190 M M 9 19 200
21 66 47 57 9 8 0 0.02 0.0 0 3.5 9 210 M M 9 15 180
22 58 43 51 3 14 0 0.07 0.0 0 5.4 17 180 M M 8 1 26 150
23 52 43 48 0 17 0 0.27 0.0 0 7.8 26 140 M M 9 1 33 130
24 56 43 50 2 15 0 0.01 0.0 0 6.8 18 210 M M 9 1 23 210
25 55 44 50 2 15 0 0.05 0.0 0 9.0 20 180 M M 9 1 25 180
26 58 41 50 2 15 0 0.01 0.0 0 6.1 17 170 M M 8 22 190
27 M M M M M M M M M M M M M M M M M
================================================================================
SM 1464 978 463 0 3.15 0.7 189.2 M 168
================================================================================
AV 56.3 37.6 7.3 FASTST M M 6 MAX(MPH)
MISC ----> 30 120 40 190
================================================================================
NOTES:
# LAST OF SEVERAL OCCURRENCES
COLUMN 17 PEAK WIND IN M.P.H.
PRELIMINARY LOCAL CLIMATOLOGICAL DATA (WS FORM: F-6) , PAGE 2
STATION: EUGENE OR
MONTH: MARCH
YEAR: 2024
LATITUDE: 44 7 N
LONGITUDE: 123 13 W
[TEMPERATURE DATA] [PRECIPITATION DATA] SYMBOLS USED IN COLUMN 16
AVERAGE MONTHLY: 47.0 TOTAL FOR MONTH: 3.15 1 = FOG OR MIST
DPTR FM NORMAL: 0.3 DPTR FM NORMAL: -0.92 2 = FOG REDUCING VISIBILITY
HIGHEST: 74 ON 16 GRTST 24HR 0.80 ON 1- 2 TO 1/4 MILE OR LESS
LOWEST: 27 ON 7 3 = THUNDER
SNOW, ICE PELLETS, HAIL 4 = ICE PELLETS
TOTAL MONTH: 0.7 INCH 5 = HAIL
GRTST 24HR 0.3 ON 2- 2 6 = FREEZING RAIN OR DRIZZLE
GRTST DEPTH: 0 7 = DUSTSTORM OR SANDSTORM:
VSBY 1/2 MILE OR LESS
8 = SMOKE OR HAZE
[NO. OF DAYS WITH] [WEATHER - DAYS WITH] 9 = BLOWING SNOW
X = TORNADO
MAX 32 OR BELOW: 0 0.01 INCH OR MORE: 15
MAX 90 OR ABOVE: 0 0.10 INCH OR MORE: 8
MIN 32 OR BELOW: 6 0.50 INCH OR MORE: 2
MIN 0 OR BELOW: 0 1.00 INCH OR MORE: 0
[HDD (BASE 65) ]
TOTAL THIS MO. 463 CLEAR (SCALE 0-3) 6
DPTR FM NORMAL -32 PTCLDY (SCALE 4-7) 8
TOTAL FM JUL 1 3209 CLOUDY (SCALE 8-10) 12
DPTR FM NORMAL -482
[CDD (BASE 65) ]
TOTAL THIS MO. 0
DPTR FM NORMAL 0 [PRESSURE DATA]
TOTAL FM JAN 1 0 HIGHEST SLP M ON M
DPTR FM NORMAL 0 LOWEST SLP 29.33 ON 1
[REMARKS]