000
CXUS56 KPQR 082140
CF6EUG
PRELIMINARY LOCAL CLIMATOLOGICAL DATA (WS FORM: F-6)
STATION: EUGENE OR
MONTH: NOVEMBER
YEAR: 2021
LATITUDE: 44 7 N
LONGITUDE: 123 13 W
TEMPERATURE IN F: :PCPN: SNOW: WIND :SUNSHINE: SKY :PK WND
================================================================================
1 2 3 4 5 6A 6B 7 8 9 10 11 12 13 14 15 16 17 18
12Z AVG MX 2MIN
DY MAX MIN AVG DEP HDD CDD WTR SNW DPTH SPD SPD DIR MIN PSBL S-S WX SPD DR
================================================================================
1 58 44 51 2 14 0 0.32 0.0 0 3.8 9 140 M M 8 12 11 20
2 57 47 52 4 13 0 0.00 0.0 0 1.8 7 290 M M 10 12 8 180
3 65 49 57 9 8 0 0.60 0.0 0 3.6 16 270 M M 9 12 20 280
4 59 49 54 6 11 0 0.16 0.0 0 11.8 29 180 M M 8 18 36 180
5 55 48 52 4 13 0 0.37 0.0 0 8.6 20 170 M M 8 1 24 160
6 52 38 45 -3 20 0 0.69 0.0 0 10.2 32 250 M M 8 1 37 260
7 53 38 46 -1 19 0 0.26 0.0 0 8.0 22 180 M M 8 1 29 180
8 51 33 42 -5 23 0 0.15 0.0 0 3.5 12 160 M M 6 12 14 150
9 55 43 49 2 16 0 0.06 0.0 0 9.8 26 190 M M 9 1 34 180
10 57 45 51 4 14 0 1.10 0.0 0 8.6 16 190 M M 8 1 19 190
11 66 53 60 14 5 0 0.51 0.0 0 8.7 16 160 M M 10 1 20 180
12 64 57 61 15 4 0 0.18 0.0 0 8.5 20 190 M M 9 1 23 190
13 62 54 58 12 7 0 0.02 0.0 0 4.4 12 230 M M 9 1 15 240
14 66 51 59 13 6 0 T 0.0 0 8.9 18 220 M M 9 23 220
15 60 38 49 3 16 0 0.32 0.0 0 8.7 22 190 M M 7 1 27 270
16 52 35 44 -1 21 0 0.00 0.0 0 5.5 13 350 M M 4 12 14 360
17 47 34 41 -4 24 0 0.00 0.0 0 6.8 18 20 M M 7 1 22 20
18 55 40 48 3 17 0 0.02 0.0 0 5.2 16 250 M M 9 19 150
19 54 35 45 0 20 0 0.02 0.0 0 7.5 18 230 M M 7 12 23 210
20 48 30 39 -5 26 0 0.00 0.0 0 2.3 8 350 M M 7 12 9 350
21 40 30 35 -9 30 0 0.00 0.0 0 3.8 10 350 M M 10 12 13 340
22 57 28 43 -1 22 0 0.06 0.0 0 5.1 12 150 M M 7 12 17 160
23 54 36 45 1 20 0 0.06 0.0 0 7.2 14 280 M M 8 17 260
24 43 34 39 -5 26 0 0.00 0.0 0 2.3 8 220 M M 9 12 9 350
25 59 35 47 4 18 0 T 0.0 0 5.9 14 190 M M 9 12 17 190
26 55 46 51 8 14 0 0.27 0.0 0 6.6 17 190 M M 10 1 20 190
27 62 51 57 14 8 0 0.02 0.0 0 7.7 18 180 M M 9 1 22 180
28 62 47 55 12 10 0 0.00 0.0 0 6.4 12 200 M M 8 12 14 190
29 64 44 54 12 11 0 0.00 0.0 0 5.4 20 160 M M 7 1 23 160
30 61 44 53 11 12 0 0.00 0.0 0 5.5 10 200 M M 7 1 16 140
================================================================================
SM 1693 1256 468 0 5.19 0.0 192.1 M 244
================================================================================
AV 56.4 41.9 6.4 FASTST M M 8 MAX(MPH)
MISC ----> 32 250 37 260
================================================================================
NOTES:
# LAST OF SEVERAL OCCURRENCES
COLUMN 17 PEAK WIND IN M.P.H.
PRELIMINARY LOCAL CLIMATOLOGICAL DATA (WS FORM: F-6) , PAGE 2
STATION: EUGENE OR
MONTH: NOVEMBER
YEAR: 2021
LATITUDE: 44 7 N
LONGITUDE: 123 13 W
[TEMPERATURE DATA] [PRECIPITATION DATA] SYMBOLS USED IN COLUMN 16
AVERAGE MONTHLY: 49.2 TOTAL FOR MONTH: 5.19 1 = FOG OR MIST
DPTR FM NORMAL: 3.7 DPTR FM NORMAL: -0.79 2 = FOG REDUCING VISIBILITY
HIGHEST: 66 ON 14,11 GRTST 24HR 1.61 ON 10-11 TO 1/4 MILE OR LESS
LOWEST: 28 ON 22 3 = THUNDER
SNOW, ICE PELLETS, HAIL 4 = ICE PELLETS
TOTAL MONTH: 0.0 INCH 5 = HAIL
GRTST 24HR 0.0 6 = FREEZING RAIN OR DRIZZLE
GRTST DEPTH: 0 7 = DUSTSTORM OR SANDSTORM:
VSBY 1/2 MILE OR LESS
8 = SMOKE OR HAZE
[NO. OF DAYS WITH] [WEATHER - DAYS WITH] 9 = BLOWING SNOW
X = TORNADO
MAX 32 OR BELOW: 0 0.01 INCH OR MORE: 19
MAX 90 OR ABOVE: 0 0.10 INCH OR MORE: 12
MIN 32 OR BELOW: 3 0.50 INCH OR MORE: 4
MIN 0 OR BELOW: 0 1.00 INCH OR MORE: 1
[HDD (BASE 65) ]
TOTAL THIS MO. 468 CLEAR (SCALE 0-3) 0
DPTR FM NORMAL -118 PTCLDY (SCALE 4-7) 15
TOTAL FM JUL 1 895 CLOUDY (SCALE 8-10) 15
DPTR FM NORMAL -202
[CDD (BASE 65) ]
TOTAL THIS MO. 0
DPTR FM NORMAL 0 [PRESSURE DATA]
TOTAL FM JAN 1 601 HIGHEST SLP 30.52 ON 20
DPTR FM NORMAL 308 LOWEST SLP 29.50 ON 9
[REMARKS]
#FINAL-11-21#