000
CXUS56 KPQR 190747
CF6EUG
PRELIMINARY LOCAL CLIMATOLOGICAL DATA (WS FORM: F-6)
STATION: EUGENE OR
MONTH: NOVEMBER
YEAR: 2023
LATITUDE: 44 7 N
LONGITUDE: 123 13 W
TEMPERATURE IN F: :PCPN: SNOW: WIND :SUNSHINE: SKY :PK WND
================================================================================
1 2 3 4 5 6A 6B 7 8 9 10 11 12 13 14 15 16 17 18
12Z AVG MX 2MIN
DY MAX MIN AVG DEP HDD CDD WTR SNW DPTH SPD SPD DIR MIN PSBL S-S WX SPD DR
================================================================================
1 56 42 49 0 16 0 0.19 0.0 0 4.2 10 160 M M 9 1 13 150
2 65 53 59 11 6 0 0.03 0.0 0 5.8 18 130 M M 9 1 23 130
3 64 55 60 12 5 0 0.28 0.0 0 3.1 17 120 M M 10 18 20 120
4 63 50 57 9 8 0 0.77 0.0 0 6.6 18 120 M M 9 1 23 120
5 63 47 55 7 10 0 0.21 0.0 0 7.0 17 140 M M 7 123 21 130
6 56 48 52 4 13 0 0.53 0.0 0 11.9 26 130 M M 9 1 33 130
7 59 38 49 2 16 0 0.07 0.0 0 6.0 15 240 M M 6 12 18 240
8 48 35 42 -5 23 0 0.00 0.0 0 3.4 12 340 M M 10 128 13 340
9 54 38 46 -1 19 0 0.10 0.0 0 5.6 12 180 M M 10 1 15 170
10 54 40 47 0 18 0 0.01 0.0 0 5.4 10 100 M M 9 12 13 110
11 55 45 50 4 15 0 T 0.0 0 10.9 26 130 M M 9 1 33 130
12 60 43 52 6 13 0 0.25 0.0 0 6.9 18 140 M M 7 1 22 130
13 56 45 51 5 14 0 0.02 0.0 0 8.2 18 300 M M 8 1 23 300
14 50 44 47 1 18 0 0.05 0.0 0 3.2 12 310 M M 7 1 15 320
15 54 44 49 3 16 0 0.09 0.0 0 4.1 15 330 M M 10 1 18 330
16 50 43 47 2 18 0 0.00 0.0 0 4.6 13 330 M M 10 1 16 320
17 53 46 50 5 15 0 0.00 0.0 0 3.0 8 330 M M 10 18 10 310
18 50 43 47 2 18 0 0.26 0.0 0 3.7 15 180 M M 10 128 19 170
19 55 38 47 2 18 0 0.05 0.0 0 7.4 15 150 M M 6 1 17 160
20 39 37 38 -6 27 0 T 0.0 0 2.7 9 330 M M 10 128 11 290
21 63 36 50 6 15 0 T 0.0 0 3.8 12 60 M M 7 12 12 60
22 53 37 45 1 20 0 0.11 0.0 0 6.1 16 320 M M 9 1 21 310
23 45 35 40 -4 25 0 0.00 0.0 0 9.3 16 330 M M 8 1 19 330
24 49 27 38 -6 27 0 0.00 0.0 0 6.6 15 310 M M 2 1 19 330
25 46 23 35 -8 30 0 0.00 0.0 0 3.0 12 330 M M 4 12 14 330
26 47 23 35 -8 30 0 0.00 0.0 0 2.2 7 310 M M 3 12 10 280
27 43 23 33 -10 32 0 0.00 0.0 0 1.7 8 300 M M 5 12 10 320
28 41 22 32 -11 33 0 0.00 0.0 0 1.7 8 330 M M 5 128 10 330
29 40 24 32 -10 33 0 T 0.0 0 1.1 5 170 M M 9 128 7 340
30 48 36 42 0 23 0 0.37 0.0 0 4.7 16 260 M M 9 1 20 260
================================================================================
SM 1579 1160 574 0 3.39 0.0 153.9 M 236
================================================================================
AV 52.6 38.7 5.1 FASTST M M 8 MAX(MPH)
MISC ----> # 26 130 # 33 130
================================================================================
NOTES:
# LAST OF SEVERAL OCCURRENCES
COLUMN 17 PEAK WIND IN M.P.H.
PRELIMINARY LOCAL CLIMATOLOGICAL DATA (WS FORM: F-6) , PAGE 2
STATION: EUGENE OR
MONTH: NOVEMBER
YEAR: 2023
LATITUDE: 44 7 N
LONGITUDE: 123 13 W
[TEMPERATURE DATA] [PRECIPITATION DATA] SYMBOLS USED IN COLUMN 16
AVERAGE MONTHLY: 45.7 TOTAL FOR MONTH: 3.39 1 = FOG OR MIST
DPTR FM NORMAL: 0.2 DPTR FM NORMAL: -2.59 2 = FOG REDUCING VISIBILITY
HIGHEST: 65 ON 2 GRTST 24HR 1.04 ON 3- 4 TO 1/4 MILE OR LESS
LOWEST: 22 ON 28 3 = THUNDER
SNOW, ICE PELLETS, HAIL 4 = ICE PELLETS
TOTAL MONTH: 0.0 INCH 5 = HAIL
GRTST 24HR 0.0 6 = FREEZING RAIN OR DRIZZLE
GRTST DEPTH: 0 7 = DUSTSTORM OR SANDSTORM:
VSBY 1/2 MILE OR LESS
8 = SMOKE OR HAZE
[NO. OF DAYS WITH] [WEATHER - DAYS WITH] 9 = BLOWING SNOW
X = TORNADO
MAX 32 OR BELOW: 0 0.01 INCH OR MORE: 17
MAX 90 OR ABOVE: 0 0.10 INCH OR MORE: 10
MIN 32 OR BELOW: 6 0.50 INCH OR MORE: 2
MIN 0 OR BELOW: 0 1.00 INCH OR MORE: 0
[HDD (BASE 65) ]
TOTAL THIS MO. 574 CLEAR (SCALE 0-3) 2
DPTR FM NORMAL -12 PTCLDY (SCALE 4-7) 10
TOTAL FM JUL 1 959 CLOUDY (SCALE 8-10) 18
DPTR FM NORMAL -138
[CDD (BASE 65) ]
TOTAL THIS MO. 0
DPTR FM NORMAL 0 [PRESSURE DATA]
TOTAL FM JAN 1 594 HIGHEST SLP 30.56 ON 19
DPTR FM NORMAL 301 LOWEST SLP 29.59 ON 6
[REMARKS]
#FINAL-11-23#