000
CXUS56 KPQR 011551
CLMEUG
CLIMATE REPORT
NATIONAL WEATHER SERVICE PORTLAND OREGON
851 AM PDT TUE AUG 01 2023
...................................
...THE EUGENE OR CLIMATE SUMMARY FOR THE MONTH OF JULY 2023...
CLIMATE NORMAL PERIOD 1991 TO 2020
CLIMATE RECORD PERIOD 1892 TO 2023
WEATHER OBSERVED NORMAL DEPART LAST YEAR`S
VALUE DATE(S) VALUE FROM VALUE DATE(S)
NORMAL
................................................................
TEMPERATURE (F)
HIGHEST 100 102 07/26
07/29
LOWEST 47 49 07/10
07/24
AVG. MAXIMUM 88.5 84.0 4.5 87.1
AVG. MINIMUM 53.1 51.7 1.4 55.3
MEAN 70.8 67.8 3.0 71.2
DAYS MAX >= 90 13 7.0 6.0 12
DAYS MAX <= 32 0 0.0 0.0 0
DAYS MIN <= 32 0 0.0 0.0 0
DAYS MIN <= 0 0 0.0 0.0 0
PRECIPITATION (INCHES)
RECORD
MAXIMUM 3.38 1916
MINIMUM 0.00 2018
TOTALS 0.01 0.32 -0.31 0.23
DAYS >= .01 1 2.6 -1.6 2
DAYS >= .10 0 0.8 -0.8 2
DAYS >= .50 0 0.2 -0.2 0
DAYS >= 1.00 0 0.0 0.0 0
GREATEST
24 HR. TOTAL 0.01 07/25 TO 07/25
DEGREE DAYS
HEATING TOTAL 0 24 -24 4
SINCE 7/1 0 20 -20 MM
COOLING TOTAL 190 113 77 204
SINCE 1/1 294 140 154 MM
................................................................
WIND (MPH)
AVERAGE WIND SPEED 6.6
RESULTANT WIND SPEED/DIRECTION 2/330
HIGHEST WIND SPEED/DIRECTION 23/010 DATE 07/01
HIGHEST GUST SPEED/DIRECTION 29/360 DATE 07/01
SKY COVER
POSSIBLE SUNSHINE (PERCENT) MM
AVERAGE SKY COVER 0.19
NUMBER OF DAYS FAIR 26
NUMBER OF DAYS PC 5
NUMBER OF DAYS CLOUDY 0
AVERAGE RH (PERCENT) 55
WEATHER CONDITIONS. NUMBER OF DAYS WITH
THUNDERSTORM 0 MIXED PRECIP 0
HEAVY RAIN 0 RAIN 0
LIGHT RAIN 2 FREEZING RAIN 0
LT FREEZING RAIN 0 HAIL 0
HEAVY SNOW 0 SNOW 0
LIGHT SNOW 0 SLEET 0
FOG 2 FOG W/VIS <= 1/4 MILE 0
HAZE 2
- INDICATES NEGATIVE NUMBERS.
R INDICATES RECORD WAS SET OR TIED.
MM INDICATES DATA IS MISSING.
T INDICATES TRACE AMOUNT.
$$