000
CXUS56 KSLC 010810
CF6EVW
PRELIMINARY LOCAL CLIMATOLOGICAL DATA (WS FORM: F-6)
STATION: EVANSTON WY
MONTH: JUNE
YEAR: 2023
LATITUDE: 41 16 N
LONGITUDE: 111 2 W
TEMPERATURE IN F: :PCPN: SNOW: WIND :SUNSHINE: SKY :PK WND
================================================================================
1 2 3 4 5 6A 6B 7 8 9 10 11 12 13 14 15 16 17 18
12Z AVG MX 2MIN
DY MAX MIN AVG DEP HDD CDD WTR SNW DPTH SPD SPD DIR MIN PSBL S-S WX SPD DR
================================================================================
1 67 48 58 4 7 0 0.27 M M 4.7 26 150 M M 6 38 36 200
2 57 47 52 -2 13 0 0.33 M M 5.4 17 10 M M 7 13 23 320
3 67 42 55 1 10 0 T M M 8.8 28 300 M M 3 36 290
4 66 42 54 0 11 0 0.25 M M 6.9 23 240 M M 2 3 30 240
5 69 46 58 3 7 0 T M M 6.7 24 190 M M 2 3 34 200
6 70 47 59 4 6 0 T M M 8.3 24 210 M M 2 3 35 210
7 69 47 58 3 7 0 0.47 M M 8.0 30 230 M M 6 13 39 200
8 68 45 57 1 8 0 0.01 M M 6.6 36 230 M M 2 3 48 220
9 66 44 55 -1 10 0 T M M 6.9 28 220 M M 4 3 36 210
10 66 43 55 -1 10 0 0.26 M M 5.8 18 240 M M 3 3 29 120
11 65 45 55 -1 10 0 T M M 8.3 28 180 M M 2 37 170
12 67 45 56 -1 9 0 0.79 M M 7.6 23 220 M M 6 13 31 210
13 63 43 53 -4 12 0 0.00 M M 7.2 18 250 M M 7 3 23 240
14 65 47 56 -1 9 0 0.11 M M 11.1 24 260 M M 7 3 30 280
15 57 45 51 -7 14 0 0.45 M M 6.2 15 350 M M 7 13 19 340
16 63 39 51 -7 14 0 0.00 M M 6.1 20 350 M M 3 25 330
17 66 40 53 -5 12 0 0.00 M M 10.7 22 240 M M 2 31 230
18 69 50 60 1 5 0 0.06 M M 13.8 36 210 M M 7 3 51 210
19 76 44 60 1 5 0 T M M 16.9 36 200 M M 7 50 200
20 64 40 52 -8 13 0 0.12 M M 12.9 33 230 M M 5 1 47 220
21 66 38 52 -8 13 0 0.00 M M 10.0 24 250 M M 0 32 250
22 72 42 57 -3 8 0 0.00 M M 8.9 24 150 M M 4 3 37 180
23 68 43 56 -5 9 0 T M M 14.9 36 240 M M 2 3 50 230
24 70 43 57 -4 8 0 0.00 M M 7.2 16 250 M M 1 23 270
25 76 48 62 1 3 0 0.00 M M 6.0 14 260 M M 1 22 70
26 75 48 62 0 3 0 0.00 M M 10.3 31 220 M M 0 41 230
27 71 44 58 -4 7 0 0.00 M M 10.8 24 250 M M 0 31 260
28 71 49 60 -3 5 0 0.03 M M 9.2 28 160 M M 4 3 40 180
29 71 45 58 -5 7 0 0.40 M M 6.6 21 310 M M 3 3 28 310
30 74 46 60 -3 5 0 0.00 M M 5.0 14 260 M M 2 19 240
================================================================================
SM 2034 1335 260 0 3.55 M 257.8 M 107
================================================================================
AV 67.8 44.5 8.6 FASTST M M 4 MAX(MPH)
MISC ----> # 36 230 51 210
================================================================================
NOTES:
# LAST OF SEVERAL OCCURRENCES
COLUMN 17 PEAK WIND IN M.P.H.
PRELIMINARY LOCAL CLIMATOLOGICAL DATA (WS FORM: F-6) , PAGE 2
STATION: EVANSTON WY
MONTH: JUNE
YEAR: 2023
LATITUDE: 41 16 N
LONGITUDE: 111 2 W
[TEMPERATURE DATA] [PRECIPITATION DATA] SYMBOLS USED IN COLUMN 16
AVERAGE MONTHLY: 56.2 TOTAL FOR MONTH: 3.55 1 = FOG OR MIST
DPTR FM NORMAL: -1.9 DPTR FM NORMAL: 2.49 2 = FOG REDUCING VISIBILITY
HIGHEST: 76 ON 25,19 GRTST 24HR 0.79 ON 12-12 TO 1/4 MILE OR LESS
LOWEST: 38 ON 21 3 = THUNDER
SNOW, ICE PELLETS, HAIL 4 = ICE PELLETS
TOTAL MONTH: M 5 = HAIL
GRTST 24HR M ON M 6 = FREEZING RAIN OR DRIZZLE
GRTST DEPTH: M ON M 7 = DUSTSTORM OR SANDSTORM:
VSBY 1/2 MILE OR LESS
8 = SMOKE OR HAZE
[NO. OF DAYS WITH] [WEATHER - DAYS WITH] 9 = BLOWING SNOW
X = TORNADO
MAX 32 OR BELOW: 0 0.01 INCH OR MORE: 13
MAX 90 OR ABOVE: 0 0.10 INCH OR MORE: 10
MIN 32 OR BELOW: 0 0.50 INCH OR MORE: 1
MIN 0 OR BELOW: 0 1.00 INCH OR MORE: 0
[HDD (BASE 65) ]
TOTAL THIS MO. 260 CLEAR (SCALE 0-3) 16
DPTR FM NORMAL 36 PTCLDY (SCALE 4-7) 14
TOTAL FM JUL 1 8985 CLOUDY (SCALE 8-10) 0
DPTR FM NORMAL 556
[CDD (BASE 65) ]
TOTAL THIS MO. 0
DPTR FM NORMAL -17 [PRESSURE DATA]
TOTAL FM JAN 1 0 HIGHEST SLP M ON M
DPTR FM NORMAL -18 LOWEST SLP 29.52 ON 19
[REMARKS]
#FINAL-06-23#