000
CXUS56 KSLC 010910
CF6EVW
PRELIMINARY LOCAL CLIMATOLOGICAL DATA (WS FORM: F-6)
STATION: EVANSTON WY
MONTH: NOVEMBER
YEAR: 2023
LATITUDE: 41 16 N
LONGITUDE: 111 2 W
TEMPERATURE IN F: :PCPN: SNOW: WIND :SUNSHINE: SKY :PK WND
================================================================================
1 2 3 4 5 6A 6B 7 8 9 10 11 12 13 14 15 16 17 18
12Z AVG MX 2MIN
DY MAX MIN AVG DEP HDD CDD WTR SNW DPTH SPD SPD DIR MIN PSBL S-S WX SPD DR
================================================================================
1 53 29 41 4 24 0 0.00 M M 9.1 22 260 M M 4 27 260
2 60 32 46 9 19 0 0.00 M M 13.3 26 250 M M 4 35 250
3 54 39 47 10 18 0 0.00 M M 11.5 24 250 M M 4 30 240
4 62 33 48 12 17 0 0.00 M M 9.6 24 250 M M 1 34 250
5 58 42 50 14 15 0 0.00 M M 11.7 33 240 M M 3 42 240
6 59 38 49 14 16 0 0.00 M M 9.3 28 230 M M 5 35 230
7 41 28 35 0 30 0 0.40 M M 8.7 21 220 M M 10 12 28 220
8 38 21 30 -4 35 0 T M M 6.0 13 250 M M 4 1 15 320
9 40 18 29 -5 36 0 0.00 M M 5.6 12 250 M M 0 14 250
10 45 19 32 -2 33 0 0.00 M M 8.7 18 260 M M 2 26 250
11 47 23 35 2 30 0 0.00 M M 11.9 25 240 M M 1 34 250
12 54 28 41 8 24 0 0.00 M M 6.9 14 100 M M 0 18 230
13 57 31 44 12 21 0 0.00 M M 10.5 21 230 M M 0 27 210
14 56 35 46 14 19 0 0.00 M M 9.3 30 230 M M 0 39 220
15 58 37 48 17 17 0 0.00 M M 8.7 21 230 M M 0 28 230
16 47 33 40 9 25 0 0.18 M M 10.6 23 210 M M 7 12 31 200
17 51 30 41 11 24 0 0.00 0.0 M 4.8 16 230 M M 1 27 270
18 42 30 36 6 29 0 0.13 M M 6.5 23 230 M M 6 12 30 230
19 39 28 34 4 31 0 0.03 M M 7.5 16 260 M M 10 1 20 310
20 36 24 30 1 35 0 T M M 7.8 14 320 M M 9 19 240
21 43 20 32 3 33 0 0.00 M M 3.4 10 280 M M 0 15 210
22 52 23 38 10 27 0 0.00 M M 10.4 21 240 M M 0 28 250
23 36 22 29 1 36 0 T M M 14.4 31 80 M M 7 18 54 60
24 22 16 19 -8 46 0 0.01 M M 16.4 35 80 M M 9 18 55 70
25 27 14 21 -6 44 0 T M M 3.6 10 260 M M 8 14 290
26 30 11 21 -5 44 0 0.00 M M 6.7 15 260 M M 2 1 19 260
27 39 12 26 0 39 0 0.00 M M 5.0 10 200 M M 0 1 14 230
28 47 19 33 7 32 0 0.00 M M 6.0 12 250 M M 0 15 220
29 44 22 33 8 32 0 0.00 M M 5.6 18 240 M M 2 23 260
30 37 21 29 4 36 0 T M M 5.3 16 280 M M 8 8 23 260
================================================================================
SM 1374 778 867 0 0.75 0.0 254.8 M 107
================================================================================
AV 45.8 25.9 8.5 FASTST M M 4 MAX(MPH)
MISC ----> 35 80 55 70
================================================================================
NOTES:
# LAST OF SEVERAL OCCURRENCES
COLUMN 17 PEAK WIND IN M.P.H.
PRELIMINARY LOCAL CLIMATOLOGICAL DATA (WS FORM: F-6) , PAGE 2
STATION: EVANSTON WY
MONTH: NOVEMBER
YEAR: 2023
LATITUDE: 41 16 N
LONGITUDE: 111 2 W
[TEMPERATURE DATA] [PRECIPITATION DATA] SYMBOLS USED IN COLUMN 16
AVERAGE MONTHLY: 35.9 TOTAL FOR MONTH: 0.75 1 = FOG OR MIST
DPTR FM NORMAL: 4.8 DPTR FM NORMAL: 0.19 2 = FOG REDUCING VISIBILITY
HIGHEST: 62 ON 4 GRTST 24HR 0.40 ON 7- 7 TO 1/4 MILE OR LESS
LOWEST: 11 ON 26 3 = THUNDER
SNOW, ICE PELLETS, HAIL 4 = ICE PELLETS
TOTAL MONTH: 0.0 INCH 5 = HAIL
GRTST 24HR 0.0 6 = FREEZING RAIN OR DRIZZLE
GRTST DEPTH: M ON M 7 = DUSTSTORM OR SANDSTORM:
VSBY 1/2 MILE OR LESS
8 = SMOKE OR HAZE
[NO. OF DAYS WITH] [WEATHER - DAYS WITH] 9 = BLOWING SNOW
X = TORNADO
MAX 32 OR BELOW: 3 0.01 INCH OR MORE: 5
MAX 90 OR ABOVE: 0 0.10 INCH OR MORE: 3
MIN 32 OR BELOW: 23 0.50 INCH OR MORE: 0
MIN 0 OR BELOW: 0 1.00 INCH OR MORE: 0
[HDD (BASE 65) ]
TOTAL THIS MO. 867 CLEAR (SCALE 0-3) 16
DPTR FM NORMAL -150 PTCLDY (SCALE 4-7) 9
TOTAL FM JUL 1 1657 CLOUDY (SCALE 8-10) 5
DPTR FM NORMAL -366
[CDD (BASE 65) ]
TOTAL THIS MO. 0
DPTR FM NORMAL 0 [PRESSURE DATA]
TOTAL FM JAN 1 233 HIGHEST SLP M ON M
DPTR FM NORMAL 28 LOWEST SLP 29.69 ON 6
[REMARKS]
#FINAL-11-23#