000
CXUS56 KHNX 030638
CF6FAT
PRELIMINARY LOCAL CLIMATOLOGICAL DATA (WS FORM: F-6)
STATION: FRESNO CA
MONTH: APRIL
YEAR: 2023
LATITUDE: 36 46 N
LONGITUDE: 119 43 W
TEMPERATURE IN F: :PCPN: SNOW: WIND :SUNSHINE: SKY :PK WND
================================================================================
1 2 3 4 5 6A 6B 7 8 9 10 11 12 13 14 15 16 17 18
12Z AVG MX 2MIN
DY MAX MIN AVG DEP HDD CDD WTR SNW DPTH SPD SPD DIR MIN PSBL S-S WX SPD DR
================================================================================
1 68 43 56 -3 9 0 0.00 0.0 0 4.6 12 340 M M 2 13 300
2 68 47 58 -2 7 0 0.00 0.0 0 8.1 24 310 M M 5 33 320
3 58 43 51 -9 14 0 0.00 0.0 0 18.4 33 310 M M 4 40 310
4 60 38 49 -11 16 0 0.00 0.0 0 7.4 21 300 M M 2 25 300
5 64 39 52 -8 13 0 0.00 0.0 0 4.6 12 290 M M 5 17 290
6 71 41 56 -4 9 0 0.00 0.0 0 2.5 10 220 M M 5 16 200
7 70 55 63 3 2 0 0.00 0.0 0 4.6 13 320 M M 9 15 310
8 73 51 62 2 3 0 0.00 0.0 0 5.7 12 320 M M 7 15 330
9 79 53 66 5 0 1 0.00 0.0 0 4.3 13 330 M M 2 16 330
10 88 56 72 11 0 7 0.00 0.0 0 5.3 17 310 M M 0 22 300
11 75 56 66 5 0 1 0.00 0.0 0 10.5 17 320 M M 5 22 310
12 69 48 59 -2 6 0 0.00 0.0 0 11.9 18 320 M M 4 23 320
13 67 45 56 -6 9 0 0.00 0.0 0 8.4 17 300 M M 2 22 300
14 72 47 60 -2 5 0 0.00 0.0 0 4.5 12 310 M M 2 15 330
15 78 48 63 1 2 0 0.00 0.0 0 4.7 13 340 M M 1 17 340
16 76 51 64 2 1 0 0.00 0.0 0 9.1 17 300 M M 3 21 300
17 70 50 60 -2 5 0 0.00 0.0 0 10.7 21 310 M M 5 26 310
18 66 46 56 -7 9 0 0.00 0.0 0 10.2 18 310 M M 5 23 320
19 68 45 57 -6 8 0 0.00 0.0 0 11.7 18 300 M M 1 28 330
20 74 45 60 -3 5 0 0.00 0.0 0 6.3 15 340 M M 2 20 330
21 81 50 66 3 0 1 0.00 0.0 0 4.7 15 330 M M 4 17 340
22 84 57 71 7 0 6 0.00 0.0 0 6.1 16 310 M M 5 20 310
23 83 58 71 7 0 6 0.00 0.0 0 9.6 17 320 M M 4 22 340
24 85 56 71 7 0 6 0.00 0.0 0 8.8 17 310 M M 3 22 310
25 84 54 69 5 0 4 0.00 0.0 0 5.6 14 300 M M 2 18 310
26 91 60 76 11 0 11 0.00 0.0 0 4.7 13 320 M M 2 16 300
27 94 62 78 13 0 13 0.00 0.0 0 5.1 12 310 M M 2 15 310
28 97 64 81 16 0 16 0.00 0.0 0 5.8 14 310 M M 3 8 17 310
29 94 64 79 13 0 14 0.00 0.0 0 7.0 16 320 M M 6 24 140
30 85 57 71 5 0 6 0.00 0.0 0 13.1 23 310 M M 6 30 320
================================================================================
SM 2292 1529 123 92 0.00 0.0 224.0 M 108
================================================================================
AV 76.4 51.0 7.5 FASTST M M 4 MAX(MPH)
MISC ----> 33 310 40 310
================================================================================
NOTES:
# LAST OF SEVERAL OCCURRENCES
COLUMN 17 PEAK WIND IN M.P.H.
PRELIMINARY LOCAL CLIMATOLOGICAL DATA (WS FORM: F-6) , PAGE 2
STATION: FRESNO CA
MONTH: APRIL
YEAR: 2023
LATITUDE: 36 46 N
LONGITUDE: 119 43 W
[TEMPERATURE DATA] [PRECIPITATION DATA] SYMBOLS USED IN COLUMN 16
AVERAGE MONTHLY: 63.7 TOTAL FOR MONTH: 0.00 1 = FOG OR MIST
DPTR FM NORMAL: 1.4 DPTR FM NORMAL: -1.04 2 = FOG REDUCING VISIBILITY
HIGHEST: 97 ON 28 GRTST 24HR 0.00 ON 1- 1 TO 1/4 MILE OR LESS
LOWEST: 38 ON 4 3 = THUNDER
SNOW, ICE PELLETS, HAIL 4 = ICE PELLETS
TOTAL MONTH: 0.0 INCH 5 = HAIL
GRTST 24HR 0.0 6 = FREEZING RAIN OR DRIZZLE
GRTST DEPTH: 0 7 = DUSTSTORM OR SANDSTORM:
VSBY 1/2 MILE OR LESS
8 = SMOKE OR HAZE
[NO. OF DAYS WITH] [WEATHER - DAYS WITH] 9 = BLOWING SNOW
X = TORNADO
MAX 32 OR BELOW: 0 0.01 INCH OR MORE: 0
MAX 90 OR ABOVE: 4 0.10 INCH OR MORE: 0
MIN 32 OR BELOW: 0 0.50 INCH OR MORE: 0
MIN 0 OR BELOW: 0 1.00 INCH OR MORE: 0
[HDD (BASE 65) ]
TOTAL THIS MO. 123 CLEAR (SCALE 0-3) 15
DPTR FM NORMAL -6 PTCLDY (SCALE 4-7) 14
TOTAL FM JUL 1 2343 CLOUDY (SCALE 8-10) 1
DPTR FM NORMAL 190
[CDD (BASE 65) ]
TOTAL THIS MO. 92
DPTR FM NORMAL 44 [PRESSURE DATA]
TOTAL FM JAN 1 92 HIGHEST SLP 30.31 ON 20
DPTR FM NORMAL 38 LOWEST SLP 29.73 ON 30
[REMARKS]
#FINAL-04-23#