000
CXUS56 KHNX 011146
CF6FAT
PRELIMINARY LOCAL CLIMATOLOGICAL DATA (WS FORM: F-6)
STATION: FRESNO CA
MONTH: FEBRUARY
YEAR: 2020
LATITUDE: 36 46 N
LONGITUDE: 119 43 W
TEMPERATURE IN F: :PCPN: SNOW: WIND :SUNSHINE: SKY :PK WND
================================================================================
1 2 3 4 5 6A 6B 7 8 9 10 11 12 13 14 15 16 17 18
12Z AVG MX 2MIN
DY MAX MIN AVG DEP HDD CDD WTR SNW DPTH SPD SPD DIR MIN PSBL S-S WX SPD DR
================================================================================
1 69 40 55 6 10 0 0.00 0.0 0 2.3 8 300 M M 5 18 10 310
2 64 41 53 4 12 0 0.00 0.0 0 8.5 25 320 M M 4 128 32 320
3 55 35 45 -4 20 0 0.00 0.0 0 9.6 20 310 M M 1 24 320
4 54 31 43 -6 22 0 0.00 0.0 0 3.1 8 320 M M 2 10 280
5 56 34 45 -5 20 0 0.00 0.0 0 2.7 8 160 M M 5 12 170
6 64 36 50 0 15 0 0.00 0.0 0 1.0 7 270 M M 1 8 8 60
7 67 37 52 2 13 0 0.00 0.0 0 1.7 7 310 M M 1 8 9 300
8 69 40 55 5 10 0 0.00 0.0 0 3.5 18 330 M M 1 8 22 330
9 59 37 48 -2 17 0 0.00 0.0 0 4.4 12 180 M M 3 18 14 160
10 62 35 49 -2 16 0 0.00 0.0 0 3.7 9 150 M M 0 8 13 190
11 66 38 52 1 13 0 0.00 0.0 0 1.6 7 90 M M 2 11 90
12 69 39 54 3 11 0 0.00 0.0 0 1.9 9 170 M M 2 12 210
13 72 41 57 6 8 0 0.00 0.0 0 2.9 8 310 M M 0 12 30
14 69 41 55 3 10 0 0.00 0.0 0 3.2 9 330 M M 4 11 330
15 70 42 56 4 9 0 0.00 0.0 0 1.2 8 320 M M 6 8 11 140
16 71 44 58 6 7 0 0.00 0.0 0 4.4 15 330 M M 5 8 17 330
17 66 42 54 2 11 0 0.00 0.0 0 3.2 10 310 M M 6 13 170
18 69 46 58 6 7 0 0.00 0.0 0 4.1 10 140 M M 5 8 13 140
19 71 42 57 5 8 0 0.00 0.0 0 2.0 8 220 M M 1 8 10 230
20 75 42 59 6 6 0 0.00 0.0 0 3.2 9 310 M M 1 12 310
21 70 44 57 4 8 0 T 0.0 0 4.1 13 120 M M 8 8 15 360
22 65 50 58 5 7 0 T 0.0 0 6.6 17 140 M M 8 19 140
23 67 45 56 3 9 0 0.00 0.0 0 4.0 13 320 M M 3 15 320
24 68 45 57 3 8 0 0.00 0.0 0 3.0 9 170 M M 1 12 170
25 73 47 60 6 5 0 0.00 0.0 0 3.1 9 160 M M 0 13 180
26 80 47 64 10 1 0 0.00 0.0 0 3.5 14 310 M M 1 16 310
27 78 47 63 9 2 0 0.00 0.0 0 2.6 7 40 M M 5 10 150
28 83 51 67 13 0 2 0.00 0.0 0 3.0 12 190 M M 8 15 200
29 77 52 65 11 0 0 0.00 0.0 0 7.9 25 320 M M 7 31 310
================================================================================
SM 1978 1211 285 2 T 0.0 106.0 M 96
================================================================================
AV 68.2 41.8 3.7 FASTST M M 3 MAX(MPH)
MISC ----> # 25 320 # 32 320
================================================================================
NOTES:
# LAST OF SEVERAL OCCURRENCES
COLUMN 17 PEAK WIND IN M.P.H.
PRELIMINARY LOCAL CLIMATOLOGICAL DATA (WS FORM: F-6) , PAGE 2
STATION: FRESNO CA
MONTH: FEBRUARY
YEAR: 2020
LATITUDE: 36 46 N
LONGITUDE: 119 43 W
[TEMPERATURE DATA] [PRECIPITATION DATA] SYMBOLS USED IN COLUMN 16
AVERAGE MONTHLY: 55.0 TOTAL FOR MONTH: T 1 = FOG OR MIST
DPTR FM NORMAL: 3.5 DPTR FM NORMAL: -2.03 2 = FOG REDUCING VISIBILITY
HIGHEST: 83 ON 28 GRTST 24HR T ON 22-22 TO 1/4 MILE OR LESS
LOWEST: 31 ON 4 3 = THUNDER
SNOW, ICE PELLETS, HAIL 4 = ICE PELLETS
TOTAL MONTH: 0.0 INCH 5 = HAIL
GRTST 24HR 0.0 6 = FREEZING RAIN OR DRIZZLE
GRTST DEPTH: 0 7 = DUSTSTORM OR SANDSTORM:
VSBY 1/2 MILE OR LESS
8 = SMOKE OR HAZE
[NO. OF DAYS WITH] [WEATHER - DAYS WITH] 9 = BLOWING SNOW
X = TORNADO
MAX 32 OR BELOW: 0 0.01 INCH OR MORE: 0
MAX 90 OR ABOVE: 0 0.10 INCH OR MORE: 0
MIN 32 OR BELOW: 1 0.50 INCH OR MORE: 0
MIN 0 OR BELOW: 0 1.00 INCH OR MORE: 0
[HDD (BASE 65) ]
TOTAL THIS MO. 285 CLEAR (SCALE 0-3) 16
DPTR FM NORMAL -92 PTCLDY (SCALE 4-7) 11
TOTAL FM JUL 1 1463 CLOUDY (SCALE 8-10) 2
DPTR FM NORMAL -460
[CDD (BASE 65) ]
TOTAL THIS MO. 2
DPTR FM NORMAL 2 [PRESSURE DATA]
TOTAL FM JAN 1 2 HIGHEST SLP M ON M
DPTR FM NORMAL 2 LOWEST SLP 29.86 ON 9
[REMARKS]
#FINAL-02-20#