000
CXUS54 KLZK 011230
CF6FLP
PRELIMINARY LOCAL CLIMATOLOGICAL DATA (WS FORM: F-6)
STATION: FLIPPIN
MONTH: SEPTEMBER
YEAR: 2023
LATITUDE: 36 17 N
LONGITUDE: 92 28 W
TEMPERATURE IN F: :PCPN: SNOW: WIND :SUNSHINE: SKY :PK WND
================================================================================
1 2 3 4 5 6A 6B 7 8 9 10 11 12 13 14 15 16 17 18
12Z AVG MX 2MIN
DY MAX MIN AVG DEP HDD CDD WTR SNW DPTH SPD SPD DIR MIN PSBL S-S WX SPD DR
================================================================================
1 86 54 70 M 0 5 0.00 M M 1.3 5 99 M M 0 M M
2 91 55 73 M 0 8 0.00 M M 1.9 8 120 M M 0 M M
3 92 69 81 M 0 16 0.00 M M 2.7 8 90 M M 3 M M
4 94 70 82 M 0 17 0.27 M M 3.1 26 240 M M 1 13 45 240
5 91 68 80 M 0 15 T M M 4.1 8 170 M M 2 31 340
6 88 65 77 M 0 12 1.04 M M 5.6 13 280 M M 4 13 18 280
7 86 62 74 M 0 9 0.00 M M 0.9 7 10 M M 1 1 M M
8 85 62 74 M 0 9 0.26 M M 3.8 12 360 M M 1 13 17 99
9 82 58 70 M 0 5 0.00 M M 2.4 9 360 M M 2 M M
10 83 56 70 M 0 5 0.00 M M 1.0 5 80 M M 0 M M
11 82 59 71 M 0 6 0.06 M M 2.0 8 350 M M 1 M M
12 76 63 70 M 0 5 0.56 M M 1.6 7 350 M M 8 1 M M
13 79 58 69 M 0 4 0.01 M M 2.2 7 99 M M 3 12 M M
14 81 54 68 M 0 3 0.00 M M 2.0 9 110 M M 1 1 M M
15 81 53 67 M 0 2 0.00 M M 1.5 9 10 M M 0 M M
16 84 57 71 M 0 6 T M M 2.0 15 350 M M 4 28 350
17 81 55 68 M 0 3 0.00 M M 3.4 13 330 M M 0 20 320
18 83 50 67 M 0 2 0.00 M M 0.9 6 90 M M 0 1 M M
19 84 56 70 M 0 5 T M M 2.2 10 220 M M 1 16 220
20 76 62 69 M 0 4 0.64 M M 3.3 8 310 M M 6 1 M M
21 87 61 74 M 0 9 0.19 M M 1.4 8 250 M M 4 13 M M
22 81 65 73 M 0 8 1.07 M M 3.1 13 240 M M 4 13 16 99
23 88 62 75 M 0 10 0.01 M M 2.9 8 130 M M 2 1 M M
24 82 66 74 M 0 9 0.75 M M 3.4 12 260 M M 5 13 M M
25 86 62 74 M 0 9 0.00 M M 2.0 9 330 M M 1 128 M M
26 88 58 73 M 0 8 0.00 M M 0.3 5 120 M M 0 1 M M
27 88 63 76 M 0 11 0.00 M M 2.7 8 20 M M 0 M M
28 89 61 75 M 0 10 0.00 M M 0.7 5 200 M M 2 12 M M
29 90 61 76 M 0 11 0.00 M M 1.2 6 99 M M 1 1 M M
30 91 59 75 M 0 10 0.00 M M 0.7 5 30 M M 0 1 M M
================================================================================
SM 2555 1804 0 236 4.86 M 66.2 M 57
================================================================================
AV 85.2 60.1 2.2 FASTST M M 2 MAX(MPH)
MISC ----> 26 240 45 240
================================================================================
NOTES:
# LAST OF SEVERAL OCCURRENCES
COLUMN 17 PEAK WIND IN M.P.H.
PRELIMINARY LOCAL CLIMATOLOGICAL DATA (WS FORM: F-6) , PAGE 2
STATION: FLIPPIN
MONTH: SEPTEMBER
YEAR: 2023
LATITUDE: 36 17 N
LONGITUDE: 92 28 W
[TEMPERATURE DATA] [PRECIPITATION DATA] SYMBOLS USED IN COLUMN 16
AVERAGE MONTHLY: 72.7 TOTAL FOR MONTH: 4.86 1 = FOG OR MIST
DPTR FM NORMAL: 0.0 DPTR FM NORMAL: M 2 = FOG REDUCING VISIBILITY
HIGHEST: 94 ON 4 GRTST 24HR 1.26 ON 21-22 TO 1/4 MILE OR LESS
LOWEST: 50 ON 18 3 = THUNDER
SNOW, ICE PELLETS, HAIL 4 = ICE PELLETS
TOTAL MONTH: M 5 = HAIL
GRTST 24HR M ON M 6 = FREEZING RAIN OR DRIZZLE
GRTST DEPTH: M ON M 7 = DUSTSTORM OR SANDSTORM:
VSBY 1/2 MILE OR LESS
8 = SMOKE OR HAZE
[NO. OF DAYS WITH] [WEATHER - DAYS WITH] 9 = BLOWING SNOW
X = TORNADO
MAX 32 OR BELOW: 0 0.01 INCH OR MORE: 11
MAX 90 OR ABOVE: 6 0.10 INCH OR MORE: 8
MIN 32 OR BELOW: 0 0.50 INCH OR MORE: 5
MIN 0 OR BELOW: 0 1.00 INCH OR MORE: 2
[HDD (BASE 65) ]
TOTAL THIS MO. 0 CLEAR (SCALE 0-3) 23
DPTR FM NORMAL M PTCLDY (SCALE 4-7) 7
TOTAL FM JUL 1 0 CLOUDY (SCALE 8-10) 0
DPTR FM NORMAL M
[CDD (BASE 65) ]
TOTAL THIS MO. 236
DPTR FM NORMAL M [PRESSURE DATA]
TOTAL FM JAN 1 1577 HIGHEST SLP 30.19 ON 10
DPTR FM NORMAL M LOWEST SLP 29.82 ON 23
[REMARKS]
#FINAL-09-23#