000
CXUS55 KABQ 191010
CF6FMN
PRELIMINARY LOCAL CLIMATOLOGICAL DATA (WS FORM: F-6)
STATION: FARMINGTON NM
MONTH: APRIL
YEAR: 2024
LATITUDE: 36 45 N
LONGITUDE: 108 14 W
TEMPERATURE IN F: :PCPN: SNOW: WIND :SUNSHINE: SKY :PK WND
================================================================================
1 2 3 4 5 6A 6B 7 8 9 10 11 12 13 14 15 16 17 18
12Z AVG MX 2MIN
DY MAX MIN AVG DEP HDD CDD WTR SNW DPTH SPD SPD DIR MIN PSBL S-S WX SPD DR
================================================================================
1 52 32 42 -6 23 0 0.00 M M 9.9 26 290 M M 2 37 300
2 63 27 45 -3 20 0 0.00 M M 8.2 25 280 M M 0 34 290
3 70 30 50 1 15 0 0.00 M M 6.0 16 280 M M 0 25 280
4 76 34 55 6 10 0 0.00 M M 9.8 23 210 M M 0 36 160
5 71 37 54 5 11 0 T M M 16.9 41 220 M M 3 58 200
6 49 34 42 -7 23 0 T M M 16.8 38 280 M M 6 52 280
7 55 28 42 -8 23 0 0.00 M M 8.2 22 280 M M 1 31 320
8 59 26 43 -7 22 0 0.00 M M 6.3 22 130 M M 2 29 120
9 65 30 48 -2 17 0 0.00 M M 11.4 31 280 M M 0 40 280
10 67 37 52 2 13 0 0.00 M M 14.2 30 280 M M 0 40 290
11 70 30 50 0 15 0 0.00 M M 6.8 17 280 M M 0 25 290
12 81 34 58 8 7 0 0.00 M M 9.8 25 190 M M 0 36 200
13 74 39 57 6 8 0 0.00 M M 5.1 14 200 M M 0 22 220
14 76 36 56 5 9 0 0.00 M M 8.0 24 200 M M 0 33 170
15 58 36 47 -4 18 0 T M M 10.9 28 280 M M 2 39 320
16 67 34 51 0 14 0 0.00 M M 9.7 24 280 M M 0 37 280
17 76 34 55 3 10 0 0.00 M M 8.2 22 290 M M 0 30 280
18 78 35 57 5 8 0 0.00 M M 7.7 22 280 M M 0 29 280
================================================================================
SM 1207 593 266 0 T M 173.9 M 16
================================================================================
AV 67.1 32.9 9.7 FASTST M M 1 MAX(MPH)
MISC ----> 41 220 58 200
================================================================================
NOTES:
# LAST OF SEVERAL OCCURRENCES
COLUMN 17 PEAK WIND IN M.P.H.
PRELIMINARY LOCAL CLIMATOLOGICAL DATA (WS FORM: F-6) , PAGE 2
STATION: FARMINGTON NM
MONTH: APRIL
YEAR: 2024
LATITUDE: 36 45 N
LONGITUDE: 108 14 W
[TEMPERATURE DATA] [PRECIPITATION DATA] SYMBOLS USED IN COLUMN 16
AVERAGE MONTHLY: 50.0 TOTAL FOR MONTH: T 1 = FOG OR MIST
DPTR FM NORMAL: 0.0 DPTR FM NORMAL: -0.35 2 = FOG REDUCING VISIBILITY
HIGHEST: 81 ON 12 GRTST 24HR 0.08 ON 31- 1 TO 1/4 MILE OR LESS
LOWEST: 26 ON 8 3 = THUNDER
SNOW, ICE PELLETS, HAIL 4 = ICE PELLETS
TOTAL MONTH: M 5 = HAIL
GRTST 24HR M ON M 6 = FREEZING RAIN OR DRIZZLE
GRTST DEPTH: M ON M 7 = DUSTSTORM OR SANDSTORM:
VSBY 1/2 MILE OR LESS
8 = SMOKE OR HAZE
[NO. OF DAYS WITH] [WEATHER - DAYS WITH] 9 = BLOWING SNOW
X = TORNADO
MAX 32 OR BELOW: 0 0.01 INCH OR MORE: 0
MAX 90 OR ABOVE: 0 0.10 INCH OR MORE: 0
MIN 32 OR BELOW: 7 0.50 INCH OR MORE: 0
MIN 0 OR BELOW: 0 1.00 INCH OR MORE: 0
[HDD (BASE 65) ]
TOTAL THIS MO. 266 CLEAR (SCALE 0-3) 17
DPTR FM NORMAL -5 PTCLDY (SCALE 4-7) 1
TOTAL FM JUL 1 4327 CLOUDY (SCALE 8-10) 0
DPTR FM NORMAL -612
[CDD (BASE 65) ]
TOTAL THIS MO. 0
DPTR FM NORMAL 0 [PRESSURE DATA]
TOTAL FM JAN 1 0 HIGHEST SLP M ON M
DPTR FM NORMAL 0 LOWEST SLP 29.47 ON 5
[REMARKS]