000
CXUS55 KABQ 011544
CF6FMN
PRELIMINARY LOCAL CLIMATOLOGICAL DATA (WS FORM: F-6)
STATION: FARMINGTON NM
MONTH: FEBRUARY
YEAR: 2022
LATITUDE: 36 45 N
LONGITUDE: 108 14 W
TEMPERATURE IN F: :PCPN: SNOW: WIND :SUNSHINE: SKY :PK WND
================================================================================
1 2 3 4 5 6A 6B 7 8 9 10 11 12 13 14 15 16 17 18
12Z AVG MX 2MIN
DY MAX MIN AVG DEP HDD CDD WTR SNW DPTH SPD SPD DIR MIN PSBL S-S WX SPD DR
================================================================================
1 43 23 33 0 32 0 T M M 5.8 14 30 M M 6 1 19 250
2 37 17 27 -7 38 0 0.03 M M 12.1 25 290 M M 6 1 31 280
3 31 5 18 -16 47 0 0.00 M M 5.2 15 250 M M 0 20 260
4 37 6 22 -12 43 0 0.00 M M 4.8 10 110 M M 0 13 150
5 42 8 25 -9 40 0 0.00 M M 7.7 21 280 M M 0 27 270
6 47 9 28 -6 37 0 0.00 M M 4.8 14 160 M M 0 21 90
7 47 13 30 -4 35 0 0.00 M M 4.3 12 80 M M 0 14 90
8 54 13 34 -1 31 0 0.00 M M 6.4 15 280 M M 0 19 280
9 55 14 35 0 30 0 0.00 M M 7.2 26 280 M M 0 33 280
10 56 18 37 2 28 0 0.00 M M 8.3 23 280 M M 0 29 290
11 61 26 44 9 21 0 0.00 M M 9.6 31 280 M M 0 39 270
12 53 21 37 1 28 0 0.00 M M 8.1 29 350 M M 0 40 360
13 55 16 36 0 29 0 0.00 M M 7.2 21 280 M M 0 26 280
14 60 18 39 3 26 0 0.00 M M 6.6 13 100 M M 0 16 120
15 62 28 45 9 20 0 0.00 M M 7.1 21 240 M M 0 29 230
16 51 23 37 0 28 0 0.21 M M 8.0 24 280 M M 4 1 31 280
17 42 27 35 -2 30 0 0.01 M M 9.6 24 280 M M 6 1 31 280
18 49 17 33 -4 32 0 0.00 M M 5.0 15 270 M M 0 24 280
19 54 20 37 -1 28 0 0.00 M M 5.5 12 110 M M 0 13 110
20 60 21 41 3 24 0 0.00 M M 6.3 15 110 M M 0 18 90
21 52 34 43 5 22 0 0.00 M M 11.2 33 250 M M 4 8 44 240
22 52 33 43 5 22 0 T M M 13.9 30 220 M M 10 41 220
23 49 26 38 -1 27 0 0.08 M M 13.9 39 200 M M 5 128 56 200
24 36 20 28 -11 37 0 0.00 M M 9.0 22 280 M M 5 27 270
25 45 16 31 -8 34 0 0.00 M M 4.3 12 280 M M 0 15 260
26 42 17 30 -10 35 0 0.00 M M 9.6 28 280 M M 0 33 280
27 49 13 31 -9 34 0 0.00 M M 3.9 9 280 M M 0 15 240
28 54 17 36 -4 29 0 0.00 M M 4.3 14 270 M M 0 17 260
================================================================================
SM 1375 519 867 0 0.33 M 209.7 M 46
================================================================================
AV 49.1 18.5 7.5 FASTST M M 2 MAX(MPH)
MISC ----> 39 200 56 200
================================================================================
NOTES:
# LAST OF SEVERAL OCCURRENCES
COLUMN 17 PEAK WIND IN M.P.H.
PRELIMINARY LOCAL CLIMATOLOGICAL DATA (WS FORM: F-6) , PAGE 2
STATION: FARMINGTON NM
MONTH: FEBRUARY
YEAR: 2022
LATITUDE: 36 45 N
LONGITUDE: 108 14 W
[TEMPERATURE DATA] [PRECIPITATION DATA] SYMBOLS USED IN COLUMN 16
AVERAGE MONTHLY: 33.8 TOTAL FOR MONTH: 0.33 1 = FOG OR MIST
DPTR FM NORMAL: -2.7 DPTR FM NORMAL: -0.32 2 = FOG REDUCING VISIBILITY
HIGHEST: 62 ON 15 GRTST 24HR 0.22 ON 16-17 TO 1/4 MILE OR LESS
LOWEST: 5 ON 3 3 = THUNDER
SNOW, ICE PELLETS, HAIL 4 = ICE PELLETS
TOTAL MONTH: M 5 = HAIL
GRTST 24HR M ON M 6 = FREEZING RAIN OR DRIZZLE
GRTST DEPTH: M ON M 7 = DUSTSTORM OR SANDSTORM:
VSBY 1/2 MILE OR LESS
8 = SMOKE OR HAZE
[NO. OF DAYS WITH] [WEATHER - DAYS WITH] 9 = BLOWING SNOW
X = TORNADO
MAX 32 OR BELOW: 1 0.01 INCH OR MORE: 4
MAX 90 OR ABOVE: 0 0.10 INCH OR MORE: 1
MIN 32 OR BELOW: 26 0.50 INCH OR MORE: 0
MIN 0 OR BELOW: 0 1.00 INCH OR MORE: 0
[HDD (BASE 65) ]
TOTAL THIS MO. 867 CLEAR (SCALE 0-3) 20
DPTR FM NORMAL 69 PTCLDY (SCALE 4-7) 7
TOTAL FM JUL 1 3777 CLOUDY (SCALE 8-10) 1
DPTR FM NORMAL -262
[CDD (BASE 65) ]
TOTAL THIS MO. 0
DPTR FM NORMAL 0 [PRESSURE DATA]
TOTAL FM JAN 1 0 HIGHEST SLP 30.72 ON 4
DPTR FM NORMAL 0 LOWEST SLP 29.51 ON 21
[REMARKS]
#FINAL-02-22#