000
CXUS54 KTSA 011100
CLMFSM
CLIMATE REPORT
NATIONAL WEATHER SERVICE TULSA OK
1030 AM CDT WED NOV 01 2023
...................................
...THE FORT SMITH ARKANSAS CLIMATE SUMMARY FOR THE MONTH OF OCTOBER 2023...
CLIMATE NORMAL PERIOD 1991 TO 2020
CLIMATE RECORD PERIOD 1882 TO 2023
WEATHER OBSERVED NORMAL DEPART LAST YEAR`S
VALUE DATE(S) VALUE FROM VALUE DATE(S)
NORMAL
................................................................
TEMPERATURE (F)
RECORD
HIGH 96 10/15/2015
LOW 29 10/28/2017
HIGHEST 92 10/01 96 -4 93
LOWEST 29 10/31 22 7 30
AVG. MAXIMUM 77.6 75.9 1.7 77.6
AVG. MINIMUM 53.5 51.0 3.3 50.8
MEAN 65.5 63.5 2.0 64.2
DAYS MAX >= 90 2
DAYS MAX <= 32 0
DAYS MIN <= 32 1
DAYS MIN <= 0 0
PRECIPITATION (INCHES)
RECORD
MAXIMUM 12.05 1951
MINIMUM T 1964
TOTALS 5.85 4.42 1.43 0.81
DAILY AVG. 0.19 0.14 0.05 0.20
DAYS >= .01 9 8.1 0.9 1
DAYS >= .10 5 5.4 -0.4 1
DAYS >= .50 3 2.9 0.1 1
DAYS >= 1.00 2 1.5 0.5 0
GREATEST
24 HR. TOTAL 3.33 10/28 TO 10/29
SNOWFALL (INCHES)
RECORDS
TOTAL T 1993
TOTALS 0.0 0.0 0.0 0.0
SINCE 7/1 0.0 0.0 0.0 MM
SNOWDEPTH AVG. 0 0
DAYS >= 1.0 0 0.0 0.0 0
GREATEST
SNOW DEPTH 0 0 MM
24 HR TOTAL MM
DEGREE DAYS
HEATING TOTAL 87 129 -42 105
SINCE 7/1 110 138 -28 MM
COOLING TOTAL 134 81 53 88
SINCE 1/1 2575 2166 409 MM
................................................................
WIND (MPH)
AVERAGE WIND SPEED 6.5
HIGHEST WIND SPEED/DIRECTION 25/110 DATE 10/05
HIGHEST GUST SPEED/DIRECTION 36/110 DATE 10/05
SKY COVER
POSSIBLE SUNSHINE (PERCENT) MM
AVERAGE SKY COVER 0.31
NUMBER OF DAYS FAIR 19
NUMBER OF DAYS PC 8
NUMBER OF DAYS CLOUDY 4
AVERAGE RH (PERCENT) 66
WEATHER CONDITIONS. NUMBER OF DAYS WITH
THUNDERSTORM 5 MIXED PRECIP 0
HEAVY RAIN 4 RAIN 6
LIGHT RAIN 11 FREEZING RAIN 0
LT FREEZING RAIN 0 HAIL 0
HEAVY SNOW 0 SNOW 0
LIGHT SNOW 0 SLEET 0
FOG 12 FOG W/VIS <= 1/4 MILE 1
HAZE 1
- INDICATES NEGATIVE NUMBERS.
R INDICATES RECORD WAS SET OR TIED.
MM INDICATES DATA IS MISSING.
T INDICATES TRACE AMOUNT.
$$