000
CXUS54 KEWX 011010
CF6FTN
PRELIMINARY LOCAL CLIMATOLOGICAL DATA (WS FORM: F-6)
STATION: FAITH RANCH
MONTH: APRIL
YEAR: 2022
LATITUDE: 28 12 N
LONGITUDE: 100 1 W
TEMPERATURE IN F: :PCPN: SNOW: WIND :SUNSHINE: SKY :PK WND
================================================================================
1 2 3 4 5 6A 6B 7 8 9 10 11 12 13 14 15 16 17 18
12Z AVG MX 2MIN
DY MAX MIN AVG DEP HDD CDD WTR SNW DPTH SPD SPD DIR MIN PSBL S-S WX SPD DR
================================================================================
1 88 57 73 M 0 8 0.00 M M 11.5 18 140 M M 3 28 140
2 90 66 78 M 0 13 0.00 M M 6.7 12 40 M M 4 1 20 120
3 93 68 81 M 0 16 0.00 M M 10.5 18 140 M M 2 28 140
4 86 70 78 M 0 13 0.00 M M 10.4 18 130 M M 6 25 130
5 97 68 83 M 0 18 0.00 M M 5.4 17 50 M M 0 18 27 300
6 88 64 76 M 0 11 0.00 M M 12.5 25 350 M M 0 35 340
7 81 48 65 M 0 0 0.00 M M 6.5 14 30 M M 1 21 30
8 84 48 66 M 0 1 0.00 M M 6.4 15 120 M M 1 21 120
9 91 57 74 M 0 9 0.00 M M 12.7 23 140 M M 1 30 140
10 100 64 82 M 0 17 0.00 M M 9.4 20 140 M M 0 29 140
11 91 68 80 M 0 15 0.00 M M 7.3 17 120 M M 3 24 120
12 102 72 87 M 0 22 0.00 M M 10.7 18 150 M M 0 30 150
13 100 73 87 M 0 22 0.00 M M 10.3 18 350 M M 2 8 29 160
14 90 64 77 M 0 12 0.00 M M 12.2 17 100 M M 2 26 100
15 91 72 82 M 0 17 0.00 M M 8.3 15 130 M M 7 21 130
16 97 72 85 M 0 20 0.00 M M 7.5 13 70 M M 3 20 70
17 95 72 84 M 0 19 0.00 M M 6.5 10 80 M M 3 15 50
18 95 72 84 M 0 19 0.00 M M 11.0 17 110 M M 2 24 80
19 82 68 75 M 0 10 0.00 M M 13.2 20 130 M M 8 26 130
20 88 72 80 M 0 15 0.00 M M 10.7 15 140 M M 4 23 140
21 91 72 82 M 0 17 0.00 M M 11.5 20 130 M M 8 27 130
22 95 75 85 M 0 20 0.00 M M 16.6 24 130 M M 6 35 130
23 95 73 84 M 0 19 0.00 M M 16.4 23 130 M M 6 31 130
24 95 75 85 M 0 20 0.00 M M 12.7 17 100 M M 6 38 130
25 88 66 77 M 0 12 0.00 M M 10.6 24 150 M M 6 36 150
26 70 61 66 M 0 1 0.00 M M 7.8 17 40 M M 9 18 22 40
27 86 64 75 M 0 10 0.01 M M 8.3 14 140 M M 6 1 24 110
28 91 70 81 M 0 16 0.00 M M 13.3 16 130 M M 6 8 25 150
29 93 72 83 M 0 18 0.00 M M 11.2 17 140 M M 5 24 140
30 91 75 83 M 0 18 M M M 8.5 15 140 M M 7 25 140
================================================================================
SM 2724 2018 0 428 0.01 M 306.6 M 117
================================================================================
AV 90.8 67.3 10.2 FASTST M M 4 MAX(MPH)
MISC ----> 25 350 38 130
================================================================================
NOTES:
# LAST OF SEVERAL OCCURRENCES
COLUMN 17 PEAK WIND IN M.P.H.
PRELIMINARY LOCAL CLIMATOLOGICAL DATA (WS FORM: F-6) , PAGE 2
STATION: FAITH RANCH
MONTH: APRIL
YEAR: 2022
LATITUDE: 28 12 N
LONGITUDE: 100 1 W
[TEMPERATURE DATA] [PRECIPITATION DATA] SYMBOLS USED IN COLUMN 16
AVERAGE MONTHLY: 79.0 TOTAL FOR MONTH: 0.01 1 = FOG OR MIST
DPTR FM NORMAL: 0.0 DPTR FM NORMAL: M 2 = FOG REDUCING VISIBILITY
HIGHEST: 102 ON 12 GRTST 24HR 0.01 ON 27-27 TO 1/4 MILE OR LESS
LOWEST: 48 ON 8, 7 3 = THUNDER
SNOW, ICE PELLETS, HAIL 4 = ICE PELLETS
TOTAL MONTH: M 5 = HAIL
GRTST 24HR M ON M 6 = FREEZING RAIN OR DRIZZLE
GRTST DEPTH: M ON M 7 = DUSTSTORM OR SANDSTORM:
VSBY 1/2 MILE OR LESS
8 = SMOKE OR HAZE
[NO. OF DAYS WITH] [WEATHER - DAYS WITH] 9 = BLOWING SNOW
X = TORNADO
MAX 32 OR BELOW: 0 0.01 INCH OR MORE: 1
MAX 90 OR ABOVE: 20 0.10 INCH OR MORE: 0
MIN 32 OR BELOW: 0 0.50 INCH OR MORE: 0
MIN 0 OR BELOW: 0 1.00 INCH OR MORE: 0
[HDD (BASE 65) ]
TOTAL THIS MO. 0 CLEAR (SCALE 0-3) 13
DPTR FM NORMAL M PTCLDY (SCALE 4-7) 15
TOTAL FM JUL 1 865 CLOUDY (SCALE 8-10) 2
DPTR FM NORMAL M
[CDD (BASE 65) ]
TOTAL THIS MO. 428
DPTR FM NORMAL M [PRESSURE DATA]
TOTAL FM JAN 1 623 HIGHEST SLP M ON M
DPTR FM NORMAL M LOWEST SLP M ON M
[REMARKS]
#FINAL-04-22#