000
CXUS52 KFFC 011010
CF6FTY
PRELIMINARY LOCAL CLIMATOLOGICAL DATA (WS FORM: F-6)
STATION: FULTON COUNTY AIRPORT
MONTH: JUNE
YEAR: 2022
LATITUDE: 33 46 N
LONGITUDE: 84 31 W
TEMPERATURE IN F: :PCPN: SNOW: WIND :SUNSHINE: SKY :PK WND
================================================================================
1 2 3 4 5 6A 6B 7 8 9 10 11 12 13 14 15 16 17 18
12Z AVG MX 2MIN
DY MAX MIN AVG DEP HDD CDD WTR SNW DPTH SPD SPD DIR MIN PSBL S-S WX SPD DR
================================================================================
1 91 65 78 4 0 13 0.00 M M 1.6 8 300 M M 2 13 320
2 91 68 80 6 0 15 T M M 3.7 18 320 M M 2 13 28 310
3 85 69 77 2 0 12 0.00 M M 5.0 16 350 M M 3 22 340
4 86 67 77 2 0 12 0.00 M M 7.3 17 60 M M 1 24 50
5 87 62 75 0 0 10 0.00 M M 4.8 13 90 M M 1 18 90
6 84 63 74 -1 0 9 0.49 M M 5.0 18 160 M M 4 13 26 160
7 83 68 76 1 0 11 0.69 M M 5.2 17 300 M M 6 13 29 300
8 86 66 76 0 0 11 0.12 M M 5.8 25 280 M M 4 3 36 280
9 84 68 76 0 0 11 T M M 5.3 15 340 M M 4 20 340
10 83 60 72 -4 0 7 T M M 3.0 13 100 M M 1 18 150
11 88 67 78 2 0 13 T M M 1.0 9 260 M M 5 13 260
12 91 69 80 4 0 15 T M M 3.5 12 300 M M 2 16 300
13 95 70 83 6 0 18 T M M 3.1 12 280 M M 2 16 270
14 96 75 86 9 0 21 0.00 M M 3.9 10 190 M M 1 16 340
15 99 75 87 10 0 22 0.02 M M 4.4 14 350 M M 1 3 20 350
16 97 72 85 8 0 20 0.91 M M 3.2 23 40 M M 2 13 29 60
17 94 73 84 7 0 19 T M M 4.5 26 10 M M 1 3 41 20
18 91 69 80 3 0 15 0.00 M M 6.7 20 320 M M 0 29 360
19 88 62 75 -3 0 10 0.00 M M 4.2 15 70 M M 0 20 70
20 91 58 75 -3 0 10 0.00 M M 1.7 9 30 M M 0 14 30
21 95 66 81 3 0 16 0.00 M M 4.1 15 330 M M 0 25 310
22 98 66 82 4 0 17 0.00 M M 4.7 16 330 M M 0 22 320
23 97 74 86 8 0 21 0.02 M M 5.6 26 310 M M 1 38 310
24 93 70 82 4 0 17 2.10 M M 6.3 23 230 M M 4 13 34 100
25 91 71 81 3 0 16 0.00 M M 4.2 13 150 M M 4 19 150
26 91 70 81 3 0 16 0.00 M M 3.2 9 80 M M 3 12 170
27 89 72 81 2 0 16 T M M 4.4 18 170 M M 4 3 26 170
28 84 70 77 -2 0 12 0.02 M M 3.8 12 50 M M 5 17 180
29 89 71 80 1 0 15 0.38 M M 3.1 17 70 M M 7 138 26 80
30 90 71 81 2 0 16 0.38 M M 2.5 17 100 M M 5 13 26 90
================================================================================
SM 2707 2047 0 436 5.13 M 124.8 M 75
================================================================================
AV 90.2 68.2 4.2 FASTST M M 3 MAX(MPH)
MISC ----> # 26 10 41 20
================================================================================
NOTES:
# LAST OF SEVERAL OCCURRENCES
COLUMN 17 PEAK WIND IN M.P.H.
PRELIMINARY LOCAL CLIMATOLOGICAL DATA (WS FORM: F-6) , PAGE 2
STATION: FULTON COUNTY AIRPORT
MONTH: JUNE
YEAR: 2022
LATITUDE: 33 46 N
LONGITUDE: 84 31 W
[TEMPERATURE DATA] [PRECIPITATION DATA] SYMBOLS USED IN COLUMN 16
AVERAGE MONTHLY: 79.2 TOTAL FOR MONTH: 5.13 1 = FOG OR MIST
DPTR FM NORMAL: 2.3 DPTR FM NORMAL: 1.29 2 = FOG REDUCING VISIBILITY
HIGHEST: 99 ON 15 GRTST 24HR 2.10 ON 24-24 TO 1/4 MILE OR LESS
LOWEST: 58 ON 20 3 = THUNDER
SNOW, ICE PELLETS, HAIL 4 = ICE PELLETS
TOTAL MONTH: M 5 = HAIL
GRTST 24HR M ON M 6 = FREEZING RAIN OR DRIZZLE
GRTST DEPTH: M ON M 7 = DUSTSTORM OR SANDSTORM:
VSBY 1/2 MILE OR LESS
8 = SMOKE OR HAZE
[NO. OF DAYS WITH] [WEATHER - DAYS WITH] 9 = BLOWING SNOW
X = TORNADO
MAX 32 OR BELOW: 0 0.01 INCH OR MORE: 10
MAX 90 OR ABOVE: 17 0.10 INCH OR MORE: 7
MIN 32 OR BELOW: 0 0.50 INCH OR MORE: 3
MIN 0 OR BELOW: 0 1.00 INCH OR MORE: 1
[HDD (BASE 65) ]
TOTAL THIS MO. 0 CLEAR (SCALE 0-3) 17
DPTR FM NORMAL 0 PTCLDY (SCALE 4-7) 13
TOTAL FM JUL 1 2378 CLOUDY (SCALE 8-10) 0
DPTR FM NORMAL -398
[CDD (BASE 65) ]
TOTAL THIS MO. 436
DPTR FM NORMAL 80 [PRESSURE DATA]
TOTAL FM JAN 1 714 HIGHEST SLP 30.24 ON 20
DPTR FM NORMAL 128 LOWEST SLP 29.80 ON 4
[REMARKS]
#FINAL-06-22#