000
CXUS53 KIWX 010810
CF6FWA
PRELIMINARY LOCAL CLIMATOLOGICAL DATA (WS FORM: F-6)
STATION: FORT WAYNE
MONTH: MARCH
YEAR: 2023
LATITUDE: 41 0 N
LONGITUDE: 85 12 W
TEMPERATURE IN F: :PCPN: SNOW: WIND :SUNSHINE: SKY :PK WND
================================================================================
1 2 3 4 5 6A 6B 7 8 9 10 11 12 13 14 15 16 17 18
12Z AVG MX 2MIN
DY MAX MIN AVG DEP HDD CDD WTR SNW DPTH SPD SPD DIR MIN PSBL S-S WX SPD DR
================================================================================
1 62 33 48 15 17 0 0.00 0.0 0 6.6 15 120 M M 6 1 20 110
2 45 35 40 6 25 0 0.00 0.0 0 7.0 16 330 M M 7 22 320
3 38 33 36 2 29 0 1.18 0.6 0 18.8 41 50 M M 10 18 56 60
4 48 32 40 6 25 0 T 0.0 T 8.7 20 300 M M 7 18 31 300
5 53 32 43 8 22 0 0.00 0.0 0 5.9 15 100 M M 3 18 22 100
6 62 39 51 16 14 0 T 0.0 0 9.6 23 80 M M 9 1 27 70
7 48 32 40 5 25 0 T 0.0 0 12.6 21 30 M M 6 1 28 50
8 47 27 37 1 28 0 0.00 0.0 0 10.3 18 80 M M 7 28 70
9 47 28 38 2 27 0 0.07 0.1 0 15.6 25 70 M M 8 1 31 70
10 35 32 34 -2 31 0 0.20 1.7 1 9.2 21 80 M M 10 1 29 80
11 42 28 35 -2 30 0 0.00 0.0 T 7.1 16 80 M M 8 20 80
12 35 30 33 -4 32 0 0.07 1.1 1 7.7 17 80 M M 10 1 21 80
13 37 28 33 -5 32 0 0.02 0.4 T 13.0 23 330 M M 9 1 35 320
14 37 22 30 -8 35 0 T T 0 11.5 17 330 M M 6 28 330
15 47 18 33 -5 32 0 0.00 0.0 0 6.5 16 220 M M 4 21 210
16 55 32 44 5 21 0 0.08 0.0 0 12.8 25 210 M M 9 1 35 200
17 52 28 40 1 25 0 0.09 0.0 0 19.5 33 210 M M 9 1 47 210
18 28 19 24 -15 41 0 T 0.2 T 17.3 29 270 M M 7 40 260
19 37 18 28 -12 37 0 0.00 0.0 0 13.1 22 250 M M 2 30 260
20 49 24 37 -3 28 0 0.00 0.0 0 14.7 29 220 M M 3 36 220
21 55 28 42 2 23 0 T 0.0 0 10.9 23 210 M M 8 30 200
22 51 40 46 5 19 0 0.69 0.0 0 11.4 18 200 M M 10 13 24 200
23 54 41 48 7 17 0 1.25 0.0 0 8.5 18 350 M M 10 13 24 350
24 43 34 39 -3 26 0 0.11 0.0 0 15.5 24 90 M M 10 1 32 90
25 50 34 42 0 23 0 0.29 0.0 0 18.5 44 240 M M 9 1 62 250
26 60 31 46 4 19 0 0.01 0.0 0 8.1 15 190 M M 4 19 190
27 47 33 40 -3 25 0 T 0.0 0 8.1 16 280 M M 9 1 20 280
28 51 26 39 -4 26 0 0.00 0.0 0 5.4 12 310 M M 4 1 17 330
29 50 23 37 -6 28 0 0.01 0.0 0 11.5 29 270 M M 5 40 270
30 55 21 38 -6 27 0 0.00 0.0 0 7.6 14 140 M M 5 20 140
31 63 47 55 11 10 0 0.79 0.0 0 19.8 45 260 M M 9 138 68 260
================================================================================
SM 1483 928 799 0 4.86 4.1 352.8 M 223
================================================================================
AV 47.8 29.9 11.4 FASTST M M 7 MAX(MPH)
MISC ----> 45 260 68 260
================================================================================
NOTES:
# LAST OF SEVERAL OCCURRENCES
COLUMN 17 PEAK WIND IN M.P.H.
PRELIMINARY LOCAL CLIMATOLOGICAL DATA (WS FORM: F-6) , PAGE 2
STATION: FORT WAYNE
MONTH: MARCH
YEAR: 2023
LATITUDE: 41 0 N
LONGITUDE: 85 12 W
[TEMPERATURE DATA] [PRECIPITATION DATA] SYMBOLS USED IN COLUMN 16
AVERAGE MONTHLY: 38.9 TOTAL FOR MONTH: 4.86 1 = FOG OR MIST
DPTR FM NORMAL: 0.3 DPTR FM NORMAL: 2.05 2 = FOG REDUCING VISIBILITY
HIGHEST: 63 ON 31 GRTST 24HR 1.93 ON 22-23 TO 1/4 MILE OR LESS
LOWEST: 18 ON 19,15 3 = THUNDER
SNOW, ICE PELLETS, HAIL 4 = ICE PELLETS
TOTAL MONTH: 4.1 INCHES 5 = HAIL
GRTST 24HR 1.7 ON 10-10 6 = FREEZING RAIN OR DRIZZLE
GRTST DEPTH: 1 ON 12,10 7 = DUSTSTORM OR SANDSTORM:
VSBY 1/2 MILE OR LESS
8 = SMOKE OR HAZE
[NO. OF DAYS WITH] [WEATHER - DAYS WITH] 9 = BLOWING SNOW
X = TORNADO
MAX 32 OR BELOW: 1 0.01 INCH OR MORE: 14
MAX 90 OR ABOVE: 0 0.10 INCH OR MORE: 7
MIN 32 OR BELOW: 21 0.50 INCH OR MORE: 4
MIN 0 OR BELOW: 0 1.00 INCH OR MORE: 2
[HDD (BASE 65) ]
TOTAL THIS MO. 799 CLEAR (SCALE 0-3) 2
DPTR FM NORMAL -20 PTCLDY (SCALE 4-7) 15
TOTAL FM JUL 1 4757 CLOUDY (SCALE 8-10) 14
DPTR FM NORMAL -558
[CDD (BASE 65) ]
TOTAL THIS MO. 0
DPTR FM NORMAL -1 [PRESSURE DATA]
TOTAL FM JAN 1 0 HIGHEST SLP 30.57 ON 8
DPTR FM NORMAL -1 LOWEST SLP 29.06 ON 3
[REMARKS]
#FINAL-03-23#