000
CXUS55 KRIW 011236
CLMGEY
CLIMATE REPORT
NATIONAL WEATHER SERVICE RIVERTON WY
636 AM MDT SAT APR 01 2023
...................................
...THE GREYBULL WY CLIMATE SUMMARY FOR THE MONTH OF MARCH 2023...
CLIMATE NORMAL PERIOD: 1991 TO 2020
CLIMATE RECORD PERIOD: 1998 TO 2023
WEATHER OBSERVED NORMAL DEPART LAST YEAR`S
VALUE DATE(S) VALUE FROM VALUE
NORMAL
..............................................................
TEMPERATURE (F)
RECORD
HIGH 81 03/31/2012
LOW -24 03/04/2019
HIGHEST 57 03/14
LOWEST 2 03/07
AVG. MAXIMUM 40.5 51.2 -10.7
AVG. MINIMUM 18.1 24.6 -6.5
MEAN 29.3 37.9 -8.6
DAYS MAX >= 90 0
DAYS MAX <= 32 5
DAYS MIN <= 32 30
DAYS MIN <= 0 0
PRECIPITATION (INCHES)
RECORD
MAXIMUM 0.49 2003
MINIMUM 0.00 2009
TOTALS 0.53 0.22 0.31 0.23
DAILY AVG. 0.02 0.01 0.01
DAYS >= .01 5
DAYS >= .10 2
DAYS >= .50 0
DAYS >= 1.00 0
GREATEST
24 HR. TOTAL 0.24 03/21 TO 03/21
STORM TOTAL 0.24
SNOWFALL (INCHES)
TOTALS MM MM MM
SINCE 7/1 MM MM MM
SNOWDEPTH AVG. MM
DAYS >= 1.0 MM
DEGREE DAYS
HEATING TOTAL 1063 840 223
SINCE 7/1 7294 6662 632
COOLING TOTAL 0 0 0
SINCE 1/1 0 0 0
..............................................................
WIND (MPH)
AVERAGE WIND SPEED 7.0
RESULTANT WIND SPEED/DIRECTION 1/310
HIGHEST WIND SPEED/DIRECTION 37/340 DATE 03/15
HIGHEST GUST SPEED/DIRECTION 52/350 DATE 03/15
SKY COVER
POSSIBLE SUNSHINE (PERCENT) MM
AVERAGE SKY COVER 0.36
NUMBER OF DAYS FAIR 16
NUMBER OF DAYS PC 12
NUMBER OF DAYS CLOUDY 2
AVERAGE RH (PERCENT) 66
WEATHER CONDITIONS. NUMBER OF DAYS WITH
THUNDERSTORM 0 MIXED PRECIP 0
HEAVY RAIN 0 RAIN 0
LIGHT RAIN 1 FREEZING RAIN 0
LT FREEZING RAIN 0 HAIL 0
HEAVY SNOW 1 SNOW 3
LIGHT SNOW 8 SLEET 0
FOG 9 FOG W/VIS <= 1/4 MILE 2
HAZE 3
- INDICATES NEGATIVE NUMBERS.
R INDICATES RECORD WAS SET OR TIED.
MM INDICATES DATA IS MISSING.
T INDICATES TRACE AMOUNT.
$$