000
CXUS53 KFGF 010915
CF6GFK
PRELIMINARY LOCAL CLIMATOLOGICAL DATA (WS FORM: F-6)
STATION: GRAND FORKS INTL AP ND
MONTH: JANUARY
YEAR: 2024
LATITUDE: 47 57 N
LONGITUDE: 97 11 W
TEMPERATURE IN F: :PCPN: SNOW: WIND :SUNSHINE: SKY :PK WND
================================================================================
1 2 3 4 5 6A 6B 7 8 9 10 11 12 13 14 15 16 17 18
12Z AVG MX 2MIN
DY MAX MIN AVG DEP HDD CDD WTR SNW DPTH SPD SPD DIR MIN PSBL S-S WX SPD DR
================================================================================
1 31 19 25 17 40 0 T T T 14.9 26 190 M M 5 18 36 190
2 34 25 30 22 35 0 T 0.1 T 11.6 20 360 M M 9 1 26 350
3 27 17 22 15 43 0 T 0.3 T 11.4 23 10 M M 10 8 29 340
4 27 17 22 15 43 0 T 0.1 0 11.2 23 190 M M 10 29 190
5 30 25 28 21 37 0 0.12 1.1 1 7.6 13 350 M M 10 1 16 340
6 27 -2 13 6 52 0 T 0.5 T 12.7 22 340 M M 7 16 25 330
7 5 -2 2 -5 63 0 0.00 0.0 1 8.3 15 350 M M 6 17 350
8 12 4 8 2 57 0 T T 1 4.8 12 30 M M 10 14 30
9 10 -8 1 -5 64 0 T T 1 4.6 10 140 M M 5 8 13 150
10 21 3 12 6 53 0 T T 1 12.8 21 300 M M 10 18 25 290
11 13 -6 4 -2 61 0 T T 1 16.6 24 300 M M 8 89 32 300
12 1 -7 -3 -9 68 0 T 0.2 1 17.6 26 330 M M 9 89 34 340
13 -1 -9 -5 -11 70 0 0.05 1.1 2 20.0 28 330 M M 10 9 36 330
14 -7 -15 -11 -17 76 0 0.00 0.0 3 14.2 21 300 M M 3 8 25 300
15 -3 -14 -8 -14 73 0 T T 3 19.6 26 300 M M 6 9 33 300
16 8 -6 1 -5 64 0 T T 3 16.9 24 290 M M 9 18 31 300
17 6 -7 0 -6 65 0 T T 3 7.2 13 300 M M 5 8 17 320
18 4 -6 -1 -7 66 0 T T 3 11.4 22 310 M M 7 19 26 300
19 4 -6 -1 -7 66 0 T T 3 6.7 13 350 M M 7 8 16 350
20 8 -10 -1 -7 66 0 T T 3 14.6 33 180 M M 7 89 44 180
21 22 8 15 9 50 0 0.07 0.2 3 16.1 32 180 M M 9 148 42 180
22 22 11 17 11 48 0 0.02 0.7 4 11.5 21 10 M M 9 18 24 10
23 29 11 20 14 45 0 0.00 0.0 5 10.2 32 180 M M 10 189 39 180
24 31 30 31 25 34 0 T 0.0 5 12.6 28 190 M M 10 168 35 180
25 30 27 29 23 36 0 0.00 0.0 5 3.8 8 210 M M 10 18 M M
26 29 18 24 18 41 0 0.00 0.0 4 10.7 17 190 M M 8 12 21 200
27 38 14 26 20 39 0 0.00 0.0 4 5.2 10 150 M M 1 18 11 150
28 38 20 29 23 36 0 0.00 0.0 4 8.0 14 150 M M 0 1 M M
29 42 25 34 28 31 0 0.00 0.0 4 10.0 16 320 M M 5 21 330
30 36 31 34 27 31 0 0.00 0.0 3 10.9 20 180 M M 7 128 26 180
31 49 31 40 33 25 0 0.00 0.0 3 7.1 13 180 M M 2 16 180
================================================================================
SM 623 238 1578 0 0.26 4.3 350.8 M 224
================================================================================
AV 20.1 7.7 11.3 FASTST M M 7 MAX(MPH)
MISC ----> 33 180 44 180
================================================================================
NOTES:
# LAST OF SEVERAL OCCURRENCES
COLUMN 17 PEAK WIND IN M.P.H.
PRELIMINARY LOCAL CLIMATOLOGICAL DATA (WS FORM: F-6) , PAGE 2
STATION: GRAND FORKS INTL AP ND
MONTH: JANUARY
YEAR: 2024
LATITUDE: 47 57 N
LONGITUDE: 97 11 W
[TEMPERATURE DATA] [PRECIPITATION DATA] SYMBOLS USED IN COLUMN 16
AVERAGE MONTHLY: 13.9 TOTAL FOR MONTH: 0.26 1 = FOG OR MIST
DPTR FM NORMAL: 7.6 DPTR FM NORMAL: -0.23 2 = FOG REDUCING VISIBILITY
HIGHEST: 49 ON 31 GRTST 24HR 0.12 ON 5- 5 TO 1/4 MILE OR LESS
LOWEST: -15 ON 14 3 = THUNDER
SNOW, ICE PELLETS, HAIL 4 = ICE PELLETS
TOTAL MONTH: 4.3 INCHES 5 = HAIL
GRTST 24HR 1.1 ON 5- 5 6 = FREEZING RAIN OR DRIZZLE
GRTST DEPTH: 5 ON 25,24 7 = DUSTSTORM OR SANDSTORM:
VSBY 1/2 MILE OR LESS
8 = SMOKE OR HAZE
[NO. OF DAYS WITH] [WEATHER - DAYS WITH] 9 = BLOWING SNOW
X = TORNADO
MAX 32 OR BELOW: 25 0.01 INCH OR MORE: 4
MAX 90 OR ABOVE: 0 0.10 INCH OR MORE: 1
MIN 32 OR BELOW: 31 0.50 INCH OR MORE: 0
MIN 0 OR BELOW: 13 1.00 INCH OR MORE: 0
[HDD (BASE 65) ]
TOTAL THIS MO. 1578 CLEAR (SCALE 0-3) 3
DPTR FM NORMAL -240 PTCLDY (SCALE 4-7) 12
TOTAL FM JUL 1 4567 CLOUDY (SCALE 8-10) 16
DPTR FM NORMAL -1015
[CDD (BASE 65) ]
TOTAL THIS MO. 0
DPTR FM NORMAL 0 [PRESSURE DATA]
TOTAL FM JAN 1 0 HIGHEST SLP 30.68 ON 20
DPTR FM NORMAL 0 LOWEST SLP 29.41 ON 10
[REMARKS]
#FINAL-01-24#