000
CXUS53 KFGF 010923
CLMGFK
CLIMATE REPORT
NATIONAL WEATHER SERVICE GRAND FORKS
345 AM CDT SAT JUL 01 2023
...................................
...THE GRAND FORKS INTL AP ND CLIMATE SUMMARY FOR THE MONTH OF JUNE 2023...
CLIMATE NORMAL PERIOD 1991 TO 2020
CLIMATE RECORD PERIOD 1941 TO 2023
WEATHER OBSERVED NORMAL DEPART LAST YEAR`S
VALUE DATE(S) VALUE FROM VALUE DATE(S)
NORMAL
................................................................
TEMPERATURE (F)
RECORD
HIGH 103 06/04/2021
LOW 30 06/20/1969
06/06/1953
HIGHEST 100 06/20 77 23 100 06/19
LOWEST 44 06/11 53 -9 37 06/03
AVG. MAXIMUM 83.8 76.4 7.4 80.0
AVG. MINIMUM 59.4 52.9 6.5 53.5
MEAN 71.6 64.6 7.0 66.8
DAYS MAX >= 90 7 1.7 5.3 4
DAYS MAX <= 32 0 0.0 0.0 0
DAYS MIN <= 32 0 0.0 0.0 0
DAYS MIN <= 0 0 0.0 0.0 0
PRECIPITATION (INCHES)
RECORD
MAXIMUM 7.88 1964
MINIMUM 0.68 2004
TOTALS 2.23 3.77 -1.54 2.16
DAILY AVG. 0.07 0.13 -0.06 0.07
DAYS >= .01 10 12.1 -2.1 8
DAYS >= .10 3 6.8 -3.8 3
DAYS >= .50 1 2.3 -1.3 2
DAYS >= 1.00 1 0.8 0.2 1
GREATEST
24 HR. TOTAL 1.15 06/24 TO 06/25
SNOWFALL (INCHES)
RECORDS
TOTAL T 2010
TOTALS 0.0 0.0 0.0 0.0
SINCE 7/1 62.6 48.4 14.2 MM
SNOWDEPTH AVG. 0 0
DAYS >= 1.0 0 0.0 0.0 0
GREATEST
SNOW DEPTH 0 0 MM
24 HR TOTAL MM
DEGREE DAYS
HEATING TOTAL 9 90 -81 68
SINCE 7/1 9654 9536 118 MM
COOLING TOTAL 215 79 136 129
SINCE 1/1 298 94 204 MM
................................................................
WIND (MPH)
AVERAGE WIND SPEED 8.6
HIGHEST WIND SPEED/DIRECTION 31/170 DATE 06/20
HIGHEST GUST SPEED/DIRECTION 45/160 DATE 06/20
SKY COVER
POSSIBLE SUNSHINE (PERCENT) MM
AVERAGE SKY COVER 0.48
NUMBER OF DAYS FAIR 8
NUMBER OF DAYS PC 19
NUMBER OF DAYS CLOUDY 3
AVERAGE RH (PERCENT) 64
WEATHER CONDITIONS. NUMBER OF DAYS WITH
THUNDERSTORM 9 MIXED PRECIP 0
HEAVY RAIN 4 RAIN 3
LIGHT RAIN 13 FREEZING RAIN 0
LT FREEZING RAIN 0 HAIL 0
HEAVY SNOW 0 SNOW 0
LIGHT SNOW 0 SLEET 0
FOG 15 FOG W/VIS <= 1/4 MILE 1
HAZE 16
- INDICATES NEGATIVE NUMBERS.
R INDICATES RECORD WAS SET OR TIED.
MM INDICATES DATA IS MISSING.
T INDICATES TRACE AMOUNT.
&&
THE MONTH OF JUNE AT THE GRAND FORKS INTERNATIONAL AIRPORT WAS ABOVE
NORMAL IN TEMPERATURES AND BELOW NORMAL IN PRECIPITATION.
THE AVERAGE TEMPERATURE FOR THE MONTH WAS 71.6 DEGREES WHICH WAS 7.0
DEGREES ABOVE NORMAL. THIS SETS A RECORD, MAKING JUNE 2023 THE
WARMEST JUNE ON RECORD, GOING BACK TO 1941. THE PREVIOUS RECORD WAS
71.4 DEGREES SET IN 1988.
THE MONTHLY AVERAGE MAXIMUM TEMPERATURE WAS 83.8 DEGREES WHICH IS
4TH WARMEST FOR JUNE. THE RECORD IS JUNE 1988 WITH AN AVERAGE MAX
TEMP OF 85.7 DEGREES.
THE MONTHLY AVERAGE MINIMUM TEMPERATURE WAS 59.4 DEGREES WHICH IS
THE WARMEST EVER RECORDED FOR JUNE. THE PREVIOUS RECORD WAS
59.1 DEGREES IN 1995.
ONE TEMPERATURE RECORD WAS SET FOR THE MONTH. THE HIGH TEMPERATURE
OF 100 REPORTED ON JUNE 20 BROKE THE PREVIOUS RECORD OF 96 SET IN
1995. OTHERWISE, THE HIGH OF 93 DEGREES REPORTED ON JUNE 1 WAS THE
SECOND HIGHEST TEMPERATURE FOR THAT DATE WITH THE RECORD OF 94 SET
IN 2020.
PRECIPITATION FOR THE MONTH WAS BELOW NORMAL. TOTAL LIQUID
PRECIPITATION WAS 2.23 INCHES WHICH WAS 1.54 INCHES BELOW NORMAL.
ONE DAILY PRECIPITATION RECORD WAS SET DURING THE MONTH. JUNE 24 SAW
A RECORD OF 1.07 INCHES FOR THAT DATE BREAKING THE PREVIOUS RECORD
OF 0.73 INCHES SET IN 1966.
REMEMBER, THIS DATA IS PROVISIONAL AND SUBJECT TO CHANGE. THE FINAL
AND OFFICIAL RECORDS WILL BE AVAILABLE FROM THE NATIONAL CENTERS FOR
ENVIRONMENTAL INFORMATION (NCEI).
$$