000
CXUS54 KMAF 011110
CF6GNC
PRELIMINARY LOCAL CLIMATOLOGICAL DATA (WS FORM: F-6)
STATION: GAINES COUNTY AIRPORT
MONTH: MARCH
YEAR: 2023
LATITUDE: 32 40 N
LONGITUDE: 102 39 W
TEMPERATURE IN F: :PCPN: SNOW: WIND :SUNSHINE: SKY :PK WND
================================================================================
1 2 3 4 5 6A 6B 7 8 9 10 11 12 13 14 15 16 17 18
12Z AVG MX 2MIN
DY MAX MIN AVG DEP HDD CDD WTR SNW DPTH SPD SPD DIR MIN PSBL S-S WX SPD DR
================================================================================
1 71 47 59 M 6 0 M M M 9.6 21 230 M M 0 30 230
2 72 33 53 M 12 0 M M M 10.9 36 260 M M 0 8 49 260
3 67 32 50 M 15 0 M M M 8.7 15 260 M M 0 23 250
4 70 37 54 M 11 0 M M M 8.5 17 340 M M 0 23 360
5 80 42 61 M 4 0 M M M 11.4 21 240 M M 0 29 240
6 83 49 66 M 0 1 M M M 9.4 15 210 M M 0 21 250
7 80 44 62 M 3 0 M M M 5.8 16 360 M M 0 25 40
8 55 42 49 M 16 0 M M M 9.5 14 60 M M 9 1 21 50
9 66 43 55 M 10 0 M M M 4.3 16 100 M M 5 1 22 80
10 72 45 59 M 6 0 M M M 10.7 18 190 M M 5 22 90
11 85 52 69 M 0 4 M M M 12.6 21 270 M M 0 30 260
12 71 44 58 M 7 0 M M M 7.9 21 100 M M 0 30 100
13 62 35 49 M 16 0 M M M 11.2 20 90 M M 0 26 90
14 66 32 49 M 16 0 M M M 8.5 12 120 M M 0 M M
15 79 43 61 M 4 0 M M M 12.2 20 220 M M 2 24 190
16 75 36 56 M 9 0 M M M 17.4 29 10 M M 1 18 44 10
17 50 35 43 M 22 0 M M M 8.5 17 30 M M 2 24 30
18 52 32 42 M 23 0 M M M 5.0 10 60 M M 0 16 60
19 56 28 42 M 23 0 M M M 10.1 18 160 M M 0 24 170
20 68 36 52 M 13 0 M M M 12.1 17 180 M M 1 26 180
21 79 42 61 M 4 0 M M M 10.7 24 230 M M 1 32 230
22 85 52 69 M 0 4 M M M 10.4 24 220 M M 0 31 230
23 80 50 65 M 0 0 M M M 7.8 21 290 M M 0 28 290
24 68 43 56 M 9 0 M M M 13.4 28 250 M M 0 36 250
25 68 40 54 M 11 0 M M M 11.0 24 310 M M 0 35 310
26 71 38 55 M 10 0 M M M 7.5 17 50 M M 0 23 50
27 69 37 53 M 12 0 M M M 7.4 18 10 M M 0 8 24 10
28 58 33 46 M 19 0 M M M 11.1 28 30 M M 1 8 32 30
29 76 45 61 M 4 0 M M M 9.1 14 160 M M 2 18 190
30 82 47 65 M 0 0 M M M 11.2 20 180 M M 0 30 180
31 69 46 58 M 7 0 M M M 13.9 26 290 M M 0 1 36 290
================================================================================
SM 2185 1260 292 9 M M 307.8 M 29
================================================================================
AV 70.5 40.6 9.9 FASTST M M 1 MAX(MPH)
MISC ----> 36 260 49 260
================================================================================
NOTES:
# LAST OF SEVERAL OCCURRENCES
COLUMN 17 PEAK WIND IN M.P.H.
PRELIMINARY LOCAL CLIMATOLOGICAL DATA (WS FORM: F-6) , PAGE 2
STATION: GAINES COUNTY AIRPORT
MONTH: MARCH
YEAR: 2023
LATITUDE: 32 40 N
LONGITUDE: 102 39 W
[TEMPERATURE DATA] [PRECIPITATION DATA] SYMBOLS USED IN COLUMN 16
AVERAGE MONTHLY: 55.6 TOTAL FOR MONTH: M 1 = FOG OR MIST
DPTR FM NORMAL: 0.0 DPTR FM NORMAL: M 2 = FOG REDUCING VISIBILITY
HIGHEST: 85 ON 22,11 GRTST 24HR M ON M TO 1/4 MILE OR LESS
LOWEST: 28 ON 19 3 = THUNDER
SNOW, ICE PELLETS, HAIL 4 = ICE PELLETS
TOTAL MONTH: M 5 = HAIL
GRTST 24HR M ON M 6 = FREEZING RAIN OR DRIZZLE
GRTST DEPTH: M ON M 7 = DUSTSTORM OR SANDSTORM:
VSBY 1/2 MILE OR LESS
8 = SMOKE OR HAZE
[NO. OF DAYS WITH] [WEATHER - DAYS WITH] 9 = BLOWING SNOW
X = TORNADO
MAX 32 OR BELOW: 0 0.01 INCH OR MORE: 0
MAX 90 OR ABOVE: 0 0.10 INCH OR MORE: 0
MIN 32 OR BELOW: 4 0.50 INCH OR MORE: 0
MIN 0 OR BELOW: 0 1.00 INCH OR MORE: 0
[HDD (BASE 65) ]
TOTAL THIS MO. 292 CLEAR (SCALE 0-3) 28
DPTR FM NORMAL M PTCLDY (SCALE 4-7) 2
TOTAL FM JUL 1 2579 CLOUDY (SCALE 8-10) 1
DPTR FM NORMAL M
[CDD (BASE 65) ]
TOTAL THIS MO. 9
DPTR FM NORMAL M [PRESSURE DATA]
TOTAL FM JAN 1 10 HIGHEST SLP M ON M
DPTR FM NORMAL M LOWEST SLP M ON M
[REMARKS]
#FINAL-03-23#