000
CXUS54 KMAF 011210
CF6GNC
PRELIMINARY LOCAL CLIMATOLOGICAL DATA (WS FORM: F-6)
STATION: GAINES COUNTY AIRPORT
MONTH: NOVEMBER
YEAR: 2021
LATITUDE: 32 40 N
LONGITUDE: 102 39 W
TEMPERATURE IN F: :PCPN: SNOW: WIND :SUNSHINE: SKY :PK WND
================================================================================
1 2 3 4 5 6A 6B 7 8 9 10 11 12 13 14 15 16 17 18
12Z AVG MX 2MIN
DY MAX MIN AVG DEP HDD CDD WTR SNW DPTH SPD SPD DIR MIN PSBL S-S WX SPD DR
================================================================================
1 71 42 57 M 8 0 M M M 4.9 8 120 M M 0 M M
2 57 44 51 M 14 0 M M M 9.1 15 70 M M 10 1 20 80
3 50 42 46 M 19 0 M M M 8.1 12 60 M M 9 1 16 60
4 61 32 47 M 18 0 M M M 3.5 8 140 M M 1 M M
5 76 33 55 M 10 0 M M M 4.9 12 180 M M 2 12 M M
6 80 35 58 M 7 0 M M M 4.2 10 200 M M 1 12 18 200
7 84 37 61 M 4 0 M M M 5.8 12 210 M M 0 18 210
8 87 42 65 M 0 0 M M M 6.6 12 210 M M 0 16 230
9 77 47 62 M 3 0 M M M 5.0 8 160 M M 0 M M
10 77 47 62 M 3 0 M M M 10.4 22 280 M M 0 1 31 280
11 68 41 55 M 10 0 M M M 5.6 12 110 M M 0 17 110
12 61 36 49 M 16 0 M M M 9.0 28 40 M M 0 8 33 20
13 74 31 53 M 12 0 M M M 8.1 15 220 M M 0 22 200
14 72 41 57 M 8 0 M M M 7.2 20 50 M M 0 24 50
15 85 36 61 M 4 0 M M M 8.0 14 270 M M 0 20 250
16 85 40 63 M 2 0 M M M 9.9 17 270 M M 0 24 250
17 69 44 57 M 8 0 M M M 12.5 18 360 M M 0 26 360
18 54 32 43 M 22 0 M M M 7.7 13 10 M M 0 18 10
19 67 32 50 M 15 0 M M M 8.1 15 210 M M 0 22 190
20 82 38 60 M 5 0 M M M 9.1 16 250 M M 0 23 260
21 60 39 50 M 15 0 M M M 11.3 23 40 M M 0 29 40
22 66 29 48 M 17 0 M M M 7.0 12 250 M M 0 17 250
23 75 32 54 M 11 0 M M M 8.1 16 210 M M 0 20 210
24 72 49 61 M 4 0 M M M 9.5 21 260 M M 0 28 230
25 54 38 46 M 19 0 M M M 10.6 20 10 M M 0 29 10
26 63 28 46 M 19 0 M M M 6.9 12 230 M M 0 18 220
27 61 43 52 M 13 0 M M M 4.1 14 10 M M 4 17 340
28 64 37 51 M 14 0 M M M 6.6 13 10 M M 0 M M
29 77 36 57 M 8 0 M M M 7.2 10 210 M M 0 M M
30 78 35 57 M 8 0 M M M 8.0 13 270 M M 0 17 280
================================================================================
SM 2107 1138 316 0 M M 227.0 M 27
================================================================================
AV 70.2 37.9 7.6 FASTST M M 1 MAX(MPH)
MISC ----> 28 40 33 20
================================================================================
NOTES:
# LAST OF SEVERAL OCCURRENCES
COLUMN 17 PEAK WIND IN M.P.H.
PRELIMINARY LOCAL CLIMATOLOGICAL DATA (WS FORM: F-6) , PAGE 2
STATION: GAINES COUNTY AIRPORT
MONTH: NOVEMBER
YEAR: 2021
LATITUDE: 32 40 N
LONGITUDE: 102 39 W
[TEMPERATURE DATA] [PRECIPITATION DATA] SYMBOLS USED IN COLUMN 16
AVERAGE MONTHLY: 54.1 TOTAL FOR MONTH: M 1 = FOG OR MIST
DPTR FM NORMAL: 0.0 DPTR FM NORMAL: M 2 = FOG REDUCING VISIBILITY
HIGHEST: 87 ON 8 GRTST 24HR M ON M TO 1/4 MILE OR LESS
LOWEST: 28 ON 26 3 = THUNDER
SNOW, ICE PELLETS, HAIL 4 = ICE PELLETS
TOTAL MONTH: M 5 = HAIL
GRTST 24HR M ON M 6 = FREEZING RAIN OR DRIZZLE
GRTST DEPTH: M ON M 7 = DUSTSTORM OR SANDSTORM:
VSBY 1/2 MILE OR LESS
8 = SMOKE OR HAZE
[NO. OF DAYS WITH] [WEATHER - DAYS WITH] 9 = BLOWING SNOW
X = TORNADO
MAX 32 OR BELOW: 0 0.01 INCH OR MORE: 0
MAX 90 OR ABOVE: 0 0.10 INCH OR MORE: 0
MIN 32 OR BELOW: 7 0.50 INCH OR MORE: 0
MIN 0 OR BELOW: 0 1.00 INCH OR MORE: 0
[HDD (BASE 65) ]
TOTAL THIS MO. 316 CLEAR (SCALE 0-3) 27
DPTR FM NORMAL M PTCLDY (SCALE 4-7) 1
TOTAL FM JUL 1 388 CLOUDY (SCALE 8-10) 2
DPTR FM NORMAL M
[CDD (BASE 65) ]
TOTAL THIS MO. 0
DPTR FM NORMAL M [PRESSURE DATA]
TOTAL FM JAN 1 2003 HIGHEST SLP M ON M
DPTR FM NORMAL M LOWEST SLP M ON M
[REMARKS]
#FINAL-11-21#