000
CXUS54 KMAF 011110
CF6GNC
PRELIMINARY LOCAL CLIMATOLOGICAL DATA (WS FORM: F-6)
STATION: GAINES COUNTY AIRPORT
MONTH: SEPTEMBER
YEAR: 2023
LATITUDE: 32 40 N
LONGITUDE: 102 39 W
TEMPERATURE IN F: :PCPN: SNOW: WIND :SUNSHINE: SKY :PK WND
================================================================================
1 2 3 4 5 6A 6B 7 8 9 10 11 12 13 14 15 16 17 18
12Z AVG MX 2MIN
DY MAX MIN AVG DEP HDD CDD WTR SNW DPTH SPD SPD DIR MIN PSBL S-S WX SPD DR
================================================================================
1 98 66 82 M 0 17 M M M 5.6 12 150 M M 0 18 100
2 97 66 82 M 0 17 M M M 3.4 8 150 M M 0 M M
3 98 67 83 M 0 18 M M M 8.4 14 230 M M 0 20 230
4 101 75 88 M 0 23 M M M 10.7 15 210 M M 1 20 190
5 101 71 86 M 0 21 M M M 8.2 13 50 M M 0 8 17 190
6 99 71 85 M 0 20 M M M 7.0 13 100 M M 0 16 100
7 101 74 88 M 0 23 M M M 7.5 14 180 M M 0 23 180
8 103 72 88 M 0 23 M M M 6.4 13 200 M M 0 18 210
9 100 71 86 M 0 21 M M M 6.4 22 340 M M 0 8 37 0
10 93 68 81 M 0 16 0.07 M M 7.4 16 310 M M 1 26 310
11 94 66 80 M 0 15 0.24 M M 8.1 23 30 M M 4 31 30
12 66 62 64 M 1 0 0.23 M M 8.4 17 50 M M 10 23 40
13 72 63 68 M 0 3 0.14 M M 6.3 12 130 M M 9 1 M M
14 82 64 73 M 0 8 0.10 M M 6.1 10 100 M M 6 12 M M
15 84 60 72 M 0 7 0.05 M M 5.7 10 60 M M 3 1 M M
16 79 60 70 M 0 5 0.39 M M 6.0 16 50 M M 4 33 70
17 83 62 73 M 0 8 M M M 2.1 7 80 M M 1 M M
18 89 63 76 M 0 11 M M M 6.8 13 200 M M 1 17 190
19 96 65 81 M 0 16 M M M 5.9 13 270 M M 1 24 270
20 94 62 78 M 0 13 M M M 4.1 12 210 M M 0 M M
21 85 71 78 M 0 13 M M M 3.5 10 200 M M 2 M M
22 97 66 82 M 0 17 M M M 5.4 13 250 M M 0 20 250
23 99 67 83 M 0 18 M M M 6.6 16 250 M M 0 24 0
24 94 64 79 M 0 14 M M M 6.1 10 310 M M 0 16 350
25 87 67 77 M 0 12 M M M 7.8 14 50 M M 2 20 50
26 88 62 75 M 0 10 M M M 4.0 13 140 M M 0 17 140
27 92 65 79 M 0 14 M M M 5.5 12 150 M M 0 16 150
28 94 64 79 M 0 14 M M M 8.1 14 140 M M 0 18 160
29 95 67 81 M 0 16 M M M 10.6 25 310 M M 1 8 35 300
30 88 71 80 M 0 15 M M M 11.1 16 150 M M 1 25 320
================================================================================
SM 2749 1992 1 428 1.22 M 199.4 M 47
================================================================================
AV 91.6 66.4 6.6 FASTST M M 2 MAX(MPH)
MISC ----> 25 310 37 0
================================================================================
NOTES:
# LAST OF SEVERAL OCCURRENCES
COLUMN 17 PEAK WIND IN M.P.H.
PRELIMINARY LOCAL CLIMATOLOGICAL DATA (WS FORM: F-6) , PAGE 2
STATION: GAINES COUNTY AIRPORT
MONTH: SEPTEMBER
YEAR: 2023
LATITUDE: 32 40 N
LONGITUDE: 102 39 W
[TEMPERATURE DATA] [PRECIPITATION DATA] SYMBOLS USED IN COLUMN 16
AVERAGE MONTHLY: 79.0 TOTAL FOR MONTH: 1.22 1 = FOG OR MIST
DPTR FM NORMAL: 0.0 DPTR FM NORMAL: M 2 = FOG REDUCING VISIBILITY
HIGHEST: 103 ON 8 GRTST 24HR 0.39 ON 16-16 TO 1/4 MILE OR LESS
LOWEST: 60 ON 16,15 3 = THUNDER
SNOW, ICE PELLETS, HAIL 4 = ICE PELLETS
TOTAL MONTH: M 5 = HAIL
GRTST 24HR M ON M 6 = FREEZING RAIN OR DRIZZLE
GRTST DEPTH: M ON M 7 = DUSTSTORM OR SANDSTORM:
VSBY 1/2 MILE OR LESS
8 = SMOKE OR HAZE
[NO. OF DAYS WITH] [WEATHER - DAYS WITH] 9 = BLOWING SNOW
X = TORNADO
MAX 32 OR BELOW: 0 0.01 INCH OR MORE: 7
MAX 90 OR ABOVE: 19 0.10 INCH OR MORE: 4
MIN 32 OR BELOW: 0 0.50 INCH OR MORE: 0
MIN 0 OR BELOW: 0 1.00 INCH OR MORE: 0
[HDD (BASE 65) ]
TOTAL THIS MO. 1 CLEAR (SCALE 0-3) 25
DPTR FM NORMAL M PTCLDY (SCALE 4-7) 3
TOTAL FM JUL 1 1 CLOUDY (SCALE 8-10) 2
DPTR FM NORMAL M
[CDD (BASE 65) ]
TOTAL THIS MO. 428
DPTR FM NORMAL M [PRESSURE DATA]
TOTAL FM JAN 1 2471 HIGHEST SLP M ON M
DPTR FM NORMAL M LOWEST SLP M ON M
[REMARKS]
#FINAL-09-23#