094
CXUS52 KJAX 020403
CF6GNV
PRELIMINARY LOCAL CLIMATOLOGICAL DATA (WS FORM: F-6)
STATION: GAINESVILLE
MONTH: DECEMBER
YEAR: 2020
LATITUDE: 29 40 N
LONGITUDE: 82 16 W
TEMPERATURE IN F: :PCPN: SNOW: WIND :SUNSHINE: SKY :PK WND
================================================================================
1 2 3 4 5 6A 6B 7 8 9 10 11 12 13 14 15 16 17 18
12Z AVG MX 2MIN
DY MAX MIN AVG DEP HDD CDD WTR SNW DPTH SPD SPD DIR MIN PSBL S-S WX SPD DR
================================================================================
1 52 29 41 -18 24 0 0.00 0.0 0 7.3 16 340 M M 0 23 310
2 59 26 43 -16 22 0 0.00 0.0 0 4.3 13 10 M M 0 18 10
3 72 30 51 -8 14 0 0.00 0.0 0 3.4 15 140 M M 2 19 130
4 74 54 64 6 1 0 T 0.0 0 4.1 13 300 M M 8 18 180
5 65 41 53 -5 12 0 0.09 0.0 0 6.1 16 330 M M 2 1 22 340
6 63 40 52 -6 13 0 0.19 0.0 0 3.0 12 130 M M 5 1 14 130
7 64 42 53 -5 12 0 0.10 0.0 0 8.0 20 270 M M 5 1 25 250
8 55 33 44 -14 21 0 0.00 0.0 0 7.1 14 280 M M 0 19 350
9 62 30 46 -11 19 0 0.00 0.0 0 5.2 16 260 M M 0 19 250
10 70 37 54 -3 11 0 0.00 0.0 0 1.7 10 320 M M 1 12 13 280
11 70 38 54 -3 11 0 0.00 0.0 0 1.8 13 130 M M 1 12 16 130
12 68 44 56 -1 9 0 T 0.0 0 1.6 10 140 M M 7 12 13 130
13 77 54 66 10 0 1 0.00 0.0 0 0.8 8 180 M M 5 12 10 180
14 78 54 66 10 0 1 0.03 0.0 0 7.0 20 220 M M 5 12 25 250
15 73 50 62 6 3 0 0.00 0.0 0 6.8 14 20 M M 6 17 30
16 67 52 60 4 5 0 0.83 0.0 0 5.9 17 120 M M 10 123 19 120
17 66 38 52 -4 13 0 T 0.0 0 8.2 16 340 M M 6 1 20 330
18 56 28 42 -14 23 0 0.00 0.0 0 5.5 14 350 M M 1 20 350
19 67 38 53 -2 12 0 T 0.0 0 5.7 14 30 M M 3 1 17 40
20 71 45 58 3 7 0 0.07 0.0 0 4.1 15 180 M M 7 12 19 190
21 67 42 55 0 10 0 0.00 0.0 0 7.6 18 290 M M 5 25 290
22 70 40 55 0 10 0 0.00 0.0 0 3.3 10 340 M M 0 1 15 340
23 73 35 54 -1 11 0 0.00 0.0 0 2.6 14 130 M M 1 18 130
24 78 42 60 5 5 0 0.58 0.0 0 9.8 38 290 M M 5 1 55 250
25 51 27 39 -16 26 0 0.00 0.0 0 9.5 20 260 M M 1 27 280
26 50 24 37 -17 28 0 0.00 0.0 0 3.0 10 280 M M 0 14 290
27 64 24 44 -10 21 0 0.00 0.0 0 2.4 9 90 M M 0 13 60
28 72 37 55 1 10 0 0.00 0.0 0 1.4 10 30 M M 0 13 30
29 72 39 56 2 9 0 0.00 0.0 0 3.6 14 70 M M 1 18 50
30 77 46 62 8 3 0 0.00 0.0 0 5.0 15 130 M M 4 1 19 120
31 80 58 69 15 0 4 0.00 0.0 0 8.9 22 170 M M 5 31 160
================================================================================
SM 2083 1217 365 6 1.89 0.0 154.7 M 96
================================================================================
AV 67.2 39.3 5.0 FASTST M M 3 MAX(MPH)
MISC ----> 38 290 55 250
================================================================================
NOTES:
# LAST OF SEVERAL OCCURRENCES
COLUMN 17 PEAK WIND IN M.P.H.
PRELIMINARY LOCAL CLIMATOLOGICAL DATA (WS FORM: F-6) , PAGE 2
STATION: GAINESVILLE
MONTH: DECEMBER
YEAR: 2020
LATITUDE: 29 40 N
LONGITUDE: 82 16 W
[TEMPERATURE DATA] [PRECIPITATION DATA] SYMBOLS USED IN COLUMN 16
AVERAGE MONTHLY: 53.2 TOTAL FOR MONTH: 1.89 1 = FOG OR MIST
DPTR FM NORMAL: -2.9 DPTR FM NORMAL: -0.59 2 = FOG REDUCING VISIBILITY
HIGHEST: 80 ON 31 GRTST 24HR 0.83 ON 16-16 TO 1/4 MILE OR LESS
LOWEST: 24 ON 27,26 3 = THUNDER
SNOW, ICE PELLETS, HAIL 4 = ICE PELLETS
TOTAL MONTH: 0.0 INCH 5 = HAIL
GRTST 24HR 0.0 6 = FREEZING RAIN OR DRIZZLE
GRTST DEPTH: 0 7 = DUSTSTORM OR SANDSTORM:
VSBY 1/2 MILE OR LESS
8 = SMOKE OR HAZE
[NO. OF DAYS WITH] [WEATHER - DAYS WITH] 9 = BLOWING SNOW
X = TORNADO
MAX 32 OR BELOW: 0 0.01 INCH OR MORE: 7
MAX 90 OR ABOVE: 0 0.10 INCH OR MORE: 4
MIN 32 OR BELOW: 8 0.50 INCH OR MORE: 2
MIN 0 OR BELOW: 0 1.00 INCH OR MORE: 0
[HDD (BASE 65) ]
TOTAL THIS MO. 365 CLEAR (SCALE 0-3) 17
DPTR FM NORMAL 69 PTCLDY (SCALE 4-7) 13
TOTAL FM JUL 1 417 CLOUDY (SCALE 8-10) 1
DPTR FM NORMAL -39
[CDD (BASE 65) ]
TOTAL THIS MO. 6
DPTR FM NORMAL -16 [PRESSURE DATA]
TOTAL FM JAN 1 3082 HIGHEST SLP 30.41 ON 18
DPTR FM NORMAL 444 LOWEST SLP 29.76 ON 24
[REMARKS]
#FINAL-12-20#