000
CXUS54 KFWD 010730
CF6GOP
PRELIMINARY LOCAL CLIMATOLOGICAL DATA (WS FORM: F-6)
STATION: GATESVILLE
MONTH: SEPTEMBER
YEAR: 2022
LATITUDE: 31 25 N
LONGITUDE: 97 48 W
TEMPERATURE IN F: :PCPN: SNOW: WIND :SUNSHINE: SKY :PK WND
================================================================================
1 2 3 4 5 6A 6B 7 8 9 10 11 12 13 14 15 16 17 18
12Z AVG MX 2MIN
DY MAX MIN AVG DEP HDD CDD WTR SNW DPTH SPD SPD DIR MIN PSBL S-S WX SPD DR
================================================================================
1 88 73 81 0 0 16 0.00 M M M M M M M 3 M M
2 90 72 81 1 0 16 0.00 M M M M M M M 1 M M
3 88 75 82 2 0 17 0.00 M M M M M M M 1 M M
4 95 70 83 3 0 18 0.23 M M M M M M M 1 M M
5 93 66 80 0 0 15 T M M M M M M M 0 M M
6 95 72 84 5 0 19 0.01 M M M M M M M 1 38 M M
7 95 72 84 5 0 19 0.00 M M M M M M M 1 M M
8 91 70 81 2 0 16 0.00 M M M M M M M 1 M M
9 93 66 80 2 0 15 0.00 M M M M M M M 1 M M
10 91 66 79 1 0 14 0.00 M M M M M M M 2 M M
11 86 68 77 -1 0 12 0.00 M M M M M M M 0 M M
12 90 63 77 -1 0 12 0.00 M M M M M M M 0 M M
13 93 64 79 2 0 14 0.00 M M M M M M M 1 8 M M
14 90 66 78 1 0 13 0.00 M M M M M M M 0 M M
15 90 59 75 -1 0 10 0.00 M M M M M M M 1 M M
16 93 70 82 6 0 17 0.00 M M M M M M M 3 M M
17 95 73 84 8 0 19 0.00 M M M M M M M 2 M M
18 95 72 84 8 0 19 0.00 M M M M M M M 1 M M
19 95 72 84 9 0 19 0.00 M M M M M M M 0 M M
20 97 72 85 10 0 20 0.00 M M M M M M M 0 M M
21 97 70 84 10 0 19 0.00 M M M M M M M 0 M M
22 99 66 83 9 0 18 0.00 M M M M M M M 1 M M
23 97 66 82 8 0 17 0.00 M M M M M M M 0 M M
24 95 72 84 11 0 19 0.00 M M M M M M M 0 M M
25 95 72 84 11 0 19 0.09 M M M M M M M 1 M M
26 88 59 74 2 0 9 0.00 M M M M M M M 0 M M
27 90 52 71 -1 0 6 0.00 M M M M M M M 0 M M
28 90 57 74 2 0 9 0.00 M M M M M M M 0 M M
29 91 57 74 2 0 9 0.00 M M M M M M M 0 M M
30 84 55 70 -1 0 5 0.00 M M M M M M M 0 M M
================================================================================
SM 2769 2007 0 450 0.33 M M M 22
================================================================================
AV 92.3 66.9 M FASTST M M 1 MAX(MPH)
MISC ----> M M M M
================================================================================
NOTES:
# LAST OF SEVERAL OCCURRENCES
COLUMN 17 PEAK WIND IN M.P.H.
PRELIMINARY LOCAL CLIMATOLOGICAL DATA (WS FORM: F-6) , PAGE 2
STATION: GATESVILLE
MONTH: SEPTEMBER
YEAR: 2022
LATITUDE: 31 25 N
LONGITUDE: 97 48 W
[TEMPERATURE DATA] [PRECIPITATION DATA] SYMBOLS USED IN COLUMN 16
AVERAGE MONTHLY: 79.6 TOTAL FOR MONTH: 0.33 1 = FOG OR MIST
DPTR FM NORMAL: 3.4 DPTR FM NORMAL: M 2 = FOG REDUCING VISIBILITY
HIGHEST: 99 ON 22 GRTST 24HR 0.23 ON 4- 4 TO 1/4 MILE OR LESS
LOWEST: 52 ON 27 3 = THUNDER
SNOW, ICE PELLETS, HAIL 4 = ICE PELLETS
TOTAL MONTH: M 5 = HAIL
GRTST 24HR M ON M 6 = FREEZING RAIN OR DRIZZLE
GRTST DEPTH: M ON M 7 = DUSTSTORM OR SANDSTORM:
VSBY 1/2 MILE OR LESS
8 = SMOKE OR HAZE
[NO. OF DAYS WITH] [WEATHER - DAYS WITH] 9 = BLOWING SNOW
X = TORNADO
MAX 32 OR BELOW: 0 0.01 INCH OR MORE: 3
MAX 90 OR ABOVE: 25 0.10 INCH OR MORE: 1
MIN 32 OR BELOW: 0 0.50 INCH OR MORE: 0
MIN 0 OR BELOW: 0 1.00 INCH OR MORE: 0
[HDD (BASE 65) ]
TOTAL THIS MO. 0 CLEAR (SCALE 0-3) 30
DPTR FM NORMAL -8 PTCLDY (SCALE 4-7) 0
TOTAL FM JUL 1 0 CLOUDY (SCALE 8-10) 0
DPTR FM NORMAL -7
[CDD (BASE 65) ]
TOTAL THIS MO. 450
DPTR FM NORMAL 106 [PRESSURE DATA]
TOTAL FM JAN 1 3100 HIGHEST SLP M ON M
DPTR FM NORMAL 927 LOWEST SLP M ON M
[REMARKS]
#FINAL-09-22#