000
CXUS55 KMSO 062051
CLMGPI
CLIMATE REPORT
NATIONAL WEATHER SERVICE MISSOULA MT
251 PM MDT THU APR 06 2023
...................................
...THE KALISPELL MT CLIMATE SUMMARY FOR THE MONTH OF MARCH 2023...
CLIMATE NORMAL PERIOD 1991 TO 2020
CLIMATE RECORD PERIOD 1894 TO 2023
WEATHER OBSERVED NORMAL DEPART LAST YEAR`S
VALUE DATE(S) VALUE FROM VALUE
NORMAL
..............................................................
TEMPERATURE (F)
RECORD
HIGH 73 03/30/2004
LOW -29 03/03/1960
HIGHEST 53 03/22 MM MM 68
LOWEST 4 03/01 MM MM 4
AVG. MAXIMUM 41.3 45.1 -3.8 48.0
AVG. MINIMUM 18.6 24.0 -5.4 26.1
MEAN 30.0 34.5 -4.5
DAYS MAX >= 90 0 0.0 0.0 0
DAYS MAX <= 32 3 2.3 0.7 3
DAYS MIN <= 32 31 26.6 4.4 24
DAYS MIN <= 0 0 0.4 -0.4 0
PRECIPITATION (INCHES)
RECORD
MAXIMUM 2.96 1987
MINIMUM 0.08 1994
TOTALS 0.23 1.11 -0.88
DAILY AVG. 0.01 0.04 -0.03 0.05
DAYS >= .01 6 12.4 -6.4 13
DAYS >= .10 0 3.8 -3.8 4
DAYS >= .50 0 0.1 -0.1 1
DAYS >= 1.00 0 0.0 0.0 0
GREATEST
24 HR. TOTAL 0.22 02/28 TO 02/28 0.91
SNOWFALL (INCHES)
TOTALS 3.8 5.4 -1.6 0.1
SINCE 7/1 48.8 52.7 -3.9 MM
DAYS >= TRACE 9 4.0 5.0 4
DAYS >= 1.0 1 2.0 -1.0 0
GREATEST
SNOW DEPTH 11R 03/01
24 HR TOTAL MM MM
DEGREE DAYS
HEATING TOTAL 1078 944 134
SINCE 7/1 7011 6788 223
COOLING TOTAL 0 0 0
SINCE 1/1 0 0 0
..............................................................
WIND (MPH)
AVERAGE WIND SPEED 6.1
HIGHEST WIND SPEED/DIRECTION 26/020 DATE 03/05
26/020 03/08
HIGHEST GUST SPEED/DIRECTION 35/020 DATE 03/08
SKY COVER
POSSIBLE SUNSHINE (PERCENT) MM
AVERAGE SKY COVER 0.38
NUMBER OF DAYS FAIR 16
NUMBER OF DAYS PC 8
NUMBER OF DAYS CLOUDY 7
AVERAGE RH (PERCENT) 66
WEATHER CONDITIONS. NUMBER OF DAYS WITH
THUNDERSTORM 0 MIXED PRECIP 0
HEAVY RAIN 0 RAIN 0
LIGHT RAIN 1 FREEZING RAIN 0
LT FREEZING RAIN 0 HAIL 0
HEAVY SNOW 0 SNOW 2
LIGHT SNOW 11 SLEET 0
FOG 11 FOG W/VIS <= 1/4 MILE 1
HAZE 5
- INDICATES NEGATIVE NUMBERS.
R INDICATES RECORD WAS SET OR TIED.
MM INDICATES DATA IS MISSING.
T INDICATES TRACE AMOUNT.
$$