000
CXUS56 KTFX 011210
CF6GTF
PRELIMINARY LOCAL CLIMATOLOGICAL DATA (WS FORM: F-6)
STATION: GREAT FALLS MT
MONTH: NOVEMBER
YEAR: 2021
LATITUDE: 47 28 N
LONGITUDE: 111 22 W
TEMPERATURE IN F: :PCPN: SNOW: WIND :SUNSHINE: SKY :PK WND
================================================================================
1 2 3 4 5 6A 6B 7 8 9 10 11 12 13 14 15 16 17 18
12Z AVG MX 2MIN
DY MAX MIN AVG DEP HDD CDD WTR SNW DPTH SPD SPD DIR MIN PSBL S-S WX SPD DR
================================================================================
1 40 8 24 -14 41 0 0.00 0.0 0 3.6 12 180 M M 0 1 16 90
2 57 16 37 -1 28 0 0.00 0.0 0 10.4 23 220 M M 0 28 230
3 62 29 46 8 19 0 0.00 0.0 0 15.8 28 220 M M 2 37 220
4 68 47 58 21 7 0 0.02 0.0 0 15.9 33 250 M M 1 44 250
5 59 34 47 10 18 0 0.00 0.0 0 20.0 45 220 M M 0 56 230
6 54 34 44 7 21 0 0.01 T 0 9.9 25 230 M M 3 34 240
7 46 29 38 2 27 0 0.00 0.0 0 17.5 32 230 M M 2 44 250
8 48 23 36 0 29 0 0.00 0.0 0 13.3 26 220 M M 0 32 210
9 55 24 40 4 25 0 0.00 0.0 0 17.2 29 250 M M 3 42 240
10 46 20 33 -2 32 0 0.00 0.0 0 18.5 33 270 M M 1 47 270
11 44 17 31 -4 34 0 0.00 0.0 0 6.9 14 230 M M 4 17 230
12 57 27 42 7 23 0 0.00 0.0 0 17.2 32 220 M M 2 45 230
13 55 41 48 14 17 0 T 0.0 0 19.6 37 270 M M 2 47 270
14 63 40 52 18 13 0 T 0.0 0 21.3 39 220 M M 2 52 220
15 66 47 57 23 8 0 0.00 0.0 0 23.7 45 260 M M 1 64 230
16 48 15 32 -2 33 0 0.00 0.0 0 24.2 41 250 M M 3 58 250
17 37 9 23 -10 42 0 0.00 0.0 0 10.6 18 200 M M 0 24 200
18 45 26 36 3 29 0 0.00 0.0 0 16.6 29 220 M M 5 36 230
19 52 26 39 7 26 0 T 0.0 0 12.7 25 230 M M 8 33 230
20 45 22 34 2 31 0 0.00 0.0 0 14.1 30 240 M M 0 40 250
21 50 27 39 7 26 0 0.00 0.0 0 20.2 32 220 M M 2 43 220
22 57 42 50 18 15 0 0.00 0.0 0 19.4 29 230 M M 0 38 220
23 51 25 38 7 27 0 0.25 2.9 0 13.6 28 280 M M 5 12 34 270
24 34 21 28 -3 37 0 0.02 0.8 4 10.7 33 220 M M 6 1 43 220
25 51 34 43 12 22 0 0.00 0.0 2 28.6 41 230 M M 1 55 230
26 54 33 44 14 21 0 0.00 0.0 0 20.3 39 240 M M 0 58 230
27 52 29 41 11 24 0 0.00 0.0 0 14.6 38 240 M M 1 48 240
28 62 51 57 27 8 0 0.00 0.0 0 26.8 41 220 M M 0 55 230
29 54 34 44 14 21 0 T 0.0 0 15.6 31 260 M M 2 40 260
30 52 37 45 16 20 0 0.00 0.0 0 25.9 43 230 M M 1 57 230
================================================================================
SM 1564 867 724 0 0.30 3.7 504.7 M 57
================================================================================
AV 52.1 28.9 16.8 FASTST M M 2 MAX(MPH)
MISC ----> # 45 220 64 230
================================================================================
NOTES:
# LAST OF SEVERAL OCCURRENCES
COLUMN 17 PEAK WIND IN M.P.H.
PRELIMINARY LOCAL CLIMATOLOGICAL DATA (WS FORM: F-6) , PAGE 2
STATION: GREAT FALLS MT
MONTH: NOVEMBER
YEAR: 2021
LATITUDE: 47 28 N
LONGITUDE: 111 22 W
[TEMPERATURE DATA] [PRECIPITATION DATA] SYMBOLS USED IN COLUMN 16
AVERAGE MONTHLY: 40.5 TOTAL FOR MONTH: 0.30 1 = FOG OR MIST
DPTR FM NORMAL: 6.9 DPTR FM NORMAL: -0.38 2 = FOG REDUCING VISIBILITY
HIGHEST: 68 ON 4 GRTST 24HR 0.27 ON 23-24 TO 1/4 MILE OR LESS
LOWEST: 8 ON 1 3 = THUNDER
SNOW, ICE PELLETS, HAIL 4 = ICE PELLETS
TOTAL MONTH: 3.7 INCHES 5 = HAIL
GRTST 24HR 2.9 ON 23-23 6 = FREEZING RAIN OR DRIZZLE
GRTST DEPTH: 4 ON 24 7 = DUSTSTORM OR SANDSTORM:
VSBY 1/2 MILE OR LESS
8 = SMOKE OR HAZE
[NO. OF DAYS WITH] [WEATHER - DAYS WITH] 9 = BLOWING SNOW
X = TORNADO
MAX 32 OR BELOW: 0 0.01 INCH OR MORE: 4
MAX 90 OR ABOVE: 0 0.10 INCH OR MORE: 1
MIN 32 OR BELOW: 18 0.50 INCH OR MORE: 0
MIN 0 OR BELOW: 0 1.00 INCH OR MORE: 0
[HDD (BASE 65) ]
TOTAL THIS MO. 724 CLEAR (SCALE 0-3) 25
DPTR FM NORMAL -216 PTCLDY (SCALE 4-7) 5
TOTAL FM JUL 1 1528 CLOUDY (SCALE 8-10) 0
DPTR FM NORMAL -413
[CDD (BASE 65) ]
TOTAL THIS MO. 0
DPTR FM NORMAL 0 [PRESSURE DATA]
TOTAL FM JAN 1 550 HIGHEST SLP 30.50 ON 17
DPTR FM NORMAL 240 LOWEST SLP 29.26 ON 15
[REMARKS]
#FINAL-11-21#