000
CXUS54 KEWX 011110
CF6GTU
PRELIMINARY LOCAL CLIMATOLOGICAL DATA (WS FORM: F-6)
STATION: GEORGETOWN
MONTH: JANUARY
YEAR: 2024
LATITUDE: 30 40 N
LONGITUDE: 97 41 W
TEMPERATURE IN F: :PCPN: SNOW: WIND :SUNSHINE: SKY :PK WND
================================================================================
1 2 3 4 5 6A 6B 7 8 9 10 11 12 13 14 15 16 17 18
12Z AVG MX 2MIN
DY MAX MIN AVG DEP HDD CDD WTR SNW DPTH SPD SPD DIR MIN PSBL S-S WX SPD DR
================================================================================
1 54 37 46 M 19 0 0.00 M M 9.6 14 350 M M 2 1 20 360
2 53 34 44 M 21 0 0.95 M M 6.7 15 350 M M 8 1 16 80
3 50 43 47 M 18 0 0.01 M M 6.9 10 340 M M 10 1 M M
4 57 35 46 M 19 0 0.11 M M 4.0 10 130 M M 8 12 17 130
5 63 42 53 M 12 0 0.08 M M 4.8 13 310 M M 5 12 18 300
6 62 35 49 M 16 0 0.00 M M 4.3 9 300 M M 0 M M
7 63 29 46 M 19 0 0.00 M M 6.7 16 190 M M 1 21 160
8 66 45 56 M 9 0 0.22 M M 16.9 29 290 M M 8 18 47 310
9 55 32 44 M 21 0 0.00 M M 13.8 24 300 M M 0 33 300
10 68 29 49 M 16 0 0.00 M M 7.6 22 200 M M 0 32 210
11 71 35 53 M 12 0 0.00 M M 8.0 18 180 M M 1 1 27 180
12 67 30 49 M 16 0 0.00 M M 12.3 28 300 M M 2 45 280
13 62 28 45 M 20 0 0.00 M M 8.8 20 200 M M 0 25 210
14 31 16 24 M 41 0 T M M 12.7 16 360 M M 9 1 21 360
15 24 16 20 M 45 0 T M M 12.5 17 350 M M 8 1 24 360
16 35 15 25 M 40 0 0.00 M M 10.5 18 360 M M 0 31 360
17 45 12 29 M 36 0 0.00 M M 6.7 16 190 M M 0 22 170
18 75 37 56 M 9 0 0.00 M M 7.9 15 280 M M 0 18 240
19 49 29 39 M 26 0 0.00 M M 13.5 20 360 M M 0 32 10
20 42 23 33 M 32 0 0.00 M M 8.2 14 20 M M 3 M M
21 40 36 38 M 27 0 T M M 6.0 10 110 M M 10 1 M M
22 53 37 45 M 20 0 2.63 M M 3.7 10 80 M M 10 1 18 80
23 58 50 54 M 11 0 0.11 M M 3.8 9 80 M M 10 12 M M
24 54 51 53 M 12 0 0.83 M M 5.7 10 310 M M 10 123 M M
25 58 48 53 M 12 0 0.07 M M 4.5 10 340 M M 9 1 M M
26 54 48 51 M 14 0 T M M 5.7 12 340 M M 10 12 M M
27 62 42 52 M 13 0 0.00 M M 10.2 17 340 M M 5 1 25 340
28 66 37 52 M 13 0 0.00 M M 5.1 13 360 M M 0 M M
29 71 38 55 M 10 0 0.00 M M 3.9 9 230 M M 0 M M
30 74 41 58 M 7 0 0.00 M M 2.8 10 270 M M 0 M M
31 74 38 56 M 9 0 0.00 M M 3.1 8 110 M M 0 M M
================================================================================
SM 1756 1068 595 0 5.01 M 236.8 M 129
================================================================================
AV 56.6 34.5 7.6 FASTST M M 4 MAX(MPH)
MISC ----> 29 290 47 310
================================================================================
NOTES:
# LAST OF SEVERAL OCCURRENCES
COLUMN 17 PEAK WIND IN M.P.H.
PRELIMINARY LOCAL CLIMATOLOGICAL DATA (WS FORM: F-6) , PAGE 2
STATION: GEORGETOWN
MONTH: JANUARY
YEAR: 2024
LATITUDE: 30 40 N
LONGITUDE: 97 41 W
[TEMPERATURE DATA] [PRECIPITATION DATA] SYMBOLS USED IN COLUMN 16
AVERAGE MONTHLY: 45.5 TOTAL FOR MONTH: 5.01 1 = FOG OR MIST
DPTR FM NORMAL: 0.0 DPTR FM NORMAL: M 2 = FOG REDUCING VISIBILITY
HIGHEST: 75 ON 18 GRTST 24HR 3.55 ON 21-22 TO 1/4 MILE OR LESS
LOWEST: 12 ON 17 3 = THUNDER
SNOW, ICE PELLETS, HAIL 4 = ICE PELLETS
TOTAL MONTH: M 5 = HAIL
GRTST 24HR M ON M 6 = FREEZING RAIN OR DRIZZLE
GRTST DEPTH: M ON M 7 = DUSTSTORM OR SANDSTORM:
VSBY 1/2 MILE OR LESS
8 = SMOKE OR HAZE
[NO. OF DAYS WITH] [WEATHER - DAYS WITH] 9 = BLOWING SNOW
X = TORNADO
MAX 32 OR BELOW: 2 0.01 INCH OR MORE: 9
MAX 90 OR ABOVE: 0 0.10 INCH OR MORE: 6
MIN 32 OR BELOW: 11 0.50 INCH OR MORE: 3
MIN 0 OR BELOW: 0 1.00 INCH OR MORE: 1
[HDD (BASE 65) ]
TOTAL THIS MO. 595 CLEAR (SCALE 0-3) 16
DPTR FM NORMAL M PTCLDY (SCALE 4-7) 4
TOTAL FM JUL 1 1233 CLOUDY (SCALE 8-10) 11
DPTR FM NORMAL M
[CDD (BASE 65) ]
TOTAL THIS MO. 0
DPTR FM NORMAL M [PRESSURE DATA]
TOTAL FM JAN 1 0 HIGHEST SLP 30.11 ON 24
DPTR FM NORMAL M LOWEST SLP 29.91 ON 24
[REMARKS]
#FINAL-01-24#