000
CXUS54 KFWD 010831
CF6GVT
PRELIMINARY LOCAL CLIMATOLOGICAL DATA (WS FORM: F-6)
STATION: GREENVILLE
MONTH: NOVEMBER
YEAR: 2021
LATITUDE: 33 4 N
LONGITUDE: 96 4 W
TEMPERATURE IN F: :PCPN: SNOW: WIND :SUNSHINE: SKY :PK WND
================================================================================
1 2 3 4 5 6A 6B 7 8 9 10 11 12 13 14 15 16 17 18
12Z AVG MX 2MIN
DY MAX MIN AVG DEP HDD CDD WTR SNW DPTH SPD SPD DIR MIN PSBL S-S WX SPD DR
================================================================================
1 77 45 61 -1 4 0 0.00 M M 5.9 13 140 M M 0 17 100
2 58 48 53 -9 12 0 M M M 7.2 12 60 M M 8 1 20 30
3 48 45 47 -14 18 0 M M M 8.6 20 100 M M 10 1 27 100
4 58 40 49 -12 16 0 0.01 M M 4.2 8 30 M M 4 M M
5 60 33 47 -13 18 0 0.00 M M 1.7 7 30 M M 1 18 M M
6 66 32 49 -11 16 0 0.00 M M 1.4 6 160 M M 0 1 M M
7 72 37 55 -5 10 0 0.00 M M 5.8 13 130 M M 0 18 150
8 73 45 59 0 6 0 0.00 M M 8.5 14 140 M M 0 1 17 190
9 74 51 63 4 2 0 0.00 M M 8.7 16 190 M M 2 1 18 180
10 74 57 66 8 0 1 0.01 M M 11.7 18 160 M M 9 1 40 260
11 65 40 53 -5 12 0 M M M 7.7 15 350 M M 1 20 350
12 69 37 53 -5 12 0 0.00 M M 8.1 18 340 M M 0 1 25 320
13 63 33 48 -9 17 0 0.00 M M 5.4 8 170 M M 0 M M
14 69 43 56 -1 9 0 0.00 M M 4.9 12 200 M M 0 M M
15 79 40 60 4 5 0 0.00 M M 5.3 10 190 M M 0 17 230
16 77 61 69 13 0 4 0.01 M M 15.3 24 170 M M 4 29 170
17 81 54 68 12 0 3 0.00 M M 14.6 21 190 M M 8 36 210
18 60 37 49 -6 16 0 0.00 M M 10.9 17 350 M M 2 27 360
19 61 29 45 -10 20 0 0.00 M M 5.5 13 130 M M 0 17 130
20 72 38 55 1 10 0 0.00 M M 11.2 22 180 M M 1 30 160
21 72 49 61 7 4 0 0.00 M M 11.4 18 340 M M 7 25 340
22 66 38 52 -2 13 0 0.00 M M 5.3 12 350 M M 0 M M
23 69 34 52 -1 13 0 0.00 M M 8.2 18 140 M M 0 M M
24 73 50 62 9 3 0 M M M 12.5 21 170 M M 6 31 190
25 66 38 52 0 13 0 0.01 M M 12.9 21 340 M M 3 31 350
26 58 31 45 -7 20 0 0.00 M M 4.8 9 150 M M 0 M M
27 55 35 45 -7 20 0 0.02 M M 6.1 13 190 M M 7 1 M M
28 65 40 53 2 12 0 0.03 M M 6.4 13 340 M M 3 1 18 360
29 70 34 52 1 13 0 0.00 M M 5.8 14 190 M M 0 20 190
30 75 41 58 8 7 0 0.00 M M 8.2 13 170 M M 0 17 190
================================================================================
SM 2025 1235 321 8 0.09 M 234.2 M 76
================================================================================
AV 67.5 41.2 7.8 FASTST M M 3 MAX(MPH)
MISC ----> 24 170 40 260
================================================================================
NOTES:
# LAST OF SEVERAL OCCURRENCES
COLUMN 17 PEAK WIND IN M.P.H.
PRELIMINARY LOCAL CLIMATOLOGICAL DATA (WS FORM: F-6) , PAGE 2
STATION: GREENVILLE
MONTH: NOVEMBER
YEAR: 2021
LATITUDE: 33 4 N
LONGITUDE: 96 4 W
[TEMPERATURE DATA] [PRECIPITATION DATA] SYMBOLS USED IN COLUMN 16
AVERAGE MONTHLY: 54.3 TOTAL FOR MONTH: 0.09 1 = FOG OR MIST
DPTR FM NORMAL: -1.9 DPTR FM NORMAL: -3.92 2 = FOG REDUCING VISIBILITY
HIGHEST: 81 ON 17 GRTST 24HR 0.03 ON 28-28 TO 1/4 MILE OR LESS
LOWEST: 29 ON 19 3 = THUNDER
SNOW, ICE PELLETS, HAIL 4 = ICE PELLETS
TOTAL MONTH: M 5 = HAIL
GRTST 24HR M ON M 6 = FREEZING RAIN OR DRIZZLE
GRTST DEPTH: M ON M 7 = DUSTSTORM OR SANDSTORM:
VSBY 1/2 MILE OR LESS
8 = SMOKE OR HAZE
[NO. OF DAYS WITH] [WEATHER - DAYS WITH] 9 = BLOWING SNOW
X = TORNADO
MAX 32 OR BELOW: 0 0.01 INCH OR MORE: 6
MAX 90 OR ABOVE: 0 0.10 INCH OR MORE: 0
MIN 32 OR BELOW: 3 0.50 INCH OR MORE: 0
MIN 0 OR BELOW: 0 1.00 INCH OR MORE: 0
[HDD (BASE 65) ]
TOTAL THIS MO. 321 CLEAR (SCALE 0-3) 20
DPTR FM NORMAL 32 PTCLDY (SCALE 4-7) 8
TOTAL FM JUL 1 358 CLOUDY (SCALE 8-10) 2
DPTR FM NORMAL -12
[CDD (BASE 65) ]
TOTAL THIS MO. 8
DPTR FM NORMAL -18 [PRESSURE DATA]
TOTAL FM JAN 1 2276 HIGHEST SLP M ON M
DPTR FM NORMAL -366 LOWEST SLP M ON M
[REMARKS]
#FINAL-11-21#