000
CXUS55 KBOU 010900
CF6GXY
PRELIMINARY LOCAL CLIMATOLOGICAL DATA (WS FORM: F-6)
STATION: GREELEY CO
MONTH: JUNE
YEAR: 2023
LATITUDE: 40 25 N
LONGITUDE: 104 38 W
TEMPERATURE IN F: :PCPN: SNOW: WIND :SUNSHINE: SKY :PK WND
================================================================================
1 2 3 4 5 6A 6B 7 8 9 10 11 12 13 14 15 16 17 18
12Z AVG MX 2MIN
DY MAX MIN AVG DEP HDD CDD WTR SNW DPTH SPD SPD DIR MIN PSBL S-S WX SPD DR
================================================================================
1 75 51 63 M 2 0 M M M 7.0 22 160 M M 4 M M
2 74 54 64 M 1 0 M M M 5.8 18 290 M M 6 M M
3 65 55 60 M 5 0 M M M 3.4 9 310 M M 9 18 M M
4 67 57 62 M 3 0 M M M 6.8 17 110 M M 9 1 M M
5 76 54 65 M 0 0 M M M 6.8 24 190 M M 5 138 37 210
6 81 50 66 M 0 1 M M M 4.0 13 100 M M 1 3 M M
7 81 53 67 M 0 2 M M M 4.9 20 290 M M 1 3 24 290
8 82 54 68 M 0 3 M M M 5.2 18 240 M M 1 3 26 240
9 83 56 70 M 0 5 M M M 6.1 17 10 M M 3 3 32 220
10 81 50 66 M 0 1 M M M 5.0 30 320 M M 1 37 330
11 70 51 61 M 4 0 M M M 6.7 20 110 M M 9 13 24 110
12 67 53 60 M 5 0 M M M 7.3 17 20 M M 8 13 23 110
13 69 53 61 M 4 0 M M M 4.5 13 290 M M 6 1 M M
14 80 48 64 M 1 0 M M M 5.2 13 20 M M 1 M M
15 80 55 68 M 0 3 M M M 5.9 20 310 M M 7 38 30 300
16 65 52 59 M 6 0 M M M 6.7 12 70 M M 8 1 M M
17 75 48 62 M 3 0 M M M 4.1 9 220 M M 3 12 M M
18 87 49 68 M 0 3 M M M 5.7 12 180 M M 1 18 M M
19 91 52 72 M 0 7 M M M 6.0 14 120 M M 0 M M
20 89 51 70 M 0 5 M M M 4.3 9 140 M M 0 M M
21 88 58 73 M 0 8 M M M 8.6 27 80 M M 6 1238 35 60
22 77 58 68 M 0 3 M M M 10.2 20 100 M M 2 27 100
23 84 59 72 M 0 7 M M M 6.4 13 80 M M 4 8 17 110
24 86 49 68 M 0 3 M M M 9.8 21 320 M M 0 30 310
25 81 49 65 M 0 0 M M M 7.3 14 100 M M 0 16 110
26 92 54 73 M 0 8 M M M 7.0 15 130 M M 0 21 130
27 96 59 78 M 0 13 M M M 5.6 17 360 M M 3 128 16 150
28 87 60 74 M 0 9 M M M 8.9 16 360 M M 2 23 40
29 87 61 74 M 0 9 M M M 10.1 21 130 M M 5 32 120
30 72 54 63 M 2 0 M M M 6.1 17 20 M M 3 3 M M
================================================================================
SM 2388 1607 36 90 M M 191.6 M 108
================================================================================
AV 79.6 53.6 6.4 FASTST M M 4 MAX(MPH)
MISC ----> 30 320 37 210
================================================================================
NOTES:
# LAST OF SEVERAL OCCURRENCES
COLUMN 17 PEAK WIND IN M.P.H.
PRELIMINARY LOCAL CLIMATOLOGICAL DATA (WS FORM: F-6) , PAGE 2
STATION: GREELEY CO
MONTH: JUNE
YEAR: 2023
LATITUDE: 40 25 N
LONGITUDE: 104 38 W
[TEMPERATURE DATA] [PRECIPITATION DATA] SYMBOLS USED IN COLUMN 16
AVERAGE MONTHLY: 66.6 TOTAL FOR MONTH: M 1 = FOG OR MIST
DPTR FM NORMAL: 0.0 DPTR FM NORMAL: M 2 = FOG REDUCING VISIBILITY
HIGHEST: 96 ON 27 GRTST 24HR 0.57 ON 3- 4 TO 1/4 MILE OR LESS
LOWEST: 48 ON 14,17 3 = THUNDER
SNOW, ICE PELLETS, HAIL 4 = ICE PELLETS
TOTAL MONTH: M 5 = HAIL
GRTST 24HR M ON M 6 = FREEZING RAIN OR DRIZZLE
GRTST DEPTH: M ON M 7 = DUSTSTORM OR SANDSTORM:
VSBY 1/2 MILE OR LESS
8 = SMOKE OR HAZE
[NO. OF DAYS WITH] [WEATHER - DAYS WITH] 9 = BLOWING SNOW
X = TORNADO
MAX 32 OR BELOW: 0 0.01 INCH OR MORE: 0
MAX 90 OR ABOVE: 3 0.10 INCH OR MORE: 0
MIN 32 OR BELOW: 0 0.50 INCH OR MORE: 0
MIN 0 OR BELOW: 0 1.00 INCH OR MORE: 0
[HDD (BASE 65) ]
TOTAL THIS MO. 36 CLEAR (SCALE 0-3) 14
DPTR FM NORMAL M PTCLDY (SCALE 4-7) 12
TOTAL FM JUL 1 6870 CLOUDY (SCALE 8-10) 4
DPTR FM NORMAL M
[CDD (BASE 65) ]
TOTAL THIS MO. 90
DPTR FM NORMAL M [PRESSURE DATA]
TOTAL FM JAN 1 97 HIGHEST SLP 30.18 ON 4
DPTR FM NORMAL M LOWEST SLP 29.61 ON 27
[REMARKS]
#FINAL-06-23#