000
CXUS52 KGSP 011031
CF6HKY
PRELIMINARY LOCAL CLIMATOLOGICAL DATA (WS FORM: F-6)
STATION: HICKORY NC
MONTH: JUNE
YEAR: 2020
LATITUDE: 35 45 N
LONGITUDE: 81 23 W
TEMPERATURE IN F: :PCPN: SNOW: WIND :SUNSHINE: SKY :PK WND
================================================================================
1 2 3 4 5 6A 6B 7 8 9 10 11 12 13 14 15 16 17 18
12Z AVG MX 2MIN
DY MAX MIN AVG DEP HDD CDD WTR SNW DPTH SPD SPD DIR MIN PSBL S-S WX SPD DR
================================================================================
1 74 51 63 -8 2 0 0.00 M M 3.8 14 50 M M 0 20 50
2 83 57 70 -1 0 5 0.00 M M 6.5 15 210 M M 2 22 180
3 89 64 77 6 0 12 0.00 M M 6.2 15 200 M M 1 20 220
4 88 68 78 6 0 13 0.00 M M 5.5 21 200 M M 1 1 29 210
5 83 67 75 3 0 10 0.11 M M 4.9 18 240 M M 7 13 21 240
6 89 66 78 6 0 13 0.00 M M 4.1 12 220 M M 2 16 230
7 89 66 78 6 0 13 0.00 M M 3.5 12 210 M M 1 1 15 210
8 86 72 79 6 0 14 0.00 M M 3.5 9 20 M M 6 12 60
9 87 72 80 7 0 15 0.34 M M 4.6 13 200 M M 4 13 18 190
10 84 71 78 5 0 13 0.18 M M 8.4 21 200 M M 6 13 27 200
11 88 70 79 5 0 14 0.35 M M 3.8 15 200 M M 7 13 20 200
12 85 64 75 1 0 10 0.00 M M 4.7 13 60 M M 2 20 20
13 82 60 71 -3 0 6 0.00 M M 6.1 16 60 M M 2 22 50
14 79 60 70 -4 0 5 0.06 M M 4.1 15 310 M M 5 21 310
15 66 56 61 -14 4 0 0.03 M M 8.9 18 50 M M 10 1 26 20
16 58 54 56 -19 9 0 1.64 M M 7.3 16 20 M M 10 1 22 30
17 70 57 64 -11 1 0 0.45 M M 3.4 12 360 M M 10 1 14 10
18 75 61 68 -7 0 3 0.17 M M 1.4 12 190 M M 9 1 16 120
19 78 63 71 -4 0 6 1.58 M M 1.5 22 300 M M 6 1238 31 310
20 84 62 73 -3 0 8 0.00 M M 1.7 14 50 M M 5 123 19 20
21 87 63 75 -1 0 10 0.31 M M 2.7 21 250 M M 2 13 28 260
22 87 65 76 0 0 11 0.00 M M 4.9 17 230 M M 1 13 23 220
23 81 66 74 -2 0 9 0.20 M M 6.9 17 200 M M 3 18 26 200
24 84 65 75 -1 0 10 0.00 M M 4.5 13 210 M M 2 16 230
25 83 68 76 0 0 11 T M M 3.8 13 200 M M 5 17 220
26 85 61 73 -4 0 8 0.00 M M 3.9 14 200 M M 0 17 200
27 83 67 75 -2 0 10 0.00 M M 6.1 17 250 M M 1 27 270
28 85 67 76 -1 0 11 0.05 M M 4.6 16 260 M M 2 1 22 270
29 88 68 78 1 0 13 0.06 M M 5.3 14 310 M M 5 1 19 290
30 84 70 77 0 0 12 0.03 M M 3.9 17 30 M M 3 1 24 20
================================================================================
SM 2464 1921 16 265 5.56 M 140.5 M 120
================================================================================
AV 82.1 64.0 4.7 FASTST M M 4 MAX(MPH)
MISC ----> 22 300 31 310
================================================================================
NOTES:
# LAST OF SEVERAL OCCURRENCES
COLUMN 17 PEAK WIND IN M.P.H.
PRELIMINARY LOCAL CLIMATOLOGICAL DATA (WS FORM: F-6) , PAGE 2
STATION: HICKORY NC
MONTH: JUNE
YEAR: 2020
LATITUDE: 35 45 N
LONGITUDE: 81 23 W
[TEMPERATURE DATA] [PRECIPITATION DATA] SYMBOLS USED IN COLUMN 16
AVERAGE MONTHLY: 73.1 TOTAL FOR MONTH: 5.56 1 = FOG OR MIST
DPTR FM NORMAL: -1.3 DPTR FM NORMAL: 1.44 2 = FOG REDUCING VISIBILITY
HIGHEST: 89 ON 7, 6 GRTST 24HR 1.75 ON 16-17 TO 1/4 MILE OR LESS
LOWEST: 51 ON 1 3 = THUNDER
SNOW, ICE PELLETS, HAIL 4 = ICE PELLETS
TOTAL MONTH: M 5 = HAIL
GRTST 24HR M ON M 6 = FREEZING RAIN OR DRIZZLE
GRTST DEPTH: M ON M 7 = DUSTSTORM OR SANDSTORM:
VSBY 1/2 MILE OR LESS
8 = SMOKE OR HAZE
[NO. OF DAYS WITH] [WEATHER - DAYS WITH] 9 = BLOWING SNOW
X = TORNADO
MAX 32 OR BELOW: 0 0.01 INCH OR MORE: 15
MAX 90 OR ABOVE: 0 0.10 INCH OR MORE: 10
MIN 32 OR BELOW: 0 0.50 INCH OR MORE: 2
MIN 0 OR BELOW: 0 1.00 INCH OR MORE: 2
[HDD (BASE 65) ]
TOTAL THIS MO. 16 CLEAR (SCALE 0-3) 16
DPTR FM NORMAL 11 PTCLDY (SCALE 4-7) 10
TOTAL FM JUL 1 3163 CLOUDY (SCALE 8-10) 4
DPTR FM NORMAL -455
[CDD (BASE 65) ]
TOTAL THIS MO. 265
DPTR FM NORMAL -22 [PRESSURE DATA]
TOTAL FM JAN 1 375 HIGHEST SLP 30.27 ON 1
DPTR FM NORMAL -46 LOWEST SLP 29.73 ON 23
[REMARKS]
#FINAL-06-20#