000
CXUS51 KPBZ 012006
CLMHLG
CLIMATE REPORT
NATIONAL WEATHER SERVICE PITTSBURGH PA
306 PM EST MON JAN 01 2024
...................................
...THE WHEELING WV CLIMATE SUMMARY FOR THE MONTH OF DECEMBER 2023...
CLIMATE NORMAL PERIOD 1991 TO 2020
CLIMATE RECORD PERIOD 1878 TO 2023
WEATHER OBSERVED NORMAL DEPART LAST YEAR`S
VALUE DATE(S) VALUE FROM VALUE DATE(S)
NORMAL
................................................................
TEMPERATURE (F)
RECORD
HIGH 71 12/05/2001
LOW -11 12/16/1932
HIGHEST 63 12/25 63 0 68 12/30
LOWEST 23 12/20 8 15 -4 12/23
AVG. MAXIMUM 48.9 41.1 7.8 42.2
AVG. MINIMUM 36.1 27.6 8.5 28.2
MEAN 42.5 34.4 8.1 35.2
DAYS MAX >= 90 0 0.0 0.0 0
DAYS MAX <= 32 1 8.1 -7.1 6
DAYS MIN <= 32 12 22.7 -10.7 19
DAYS MIN <= 0 0 0.1 -0.1 2
PRECIPITATION (INCHES)
RECORD
MAXIMUM 6.39 1923
MINIMUM 0.58 1925
TOTALS 2.12 2.62 -0.50 0.59
DAILY AVG. 0.07 0.08 -0.01 0.04
DAYS >= .01 14 12.7 1.3 5
DAYS >= .10 5 6.2 -1.2 1
DAYS >= .50 1 1.7 -0.7 0
DAYS >= 1.00 0 0.3 -0.3 0
GREATEST
24 HR. TOTAL 0.75 12/27 TO 12/27 0.37
12/27 TO 12/28
DEGREE DAYS
HEATING TOTAL 692 950 -258 915
SINCE 7/1 1646 2047 -401 MM
COOLING TOTAL 0 0 0 0
SINCE 1/1 743 781 -38 MM
................................................................
WIND (MPH)
AVERAGE WIND SPEED 7.6
HIGHEST WIND SPEED/DIRECTION 28/260 DATE 12/03
28/250 12/18
HIGHEST GUST SPEED/DIRECTION 46/250 DATE 12/03
AVERAGE RH (PERCENT) 66
WEATHER CONDITIONS. NUMBER OF DAYS WITH
THUNDERSTORM 2 MIXED PRECIP 0
HEAVY RAIN 1 RAIN 6
LIGHT RAIN 17 FREEZING RAIN 0
LT FREEZING RAIN 0 HAIL 0
HEAVY SNOW 0 SNOW 1
LIGHT SNOW 5 SLEET 0
FOG 14 FOG W/VIS <= 1/4 MILE 5
HAZE 0
- INDICATES NEGATIVE NUMBERS.
R INDICATES RECORD WAS SET OR TIED.
MM INDICATES DATA IS MISSING.
T INDICATES TRACE AMOUNT.
$$