000
CXUS54 KLZK 011130
CF6HOT
PRELIMINARY LOCAL CLIMATOLOGICAL DATA (WS FORM: F-6)
STATION: HOT SPRINGS MEMORIAL FIELD
MONTH: MAY
YEAR: 2022
LATITUDE: 34 28 N
LONGITUDE: 93 6 W
TEMPERATURE IN F: :PCPN: SNOW: WIND :SUNSHINE: SKY :PK WND
================================================================================
1 2 3 4 5 6A 6B 7 8 9 10 11 12 13 14 15 16 17 18
12Z AVG MX 2MIN
DY MAX MIN AVG DEP HDD CDD WTR SNW DPTH SPD SPD DIR MIN PSBL S-S WX SPD DR
================================================================================
1 84 50 67 0 0 2 0.00 M M 1.7 8 240 M M 0 11 250
2 76 59 68 1 0 3 0.26 M M 6.4 14 210 M M 7 13 20 190
3 74 61 68 1 0 3 0.43 M M 4.8 20 300 M M 8 13 27 310
4 79 60 70 3 0 5 0.00 M M 8.1 16 90 M M 7 3 20 90
5 66 62 64 -4 1 0 1.95 M M 4.3 15 300 M M 8 123 26 310
6 76 56 66 -2 0 1 0.00 M M 7.3 16 290 M M 3 26 280
7 83 52 68 0 0 3 0.00 M M 4.6 13 100 M M 0 17 100
8 83 59 71 3 0 6 0.00 M M 8.4 14 170 M M 4 20 130
9 90 73 82 13 0 17 0.00 M M 7.0 15 180 M M 4 23 200
10 90 74 82 13 0 17 0.00 M M 6.8 15 190 M M 2 23 200
11 91 71 81 12 0 16 0.00 M M 3.2 12 230 M M 0 17 230
12 93 66 80 10 0 15 0.00 M M 2.8 12 240 M M 0 1 14 250
13 93 67 80 10 0 15 0.00 M M 4.5 12 150 M M 0 1 17 170
14 88 68 78 8 0 13 0.00 M M 4.5 13 190 M M 3 19 190
15 91 65 78 7 0 13 0.80 M M 3.1 25 360 M M 1 13 40 350
16 84 66 75 4 0 10 T M M 5.4 16 60 M M 4 20 70
17 84 61 73 2 0 8 T M M 5.3 15 100 M M 0 18 90
18 90 68 79 7 0 14 0.00 M M 5.1 16 250 M M 0 21 320
19 91 71 81 9 0 16 0.00 M M 10.8 22 240 M M 1 29 180
20 89 74 82 10 0 17 0.00 M M 10.4 20 220 M M 5 28 200
21 91 64 78 6 0 13 2.00 M M 7.6 21 300 M M 6 13 34 310
22 64 59 62 -11 3 0 0.63 M M 5.5 20 90 M M 10 13 25 90
23 75 58 67 -6 0 2 0.00 M M 7.4 18 60 M M 10 21 60
24 76 64 70 -4 0 5 1.00 M M 8.1 14 90 M M 10 123 19 90
25 79 58 69 -5 0 4 0.40 M M 8.3 18 200 M M 8 13 23 250
26 71 56 64 -10 1 0 0.00 M M 8.3 21 260 M M 6 30 230
27 82 54 68 -6 0 3 0.00 M M 4.6 13 290 M M 0 20 320
28 87 56 72 -3 0 7 0.00 M M 4.1 12 200 M M 0 16 160
29 89 67 78 3 0 13 0.00 M M 8.0 14 140 M M 0 20 160
30 89 69 79 4 0 14 0.00 M M 8.8 16 210 M M 2 26 200
31 91 72 82 6 0 17 0.00 M M 5.8 12 200 M M 3 17 180
================================================================================
SM 2589 1960 5 272 7.47 M 191.0 M 112
================================================================================
AV 83.5 63.2 6.2 FASTST M M 4 MAX(MPH)
MISC ----> 25 360 40 350
================================================================================
NOTES:
# LAST OF SEVERAL OCCURRENCES
COLUMN 17 PEAK WIND IN M.P.H.
PRELIMINARY LOCAL CLIMATOLOGICAL DATA (WS FORM: F-6) , PAGE 2
STATION: HOT SPRINGS MEMORIAL FIELD
MONTH: MAY
YEAR: 2022
LATITUDE: 34 28 N
LONGITUDE: 93 6 W
[TEMPERATURE DATA] [PRECIPITATION DATA] SYMBOLS USED IN COLUMN 16
AVERAGE MONTHLY: 73.4 TOTAL FOR MONTH: 7.47 1 = FOG OR MIST
DPTR FM NORMAL: 2.4 DPTR FM NORMAL: 1.58 2 = FOG REDUCING VISIBILITY
HIGHEST: 93 ON 12,13 GRTST 24HR 2.63 ON 21-22 TO 1/4 MILE OR LESS
LOWEST: 50 ON 1 3 = THUNDER
SNOW, ICE PELLETS, HAIL 4 = ICE PELLETS
TOTAL MONTH: M 5 = HAIL
GRTST 24HR M ON M 6 = FREEZING RAIN OR DRIZZLE
GRTST DEPTH: M ON M 7 = DUSTSTORM OR SANDSTORM:
VSBY 1/2 MILE OR LESS
8 = SMOKE OR HAZE
[NO. OF DAYS WITH] [WEATHER - DAYS WITH] 9 = BLOWING SNOW
X = TORNADO
MAX 32 OR BELOW: 0 0.01 INCH OR MORE: 8
MAX 90 OR ABOVE: 10 0.10 INCH OR MORE: 8
MIN 32 OR BELOW: 0 0.50 INCH OR MORE: 5
MIN 0 OR BELOW: 0 1.00 INCH OR MORE: 3
[HDD (BASE 65) ]
TOTAL THIS MO. 5 CLEAR (SCALE 0-3) 17
DPTR FM NORMAL -19 PTCLDY (SCALE 4-7) 10
TOTAL FM JUL 1 2612 CLOUDY (SCALE 8-10) 4
DPTR FM NORMAL -245
[CDD (BASE 65) ]
TOTAL THIS MO. 272
DPTR FM NORMAL 62 [PRESSURE DATA]
TOTAL FM JAN 1 361 HIGHEST SLP 30.25 ON 22
DPTR FM NORMAL 69 LOWEST SLP 29.60 ON 19
[REMARKS]
#FINAL-05-22#