000
CXUS56 KPDT 012314
CLMHRI
CLIMATE REPORT
NATIONAL WEATHER SERVICE PENDLETON, OR
314 PM PST FRI MAR 01 2024
...................................
...THE HERMISTON OR CLIMATE SUMMARY FOR THE MONTH OF FEBRUARY 2024...
CLIMATE NORMAL PERIOD 1991 TO 2020
CLIMATE RECORD PERIOD 1906 TO 2024
WEATHER OBSERVED NORMAL DEPART LAST YEAR`S
VALUE DATE(S) VALUE FROM VALUE DATE(S)
NORMAL
................................................................
TEMPERATURE (F)
RECORD
HIGH 75 02/21/1995
LOW -29 02/03/1950
HIGHEST 64 02/28 57 02/12
02/17
02/20
LOWEST 20 02/17 5 02/24
AVG. MAXIMUM 51.7 49.4 2.3 48.0
AVG. MINIMUM 32.6 29.2 3.4 26.7
MEAN 42.1 39.3 2.8 37.4
DAYS MAX >= 90 0 0.0 0.0 0
DAYS MAX <= 32 0 1.6 -1.6 2
DAYS MIN <= 32 14 19.9 -5.9 19
DAYS MIN <= 0 0 0.0 0.0 0
PRECIPITATION (INCHES)
RECORD
MAXIMUM 2.85 1940
MINIMUM 0.01 1988
TOTALS 0.65 0.86 -0.21 0.43
DAILY AVG. 0.02 NAN NAN 0.02
DAYS >= .01 11 8.4 2.6 3
DAYS >= .10 2 2.9 -0.9 2
DAYS >= .50 0 0.0 0.0 0
DAYS >= 1.00 0 0.0 0.0 0
GREATEST
24 HR. TOTAL 0.17 02/18 TO 02/19 0.30 02/05 TO 02/05
DEGREE DAYS
HEATING TOTAL 657 720 -63 767
SINCE 7/1 3197 3770 -573
COOLING TOTAL 0 0 0 0
SINCE 1/1 0 0 0
................................................................
WIND (MPH)
AVERAGE WIND SPEED 6.2
RESULTANT WIND SPEED/DIRECTION 3/230
HIGHEST WIND SPEED/DIRECTION 31/250 DATE 02/26
HIGHEST GUST SPEED/DIRECTION 44/250 DATE 02/26
AVERAGE RH (PERCENT) 72
WEATHER CONDITIONS. NUMBER OF DAYS WITH
THUNDERSTORM 0 MIXED PRECIP 0
HEAVY RAIN 0 RAIN 1
LIGHT RAIN 12 FREEZING RAIN 0
LT FREEZING RAIN 0 HAIL 0
HEAVY SNOW 0 SNOW 1
LIGHT SNOW 2 SLEET 0
FOG 9 FOG W/VIS <= 1/4 MILE 3
HAZE 1
- INDICATES NEGATIVE NUMBERS.
R INDICATES RECORD WAS SET OR TIED.
MM INDICATES DATA IS MISSING.
T INDICATES TRACE AMOUNT.
$$