401
CXUS52 KMHX 010700
CF6HSE
PRELIMINARY LOCAL CLIMATOLOGICAL DATA (WS FORM: F-6)
STATION: CAPE HATTERAS NC
MONTH: DECEMBER
YEAR: 2020
LATITUDE: 35 13 N
LONGITUDE: 75 37 W
TEMPERATURE IN F: :PCPN: SNOW: WIND :SUNSHINE: SKY :PK WND
================================================================================
1 2 3 4 5 6A 6B 7 8 9 10 11 12 13 14 15 16 17 18
12Z AVG MX 2MIN
DY MAX MIN AVG DEP HDD CDD WTR SNW DPTH SPD SPD DIR MIN PSBL S-S WX SPD DR
================================================================================
1 59 45 52 -1 13 0 0.00 0.0 0 13.3 22 250 M M 3 37 260
2 49 40 45 -8 20 0 0.00 0.0 0 9.2 15 300 M M 0 23 300
3 56 37 47 -6 18 0 0.00 0.0 0 3.6 7 290 M M 0 10 270
4 72 44 58 6 7 0 0.08 M 0 10.1 28 210 M M 3 1 42 210
5 67 50 59 7 6 0 0.80 0.0 0 12.3 33 210 M M 8 1 44 210
6 52 42 47 -5 18 0 0.00 0.0 0 3.7 9 290 M M 0 17 330
7 53 41 47 -5 18 0 0.83 M 0 5.7 17 330 M M 8 1 31 330
8 46 36 41 -10 24 0 0.00 0.0 0 10.5 17 320 M M 1 31 340
9 52 34 43 -8 22 0 0.00 0.0 M 8.1 14 260 M M 0 23 260
10 57 44 51 0 14 0 0.00 0.0 M 5.5 10 30 M M 0 18 280
11 71 46 59 9 6 0 0.00 0.0 M 8.3 14 150 M M 3 19 150
12 67 56 62 12 3 0 0.05 0.0 M 5.1 17 170 M M 6 18 23 180
13 66 57 62 12 3 0 0.09 0.0 M 4.1 10 260 M M 7 128 14 260
14 69 47 58 8 7 0 0.19 0.0 0 9.3 26 300 M M 9 12 43 240
15 51 46 49 0 16 0 0.00 0.0 M 10.6 16 40 M M 6 28 30
16 67 49 58 9 7 0 0.40 0.0 0 14.9 33 160 M M 9 18 44 160
17 51 40 46 -3 19 0 0.00 0.0 0 6.5 15 310 M M 7 26 290
18 47 42 45 -4 20 0 0.00 0.0 0 7.2 13 360 M M 6 23 10
19 47 32 40 -8 25 0 0.00 0.0 M 4.6 9 20 M M 4 17 340
20 56 42 49 1 16 0 0.56 M M 6.6 16 90 M M 7 1 20 80
21 53 46 50 2 15 0 0.12 0.0 M 7.5 16 250 M M 9 1 24 240
22 56 38 47 -1 18 0 0.00 0.0 M 8.7 21 250 M M 0 34 260
23 62 39 51 3 14 0 0.00 0.0 M 5.8 13 160 M M 2 17 150
24 70 62 66 19 0 1 2.65 0.0 0 23.0 41 210 M M 10 1238 64 210
25 65 34 50 3 15 0 0.77 0.0 M 16.6 35 190 M M 7 13 48 190
26 40 32 36 -11 29 0 0.00 0.0 M 8.9 15 310 M M 0 23 290
27 51 34 43 -4 22 0 0.00 0.0 M 4.4 9 300 M M 0 15 290
28 61 44 53 6 12 0 0.00 0.0 0 5.9 12 240 M M 1 18 220
29 51 43 47 1 18 0 0.00 0.0 0 7.9 15 30 M M 0 27 20
30 64 42 53 7 12 0 0.00 0.0 0 7.6 18 190 M M 1 25 190
31 69 57 63 17 2 0 0.08 0.0 M 12.1 18 200 M M 6 18 26 200
================================================================================
SM 1797 1341 439 1 6.62 0.0 267.6 M 123
================================================================================
AV 58.0 43.3 8.6 FASTST M M 4 MAX(MPH)
MISC ----> 41 210 64 210
================================================================================
NOTES:
# LAST OF SEVERAL OCCURRENCES
COLUMN 17 PEAK WIND IN M.P.H.
PRELIMINARY LOCAL CLIMATOLOGICAL DATA (WS FORM: F-6) , PAGE 2
STATION: CAPE HATTERAS NC
MONTH: DECEMBER
YEAR: 2020
LATITUDE: 35 13 N
LONGITUDE: 75 37 W
[TEMPERATURE DATA] [PRECIPITATION DATA] SYMBOLS USED IN COLUMN 16
AVERAGE MONTHLY: 50.6 TOTAL FOR MONTH: 6.62 1 = FOG OR MIST
DPTR FM NORMAL: 1.3 DPTR FM NORMAL: 2.35 2 = FOG REDUCING VISIBILITY
HIGHEST: 72 ON 4 GRTST 24HR 3.42 ON 24-25 TO 1/4 MILE OR LESS
LOWEST: 32 ON 26,19 3 = THUNDER
SNOW, ICE PELLETS, HAIL 4 = ICE PELLETS
TOTAL MONTH: 0.0 INCH 5 = HAIL
GRTST 24HR 0.0 6 = FREEZING RAIN OR DRIZZLE
GRTST DEPTH: 0 7 = DUSTSTORM OR SANDSTORM:
VSBY 1/2 MILE OR LESS
8 = SMOKE OR HAZE
[NO. OF DAYS WITH] [WEATHER - DAYS WITH] 9 = BLOWING SNOW
X = TORNADO
MAX 32 OR BELOW: 0 0.01 INCH OR MORE: 12
MAX 90 OR ABOVE: 0 0.10 INCH OR MORE: 8
MIN 32 OR BELOW: 2 0.50 INCH OR MORE: 5
MIN 0 OR BELOW: 0 1.00 INCH OR MORE: 1
[HDD (BASE 65) ]
TOTAL THIS MO. 439 CLEAR (SCALE 0-3) 14
DPTR FM NORMAL -50 PTCLDY (SCALE 4-7) 12
TOTAL FM JUL 1 575 CLOUDY (SCALE 8-10) 5
DPTR FM NORMAL -233
[CDD (BASE 65) ]
TOTAL THIS MO. 1
DPTR FM NORMAL -2 [PRESSURE DATA]
TOTAL FM JAN 1 2369 HIGHEST SLP M ON M
DPTR FM NORMAL 655 LOWEST SLP 29.59 ON 7
[REMARKS]
#FINAL-12-20#