000
CXUS53 KGID 010830
CF6HSI
PRELIMINARY LOCAL CLIMATOLOGICAL DATA (WS FORM: F-6)
STATION: HASTINGS NE
MONTH: MAY
YEAR: 2023
LATITUDE: 40 35 N
LONGITUDE: 98 26 W
TEMPERATURE IN F: :PCPN: SNOW: WIND :SUNSHINE: SKY :PK WND
================================================================================
1 2 3 4 5 6A 6B 7 8 9 10 11 12 13 14 15 16 17 18
12Z AVG MX 2MIN
DY MAX MIN AVG DEP HDD CDD WTR SNW DPTH SPD SPD DIR MIN PSBL S-S WX SPD DR
================================================================================
1 65 30 48 -8 17 0 0.00 0.0 0 12.2 24 340 M M 0 34 340
2 68 30 49 -7 16 0 0.00 0.0 0 9.1 18 330 M M 0 28 10
3 77 33 55 -1 10 0 0.00 0.0 0 5.5 14 160 M M M 18 170
4 81 52 67 10 0 2 0.00 0.0 0 10.8 18 150 M M 0 8 29 150
5 74 58 66 9 0 1 0.02 0.0 0 8.9 20 110 M M 7 13 28 110
6 81 56 69 11 0 4 T 0.0 0 9.2 22 330 M M 4 3 35 350
7 85 56 71 13 0 6 0.09 0.0 0 11.9 30 10 M M 1 138 39 10
8 85 50 68 10 0 3 0.00 0.0 0 6.6 15 310 M M 0 22 290
9 70 59 65 6 0 0 0.38 0.0 0 10.5 28 120 M M 3 13 43 140
10 79 55 67 8 0 2 T 0.0 0 7.9 17 150 M M 1 1 28 140
11 79 60 70 10 0 5 0.10 0.0 0 11.7 26 120 M M 5 123 37 110
12 79 57 68 8 0 3 0.02 0.0 0 11.2 22 160 M M 7 1 34 200
13 77 57 67 7 0 2 0.00 0.0 0 11.8 22 300 M M 6 28 300
14 64 53 59 -2 6 0 0.00 0.0 0 12.2 21 10 M M 8 1 29 10
15 55 50 53 -8 12 0 0.00 0.0 0 11.7 18 20 M M 10 18 24 10
16 77 52 65 3 0 0 0.00 0.0 0 6.3 13 20 M M 3 18 350
17 82 46 64 2 1 0 0.00 0.0 0 4.3 13 200 M M 0 8 22 170
18 80 52 66 3 0 1 0.00 0.0 0 7.0 17 360 M M 4 8 24 350
19 68 47 58 -5 7 0 0.00 0.0 0 15.1 28 360 M M 2 8 36 350
20 76 39 58 -5 7 0 0.00 0.0 0 3.7 10 330 M M 0 16 290
21 83 51 67 3 0 2 0.00 0.0 0 8.3 16 210 M M 2 22 210
22 81 56 69 5 0 4 0.00 0.0 0 7.6 15 150 M M 1 20 200
23 81 56 69 4 0 4 0.00 0.0 0 7.1 16 160 M M 4 18 23 150
24 81 53 67 2 0 2 0.00 0.0 0 6.0 15 150 M M 4 18 23 150
25 82 56 69 3 0 4 0.00 0.0 0 10.3 21 180 M M 2 33 160
26 82 59 71 5 0 6 0.00 0.0 0 12.8 21 120 M M 4 30 120
27 84 56 70 4 0 5 0.00 0.0 0 12.6 18 160 M M 2 29 140
28 81 62 72 5 0 7 0.07 0.0 0 10.8 21 190 M M 6 1 36 160
29 88 55 72 5 0 7 0.37 0.0 0 8.9 31 340 M M 1 13 45 330
30 87 62 75 7 0 10 0.17 0.0 0 6.9 28 180 M M 2 13 42 170
31 87 59 73 5 0 8 T 0.0 0 7.5 29 310 M M 1 3 41 320
================================================================================
SM 2419 1617 76 88 1.22 0.0 286.4 M 90
================================================================================
AV 78.0 52.2 9.2 FASTST M M 3 MAX(MPH)
MISC ----> 31 340 45 330
================================================================================
NOTES:
# LAST OF SEVERAL OCCURRENCES
COLUMN 17 PEAK WIND IN M.P.H.
PRELIMINARY LOCAL CLIMATOLOGICAL DATA (WS FORM: F-6) , PAGE 2
STATION: HASTINGS NE
MONTH: MAY
YEAR: 2023
LATITUDE: 40 35 N
LONGITUDE: 98 26 W
[TEMPERATURE DATA] [PRECIPITATION DATA] SYMBOLS USED IN COLUMN 16
AVERAGE MONTHLY: 65.1 TOTAL FOR MONTH: 1.22 1 = FOG OR MIST
DPTR FM NORMAL: 3.3 DPTR FM NORMAL: -3.13 2 = FOG REDUCING VISIBILITY
HIGHEST: 88 ON 29 GRTST 24HR 0.54 ON 29-30 TO 1/4 MILE OR LESS
LOWEST: 30 ON 2, 1 3 = THUNDER
SNOW, ICE PELLETS, HAIL 4 = ICE PELLETS
TOTAL MONTH: 0.0 INCH 5 = HAIL
GRTST 24HR 0.0 6 = FREEZING RAIN OR DRIZZLE
GRTST DEPTH: 0 7 = DUSTSTORM OR SANDSTORM:
VSBY 1/2 MILE OR LESS
8 = SMOKE OR HAZE
[NO. OF DAYS WITH] [WEATHER - DAYS WITH] 9 = BLOWING SNOW
X = TORNADO
MAX 32 OR BELOW: 0 0.01 INCH OR MORE: 8
MAX 90 OR ABOVE: 0 0.10 INCH OR MORE: 4
MIN 32 OR BELOW: 2 0.50 INCH OR MORE: 0
MIN 0 OR BELOW: 0 1.00 INCH OR MORE: 0
[HDD (BASE 65) ]
TOTAL THIS MO. 76 CLEAR (SCALE 0-3) 18
DPTR FM NORMAL -91 PTCLDY (SCALE 4-7) 11
TOTAL FM JUL 1 5928 CLOUDY (SCALE 8-10) 2
DPTR FM NORMAL 73
[CDD (BASE 65) ]
TOTAL THIS MO. 88
DPTR FM NORMAL 22 [PRESSURE DATA]
TOTAL FM JAN 1 102 HIGHEST SLP 30.37 ON 15
DPTR FM NORMAL 28 LOWEST SLP 29.67 ON 7
[REMARKS]
#FINAL-05-23#