000
CXUS51 KCAR 010600
CF6HUL
PRELIMINARY LOCAL CLIMATOLOGICAL DATA (WS FORM: F-6)
STATION: HOULTON ME
MONTH: JUNE
YEAR: 2020
LATITUDE: 46 7 N
LONGITUDE: 67 48 W
TEMPERATURE IN F: :PCPN: SNOW: WIND :SUNSHINE: SKY :PK WND
================================================================================
1 2 3 4 5 6A 6B 7 8 9 10 11 12 13 14 15 16 17 18
12Z AVG MX 2MIN
DY MAX MIN AVG DEP HDD CDD WTR SNW DPTH SPD SPD DIR MIN PSBL S-S WX SPD DR
================================================================================
1 55 30 43 -13 22 0 0.00 M M 5.8 16 340 M M 4 22 320
2 63 26 45 -11 20 0 0.00 M M 6.9 20 350 M M 0 26 350
3 68 36 52 -4 13 0 0.00 M M 6.3 17 230 M M 6 23 240
4 75 42 59 2 6 0 T M M 7.5 23 250 M M 3 30 240
5 83 46 65 8 0 0 T M M 4.1 17 230 M M 3 3 25 220
6 65 50 58 1 7 0 0.31 M M 5.9 14 40 M M 8 13 18 90
7 64 40 52 -6 13 0 0.01 M M 7.2 23 20 M M 8 1 28 20
8 70 39 55 -3 10 0 0.00 M M 6.7 24 360 M M 5 29 10
9 71 42 57 -1 8 0 0.00 M M 6.1 16 10 M M 3 23 10
10 71 37 54 -5 11 0 0.00 M M 7.9 18 190 M M 1 30 200
11 65 48 57 -2 8 0 0.24 M M 8.7 16 170 M M 10 1 27 170
12 78 52 65 6 0 0 0.04 M M 5.9 18 240 M M 5 12 27 230
13 65 43 54 -6 11 0 0.00 M M 4.4 15 280 M M 7 1 19 280
14 65 41 53 -7 12 0 0.00 M M 5.8 16 50 M M 8 1 22 60
15 72 37 55 -5 10 0 0.00 M M 2.3 12 10 M M 2 16 340
16 82 41 62 2 3 0 0.00 M M 5.1 14 240 M M 0 19 240
17 86 55 71 10 0 6 0.00 M M 7.7 15 230 M M 0 21 250
18 93 60 77 16 0 12 0.00 M M 7.4 15 240 M M 0 19 230
19 95 59 77 16 0 12 0.00 M M 6.9 16 230 M M 0 24 160
20 94 61 78 16 0 13 0.00 M M 5.2 17 130 M M 1 24 110
21 84 58 71 9 0 6 0.00 M M 4.7 13 150 M M 4 19 160
22 85 62 74 12 0 9 0.00 M M 5.8 13 220 M M 3 18 230
23 89 64 77 15 0 12 0.00 M M 6.1 12 180 M M 0 18 200
24 81 64 73 10 0 8 0.13 M M 8.0 17 160 M M 6 1 29 220
25 80 61 71 8 0 6 0.01 M M 4.6 16 240 M M 5 12 22 240
26 80 53 67 4 0 2 0.18 M M 5.1 20 240 M M 3 3 25 250
27 80 54 67 4 0 2 0.19 M M 4.9 16 310 M M 5 1 20 270
28 82 59 71 7 0 6 T M M 2.9 8 120 0 0 0 M M
29 67 62 65 1 0 0 0.07 M M 6.9 16 60 M M 9 1 20 60
30 75 61 68 4 0 3 T M M 7.1 15 50 M M 10 1 19 40
================================================================================
SM 2283 1483 154 97 1.18 M 179.9 0 119
================================================================================
AV 76.1 49.4 6.0 FASTST 0 0 4 MAX(MPH)
MISC ----> # 24 360 # 30 240
================================================================================
NOTES:
# LAST OF SEVERAL OCCURRENCES
COLUMN 17 PEAK WIND IN M.P.H.
PRELIMINARY LOCAL CLIMATOLOGICAL DATA (WS FORM: F-6) , PAGE 2
STATION: HOULTON ME
MONTH: JUNE
YEAR: 2020
LATITUDE: 46 7 N
LONGITUDE: 67 48 W
[TEMPERATURE DATA] [PRECIPITATION DATA] SYMBOLS USED IN COLUMN 16
AVERAGE MONTHLY: 62.8 TOTAL FOR MONTH: 1.18 1 = FOG OR MIST
DPTR FM NORMAL: 2.6 DPTR FM NORMAL: -2.47 2 = FOG REDUCING VISIBILITY
HIGHEST: 95 ON 19 GRTST 24HR 0.31 ON 6- 6 TO 1/4 MILE OR LESS
LOWEST: 26 ON 2 3 = THUNDER
SNOW, ICE PELLETS, HAIL 4 = ICE PELLETS
TOTAL MONTH: M 5 = HAIL
GRTST 24HR M ON M 6 = FREEZING RAIN OR DRIZZLE
GRTST DEPTH: M ON M 7 = DUSTSTORM OR SANDSTORM:
VSBY 1/2 MILE OR LESS
8 = SMOKE OR HAZE
[NO. OF DAYS WITH] [WEATHER - DAYS WITH] 9 = BLOWING SNOW
X = TORNADO
MAX 32 OR BELOW: 0 0.01 INCH OR MORE: 9
MAX 90 OR ABOVE: 3 0.10 INCH OR MORE: 5
MIN 32 OR BELOW: 2 0.50 INCH OR MORE: 0
MIN 0 OR BELOW: 0 1.00 INCH OR MORE: 0
[HDD (BASE 65) ]
TOTAL THIS MO. 154 CLEAR (SCALE 0-3) 15
DPTR FM NORMAL -27 PTCLDY (SCALE 4-7) 10
TOTAL FM JUL 1 8940 CLOUDY (SCALE 8-10) 5
DPTR FM NORMAL -248
[CDD (BASE 65) ]
TOTAL THIS MO. 97
DPTR FM NORMAL 62 [PRESSURE DATA]
TOTAL FM JAN 1 138 HIGHEST SLP 30.51 ON 14
DPTR FM NORMAL 99 LOWEST SLP 29.43 ON 3
[REMARKS]
#FINAL-06-20#