000
CXUS56 KTFX 220800
CF6HVR
PRELIMINARY LOCAL CLIMATOLOGICAL DATA (WS FORM: F-6)
STATION: HAVRE MT
MONTH: OCTOBER
YEAR: 2022
LATITUDE: 48 32 N
LONGITUDE: 109 46 W
TEMPERATURE IN F: :PCPN: SNOW: WIND :SUNSHINE: SKY :PK WND
================================================================================
1 2 3 4 5 6A 6B 7 8 9 10 11 12 13 14 15 16 17 18
12Z AVG MX 2MIN
DY MAX MIN AVG DEP HDD CDD WTR SNW DPTH SPD SPD DIR MIN PSBL S-S WX SPD DR
================================================================================
1 59 52 56 4 9 0 0.12 0.0 0 9.0 16 80 M M 6 1 20 90
2 61 47 54 3 11 0 T 0.0 0 2.5 10 80 M M 9 1 13 90
3 70 42 56 5 9 0 0.00 0.0 0 3.2 10 170 M M 4 12 14 330
4 79 39 59 9 6 0 0.00 0.0 0 5.7 14 230 M M 0 21 210
5 75 40 58 8 7 0 0.00 0.0 0 12.3 29 90 M M 0 37 90
6 59 35 47 -2 18 0 0.00 0.0 0 12.9 28 80 M M 4 35 80
7 66 26 46 -3 19 0 0.00 0.0 0 3.1 12 170 M M 0 13 250
8 74 33 54 6 11 0 0.00 0.0 0 5.3 12 240 M M 0 17 250
9 75 34 55 7 10 0 0.00 0.0 0 6.5 15 250 M M 0 19 240
10 80 38 59 12 6 0 T 0.0 0 14.9 35 310 M M 2 46 320
11 60 41 51 4 14 0 0.03 0.0 0 12.7 30 340 M M 6 42 330
12 61 32 47 1 18 0 0.00 0.0 0 13.5 28 360 M M 5 43 330
13 71 32 52 6 13 0 0.00 0.0 0 10.2 22 290 M M 2 29 240
14 70 41 56 11 9 0 0.00 0.0 0 12.3 22 330 M M 3 32 340
15 61 34 48 3 17 0 T 0.0 0 10.7 22 310 M M 2 32 310
16 67 30 49 5 16 0 0.00 0.0 0 3.8 9 70 M M 0 12 120
17 72 27 50 6 15 0 0.00 0.0 0 3.7 13 70 M M 0 15 80
18 76 30 53 10 12 0 0.00 0.0 0 5.3 18 230 M M 0 22 220
19 75 28 52 10 13 0 0.00 0.0 0 8.5 17 220 M M 0 24 230
20 79 39 59 17 6 0 0.00 0.0 0 14.3 37 280 M M 3 53 300
21 49 41 45 4 20 0 0.33 0.0 0 4.2 14 300 M M 10 17 300
22 44 34 39 -2 26 0 0.65 T 0 12.7 20 70 M M 10 28 80
23 36 32 34 -6 31 0 0.35 T T 11.6 23 10 M M 10 30 10
24 50 24 37 -3 28 0 T 0.2 T 12.7 24 250 M M 6 33 230
25 52 31 42 3 23 0 0.00 0.0 0 13.0 28 280 M M 7 37 280
26 52 28 40 1 25 0 0.00 0.0 0 8.7 18 220 M M 0 24 210
27 55 34 45 7 20 0 0.00 0.0 0 23.3 33 230 M M 0 45 260
28 58 39 49 11 16 0 0.00 0.0 0 17.3 32 230 M M 0 44 230
29 61 32 47 9 18 0 0.00 0.0 0 14.4 32 260 M M 0 42 270
30 62 40 51 14 14 0 0.00 0.0 0 20.6 39 250 M M 0 49 250
31 66 45 56 19 9 0 0.00 0.0 0 14.2 29 250 M M 5 37 240
================================================================================
SM 1975 1100 469 0 1.48 0.2 323.1 M 94
================================================================================
AV 63.7 35.5 10.4 FASTST M M 3 MAX(MPH)
MISC ----> 39 250 53 300
================================================================================
NOTES:
# LAST OF SEVERAL OCCURRENCES
COLUMN 17 PEAK WIND IN M.P.H.
PRELIMINARY LOCAL CLIMATOLOGICAL DATA (WS FORM: F-6) , PAGE 2
STATION: HAVRE MT
MONTH: OCTOBER
YEAR: 2022
LATITUDE: 48 32 N
LONGITUDE: 109 46 W
[TEMPERATURE DATA] [PRECIPITATION DATA] SYMBOLS USED IN COLUMN 16
AVERAGE MONTHLY: 49.6 TOTAL FOR MONTH: 1.48 1 = FOG OR MIST
DPTR FM NORMAL: 5.5 DPTR FM NORMAL: 0.73 2 = FOG REDUCING VISIBILITY
HIGHEST: 80 ON 10 GRTST 24HR 0.87 ON 22-23 TO 1/4 MILE OR LESS
LOWEST: 24 ON 24 3 = THUNDER
SNOW, ICE PELLETS, HAIL 4 = ICE PELLETS
TOTAL MONTH: 0.2 INCH 5 = HAIL
GRTST 24HR 0.2 ON 24-24 6 = FREEZING RAIN OR DRIZZLE
GRTST DEPTH: T 7 = DUSTSTORM OR SANDSTORM:
VSBY 1/2 MILE OR LESS
8 = SMOKE OR HAZE
[NO. OF DAYS WITH] [WEATHER - DAYS WITH] 9 = BLOWING SNOW
X = TORNADO
MAX 32 OR BELOW: 0 0.01 INCH OR MORE: 5
MAX 90 OR ABOVE: 0 0.10 INCH OR MORE: 4
MIN 32 OR BELOW: 12 0.50 INCH OR MORE: 1
MIN 0 OR BELOW: 0 1.00 INCH OR MORE: 0
[HDD (BASE 65) ]
TOTAL THIS MO. 469 CLEAR (SCALE 0-3) 19
DPTR FM NORMAL -180 PTCLDY (SCALE 4-7) 8
TOTAL FM JUL 1 598 CLOUDY (SCALE 8-10) 4
DPTR FM NORMAL -366
[CDD (BASE 65) ]
TOTAL THIS MO. 0
DPTR FM NORMAL -1 [PRESSURE DATA]
TOTAL FM JAN 1 656 HIGHEST SLP 30.53 ON 7
DPTR FM NORMAL 252 LOWEST SLP 29.47 ON 22
[REMARKS]
#FINAL-10-22#