000
CXUS54 KHGX 010657
CLMIAH
CLIMATE REPORT
NATIONAL WEATHER SERVICE HOUSTON/GALVESTON TX
1257 AM CST THU FEB 01 2024
...................................
...THE HOUSTON INTERCONTINENTAL CLIMATE SUMMARY FOR THE MONTH OF JANUARY 2024...
CLIMATE NORMAL PERIOD: 1991 TO 2020
CLIMATE RECORD PERIOD: 1889 TO 2024
WEATHER OBSERVED NORMAL DEPART LAST YEAR`S
VALUE DATE(S) VALUE FROM VALUE DATE(S)
NORMAL
................................................................
TEMPERATURE (F)
RECORD
HIGH 85 01/01/2022
LOW 5 01/18/1930
HIGHEST 78 01/11 62 16 81 01/07
LOWEST 18 01/16 MM MM 34 01/14
01/27
AVG. MAXIMUM 61.2 63.8 -2.6 67.6
AVG. MINIMUM 40.4 43.7 -3.3 48.1
MEAN 50.8 53.8 -3.0 57.9
DAYS MAX >= 90 0 0.0 0.0 0
DAYS MAX <= 32 0 0.0 0.0 0
DAYS MIN <= 32 5 4.1 0.9 0
DAYS MIN <= 0 0 0.0 0.0 0
PRECIPITATION (INCHES)
RECORD
MAXIMUM 13.11 1891
TOTALS 8.77 3.76 5.01
DAILY AVG. 0.28 0.12 0.16 0.21
DAYS >= .01 13 10.0 3.0 11
DAYS >= .10 9 5.7 3.3 9
DAYS >= .50 6 2.6 3.4 2
DAYS >= 1.00 4 1.2 2.8 2
GREATEST
24 HR. TOTAL 1.96 01/24 TO 01/24 4.05 01/24 TO 01/24
SNOWFALL (INCHES)
RECORDS
TOTAL 2.0 1973
TOTALS T
SINCE 7/1 T
LIQUID 7/1 -0.10
DAYS >= TRACE 1
GREATEST
24 HR TOTAL MM
DEGREE DAYS
HEATING TOTAL 434 366 68 253
SINCE 7/1 877 872 5 MM
COOLING TOTAL 1 17 -16 41
SINCE 1/1 1 17 -16 MM
................................................................
WIND (MPH)
AVERAGE WIND SPEED 8.8
HIGHEST WIND SPEED/DIRECTION 38/320 DATE 01/08
HIGHEST GUST SPEED/DIRECTION 52/320 DATE 01/08
SKY COVER
AVERAGE SKY COVER 0.61
AVERAGE RH (PERCENT) 72
WEATHER CONDITIONS. NUMBER OF DAYS WITH
THUNDERSTORM 5 MIXED PRECIP 0
HEAVY RAIN 9 RAIN 9
LIGHT RAIN 16 FREEZING RAIN 1
LT FREEZING RAIN 1 HAIL 0
HEAVY SNOW 0 SNOW 0
LIGHT SNOW 1 SLEET 0
FOG 17 FOG W/VIS <= 1/4 MILE 5
HAZE 4
- INDICATES NEGATIVE NUMBERS.
R INDICATES RECORD WAS SET OR TIED.
MM INDICATES DATA IS MISSING.
T INDICATES TRACE AMOUNT.
$$