000
CXUS52 KILM 031929
CLMILM
CLIMATE REPORT
NATIONAL WEATHER SERVICE WILMINGTON NC
229 PM EST SAT FEB 03 2024
...................................
...THE WILMINGTON NORTH CAROLINA CLIMATE SUMMARY FOR THE MONTH OF JANUARY 2024...
CLIMATE NORMAL PERIOD 1991 TO 2020
CLIMATE RECORD PERIOD 1871 TO 2024
WEATHER OBSERVED NORMAL DEPART LAST YEAR`S
VALUE DATE(S) VALUE FROM VALUE DATE(S)
NORMAL
................................................................
TEMPERATURE (F)
RECORD
HIGH 83 01/26/2024
LOW 5 01/21/1985
HIGHEST 83R 01/26 MM MM 77 01/03
LOWEST 19 01/21 MM MM 26 01/16
AVG. MAXIMUM 60.1 57.2 2.9 64.6
AVG. MINIMUM 37.3 36.3 1.0 41.7
MEAN 48.7 46.8 1.9 53.1
DAYS MAX >= 90 0 0.0 0.0 0
DAYS MAX <= 32 0 0.4 -0.4 0
DAYS MIN <= 32 11 12.6 -1.6 5
DAYS MIN <= 0 0 0.0 0.0 0
PRECIPITATION (INCHES)
RECORD
MAXIMUM 10.22 1991
MINIMUM 0.45 1951
TOTALS 1.69 3.81 -2.12 2.48
DAILY AVG. 0.05 0.12 -0.07
DAYS >= .01 11 9.9 1.1
DAYS >= .10 5 6.1 -1.1
DAYS >= .50 1 2.7 -1.7
DAYS >= 1.00 0 1.3 -1.3
GREATEST
24 HR. TOTAL 0.81 01/09 TO 01/09
SNOWFALL (INCHES)
RECORDS
TOTAL 8.6 1912
24 HR TOTAL 8.4 01/13/1912 TO 01/13/1912
TOTALS 0.0 0.7 -0.7 0.0
SINCE 7/1 0.0 0.7 -0.7 MM
DAYS >= TRACE 0 0.4 -0.4 0
DAYS >= 1.0 0 0.2 -0.2 0
GREATEST
SNOW DEPTH 0 0 MM
24 HR TOTAL MM MM
STORM TOTAL 0.0
(MM/DD(HH))
DEGREE DAYS
HEATING TOTAL 511 568 -57 363
SINCE 7/1 1264 1421 -157
COOLING TOTAL 14 3 11 4
SINCE 1/1 14 3 11
FREEZE DATES
RECORD
EARLIEST 10/16/1876
LATEST 04/21/1983
EARLIEST 11/29
LATEST 03/21
................................................................
WIND (MPH)
AVERAGE WIND SPEED 8.4
RESULTANT WIND SPEED/DIRECTION 3/270
HIGHEST WIND SPEED/DIRECTION 44/200 DATE 01/09
HIGHEST GUST SPEED/DIRECTION 73/190 DATE 01/09
SKY COVER
AVERAGE SKY COVER 0.27
AVERAGE RH (PERCENT) 65
WEATHER CONDITIONS. NUMBER OF DAYS WITH
THUNDERSTORM 0 MIXED PRECIP 0
HEAVY RAIN 1 RAIN 3
LIGHT RAIN 14 FREEZING RAIN 0
LT FREEZING RAIN 0 HAIL 0
HEAVY SNOW 0 SNOW 0
LIGHT SNOW 0 SLEET 0
FOG 12 FOG W/VIS <= 1/4 MILE 2
HAZE 2
- INDICATES NEGATIVE NUMBERS.
R INDICATES RECORD WAS SET OR TIED.
MM INDICATES DATA IS MISSING.
T INDICATES TRACE AMOUNT.
&&
WILMINGTON`S HIGH OF 83 DEGREES ON JANUARY 26 SET A NEW DAILY AND
NEW JANUARY MONTHLY HIGH TEMPERATURE.
$$